{"id":63,"date":"2025-11-10T16:54:45","date_gmt":"2025-11-10T16:54:45","guid":{"rendered":"https:\/\/promociondeeventos.sld.cu\/dengue2026\/?page_id=63"},"modified":"2026-02-04T18:23:14","modified_gmt":"2026-02-04T18:23:14","slug":"contacto","status":"publish","type":"page","link":"https:\/\/promociondeeventos.sld.cu\/dengue2026\/contacto\/","title":{"rendered":"Contacto"},"content":{"rendered":"<p><strong>Prof. Mar\u00eda G. Guzm\u00e1n<\/strong>, MD, PhD, DrSc.<\/p>\n<p>Jefa del Centro de Investigaci\u00f3n, Diagn\u00f3stico y Referencia, CIDR<\/p>\n<p>Instituto de Medicina Tropical \u00abPedro Kour\u00ed\u00bb (IPK)<\/p>\n<p>Directora del Centro Colaborador OMS\/OPS para el Estudio del Dengue y su Control<\/p>\n<p>Presidenta, Sociedad Cubana de Microbiolog\u00eda y Parasitolog\u00eda SCMP<\/p>\n<p>Tel\u00e9fono: +53 7255-3161 \u00a0Email:<a href=\"mailto:lupe@ipk.sld.cu\" target=\"_blank\" rel=\"noopener\">lupe@ipk.sld.cu<\/a><\/p>\n<p>Dra. anabel<\/p>\n<p><strong>Dra. Anabel Hern\u00e1ndez Ruiz <\/strong>, MD, PhD, DrSc.<\/p>\n<p>Jefa del Departamento Docencia, IPK<\/p>\n<p>Instituto de Medicina Tropical \u00abPedro Kour\u00ed\u00bb (IPK)<\/p>\n<p>Tel\u00e9fono: +53 7255-3160\u00a0 Email: <a href=\"mailto:anabel.hernandez@ipk.sld.cu\" target=\"_blank\" rel=\"noopener\">anabel.hernandez@ipk.sld.cu<\/a><\/p>\n<p>IPK <a href=\"mailto:ipkcuba@gmail.com\" target=\"_blank\" rel=\"noopener\">ipkcuba@gmail.com<\/a><\/p>\n","protected":false},"excerpt":{"rendered":"<p>Prof. Mar\u00eda G. Guzm\u00e1n, MD, PhD, DrSc. Jefa del Centro de Investigaci\u00f3n, Diagn\u00f3stico y Referencia, CIDR Instituto de Medicina Tropical \u00abPedro Kour\u00ed\u00bb (IPK) Directora del Centro Colaborador OMS\/OPS para el Estudio del Dengue y su Control Presidenta, Sociedad Cubana de Microbiolog\u00eda y Parasitolog\u00eda SCMP Tel\u00e9fono: +53 7255-3161 \u00a0Email:lupe@ipk.sld.cu Dra. anabel Dra. Anabel Hern\u00e1ndez Ruiz , [&hellip;]<\/p>\n","protected":false},"author":3257,"featured_media":0,"parent":0,"menu_order":0,"comment_status":"closed","ping_status":"closed","template":"","meta":[],"_links":{"self":[{"href":"https:\/\/promociondeeventos.sld.cu\/dengue2026\/wp-json\/wp\/v2\/pages\/63"}],"collection":[{"href":"https:\/\/promociondeeventos.sld.cu\/dengue2026\/wp-json\/wp\/v2\/pages"}],"about":[{"href":"https:\/\/promociondeeventos.sld.cu\/dengue2026\/wp-json\/wp\/v2\/types\/page"}],"author":[{"embeddable":true,"href":"https:\/\/promociondeeventos.sld.cu\/dengue2026\/wp-json\/wp\/v2\/users\/3257"}],"replies":[{"embeddable":true,"href":"https:\/\/promociondeeventos.sld.cu\/dengue2026\/wp-json\/wp\/v2\/comments?post=63"}],"version-history":[{"count":4,"href":"https:\/\/promociondeeventos.sld.cu\/dengue2026\/wp-json\/wp\/v2\/pages\/63\/revisions"}],"predecessor-version":[{"id":206,"href":"https:\/\/promociondeeventos.sld.cu\/dengue2026\/wp-json\/wp\/v2\/pages\/63\/revisions\/206"}],"wp:attachment":[{"href":"https:\/\/promociondeeventos.sld.cu\/dengue2026\/wp-json\/wp\/v2\/media?parent=63"}],"curies":[{"name":"wp","href":"https:\/\/api.w.org\/{rel}","templated":true}]}}