{"id":54,"date":"2025-11-10T16:48:45","date_gmt":"2025-11-10T16:48:45","guid":{"rendered":"https:\/\/promociondeeventos.sld.cu\/dengue2026\/?page_id=54"},"modified":"2025-12-01T19:28:51","modified_gmt":"2025-12-01T19:28:51","slug":"profesores","status":"publish","type":"page","link":"https:\/\/promociondeeventos.sld.cu\/dengue2026\/profesores\/","title":{"rendered":"Profesores"},"content":{"rendered":"<p><strong>PROFESORES QUE YA CONFIRMARON SU PARTICIPACI\u00d3N <\/strong><\/p>\n<p>Luiz Alcantara, FIOCRUZ, Brasil<\/p>\n<p>Kevin Arien, Instituto Medicina Tropical, Belgica.<\/p>\n<p>Haroldo Bezerra, OPS\/OMS<\/p>\n<p>Mabel Caraballi, Universidad McGill, Canad\u00e1<\/p>\n<p>Lauren Carrington,WHO<\/p>\n<p>Emmanuel Chanda, WHO<\/p>\n<p>George Dimopoulos, Johns Hopkins, EUA<\/p>\n<p>Anna Durbin, Johns Hopkins Bloomberg School of Public Health, EUA<\/p>\n<p>Leticia Franco, OPS\/OMS<\/p>\n<p>Marta Giovanetti, FIOCRUZ, Brasil<\/p>\n<p>Felipe Gomes Naveca, FIOCRUZ, Brasil<\/p>\n<p>Lionel Gresh, OPS\/OMS<\/p>\n<p>Olaf Horstick, Universidad de Heidelberg, Alemania<\/p>\n<p>Linda Lloyd, EUA<\/p>\n<p>Kleber Luz, Universidad Federal Rio Grande Du Norte, Brasil<\/p>\n<p>Jairo Mendez, OPS\/OMS<\/p>\n<p>Mar\u00eda Alejandra Morales, Instituto Maiztegui, Argentina<\/p>\n<p>Ana Isabel Ramos Bento, Universidad Cornell, EUA<\/p>\n<p>Ana Cecilia Ribeiro Cruz, Instituto Evandro Chagas, Brasil<\/p>\n<p>Diana Rojas Alvarez, OMS<\/p>\n<p>Jose Luis San Martin, OPS\/OMS<\/p>\n<p>Gilberto Santiago, CDC Puerto Rico<\/p>\n<p>Aleem Sidiqui, Unversidad de California, EUA<\/p>\n<p>Xaveer Van Ostade, Universidad de Amberes, B\u00e9lgica<\/p>\n<p>Wim Vanden Berghe, Universidad de Amberes, B\u00e9lgica<\/p>\n<p>Anubis Vega Rua, Instituto Pasteur, Guadalupe<\/p>\n<p>Andrea Vicari, OPS\/OMS<\/p>\n<p>Wilmer E. Villamil G\u00f3mez, Secretaria de Salud, Barranquilla, Colombia<\/p>\n<p><strong>\u00a0<\/strong><strong>Cubanos<\/strong><\/p>\n<p>Mar\u00eda G. Guzm\u00e1n, Eric Mart\u00ednez, Mar\u00eda E. Toledo, Osvaldo Castro, Daniel Gonz\u00e1lez, Mayling Alvarez, Ana B. P\u00e9rez, Beatriz Sierra, Rosa Ram\u00edrez, Sonia Resik, Virginia Cap\u00f3, Alberto Baly, Mar\u00eda del Carmen \u00a0Marquetti, Maureen Leyva, \u00a0Dennys P\u00e9rez, Gladys Guti\u00e9rrez, Isbell Planells, Domingo Montada, Ariamys Companioni, Lorena V\u00e1zquez, Carlos Fonseca, Rene Gato, Yisel Hern\u00e1ndez, Waldemar Baldoquin, Zulema Menendez, Vivian Kouri, Carilda Pe\u00f1a, Francisco Duran, Madelaine Rivera, Jose Raul de Armas, Paulo Ortiz entre otros prestigiosos profesores y colaboradores (IPK, INSMET, Ministerio de Salud, Cuba).<\/p>\n","protected":false},"excerpt":{"rendered":"<p>PROFESORES QUE YA CONFIRMARON SU PARTICIPACI\u00d3N Luiz Alcantara, FIOCRUZ, Brasil Kevin Arien, Instituto Medicina Tropical, Belgica. Haroldo Bezerra, OPS\/OMS Mabel Caraballi, Universidad McGill, Canad\u00e1 Lauren Carrington,WHO Emmanuel Chanda, WHO George Dimopoulos, Johns Hopkins, EUA Anna Durbin, Johns Hopkins Bloomberg School of Public Health, EUA Leticia Franco, OPS\/OMS Marta Giovanetti, FIOCRUZ, Brasil Felipe Gomes Naveca, FIOCRUZ, [&hellip;]<\/p>\n","protected":false},"author":3257,"featured_media":0,"parent":0,"menu_order":0,"comment_status":"closed","ping_status":"closed","template":"","meta":[],"_links":{"self":[{"href":"https:\/\/promociondeeventos.sld.cu\/dengue2026\/wp-json\/wp\/v2\/pages\/54"}],"collection":[{"href":"https:\/\/promociondeeventos.sld.cu\/dengue2026\/wp-json\/wp\/v2\/pages"}],"about":[{"href":"https:\/\/promociondeeventos.sld.cu\/dengue2026\/wp-json\/wp\/v2\/types\/page"}],"author":[{"embeddable":true,"href":"https:\/\/promociondeeventos.sld.cu\/dengue2026\/wp-json\/wp\/v2\/users\/3257"}],"replies":[{"embeddable":true,"href":"https:\/\/promociondeeventos.sld.cu\/dengue2026\/wp-json\/wp\/v2\/comments?post=54"}],"version-history":[{"count":6,"href":"https:\/\/promociondeeventos.sld.cu\/dengue2026\/wp-json\/wp\/v2\/pages\/54\/revisions"}],"predecessor-version":[{"id":124,"href":"https:\/\/promociondeeventos.sld.cu\/dengue2026\/wp-json\/wp\/v2\/pages\/54\/revisions\/124"}],"wp:attachment":[{"href":"https:\/\/promociondeeventos.sld.cu\/dengue2026\/wp-json\/wp\/v2\/media?parent=54"}],"curies":[{"name":"wp","href":"https:\/\/api.w.org\/{rel}","templated":true}]}}