{"id":22,"date":"2023-01-18T17:43:24","date_gmt":"2023-01-18T17:43:24","guid":{"rendered":"https:\/\/promociondeeventos.sld.cu\/dengue2023en\/?page_id=22"},"modified":"2024-05-29T22:59:35","modified_gmt":"2024-05-29T22:59:35","slug":"organizing-committee","status":"publish","type":"page","link":"https:\/\/promociondeeventos.sld.cu\/dengue2023en\/organizing-committee\/","title":{"rendered":"Organizing Committee"},"content":{"rendered":"<p><a href=\"https:\/\/promociondeeventos.sld.cu\/dengue2023\/comite-organizador-2\/\">Spanish<\/a><\/p>\n<ul>\n<li><strong>Presidents<\/strong>\n<ul>\n<li>Dra. Mar\u00eda G. Guzm\u00e1n, Investigadora de M\u00e9rito, Profesora Titular y Consultante, \u00a0<a href=\"mailto:lupe@ipk.sld.cu\" target=\"_blank\" rel=\"noopener\">lupe@ipk.sld.cu<\/a><\/li>\n<\/ul>\n<ul>\n<li>Dra. Vivian Kour\u00ed, Investigadora y Profesora Titular, <a href=\"mailto:vkouri@ipk.sld.cu\" target=\"_blank\" rel=\"noopener\">vkouri@ipk.sld.cu<\/a><\/li>\n<li>Dra. Marta Castro Peraza, Investigadora y Profesora \u00a0Titular, <a href=\"mailto:martac@ipk.sld.cu\" target=\"_blank\" rel=\"noopener\">martac@ipk.sld.cu<\/a><\/li>\n<\/ul>\n<p><strong>Members<\/strong><\/p>\n<ul>\n<li>Lic. Dulce Torres Arencibia,\u00a0<a href=\"mailto:dulce@ipk.sld.cu\" target=\"_blank\" rel=\"noopener\">dulce@ipk.sld.cu<\/a><\/li>\n<li>Ing. Pablo C\u00e1rdenas, <a href=\"mailto:pabloc@ipk.sld.cu\" target=\"_blank\" rel=\"noopener\">pabloc@ipk.sld.cu<\/a><\/li>\n<li>Lic. Jos\u00e9 Rodr\u00edguez, <a href=\"mailto:jose.rodriguez@ipk.sld.cu\" target=\"_blank\" rel=\"noopener\">jose.rodriguez@ipk.sld.cu<\/a><\/li>\n<li>Lic. Yosiel Molina,\u00a0<a href=\"mailto:yosiel@ipk.sld.cu\">yosiel@ipk.sld.cu<\/a><\/li>\n<li>Lic. Yisel Hern\u00e1ndez, <a href=\"mailto:yhbarrios@ipk.sld.cu\" target=\"_blank\" rel=\"noopener\">yhbarrios@ipk.sld.cu<\/a><\/li>\n<li>Dr. Jorge Fraga Nodarse, PhD, Profesor e Investigador Titular,\u00a0<a href=\"mailto:fraga@ipk.sld.cu\" target=\"_blank\" rel=\"noopener\">fraga@ipk.sld.cu<\/a><\/li>\n<li>Lic. Jos\u00e9 L. Pelegrino de la Cotera,\u00a0<a href=\"mailto:pele@ipk.sld.cu\" target=\"_blank\" rel=\"noopener\">pele@ipk.sld.cu<\/a><\/li>\n<li>T\u00e9c. Jorge Campos D\u00edaz, <a href=\"mailto:jcampos@ipk.sld.cu\" target=\"_blank\" rel=\"noopener\">jcampos@ipk.sld.cu<\/a><\/li>\n<\/ul>\n<\/li>\n<\/ul>\n","protected":false},"excerpt":{"rendered":"<p>Spanish Presidents Dra. Mar\u00eda G. Guzm\u00e1n, Investigadora de M\u00e9rito, Profesora Titular y Consultante, \u00a0lupe@ipk.sld.cu Dra. Vivian Kour\u00ed, Investigadora y Profesora Titular, vkouri@ipk.sld.cu Dra. Marta Castro Peraza, Investigadora y Profesora \u00a0Titular, martac@ipk.sld.cu Members Lic. Dulce Torres Arencibia,\u00a0dulce@ipk.sld.cu Ing. Pablo C\u00e1rdenas, pabloc@ipk.sld.cu Lic. Jos\u00e9 Rodr\u00edguez, jose.rodriguez@ipk.sld.cu Lic. Yosiel Molina,\u00a0yosiel@ipk.sld.cu Lic. Yisel Hern\u00e1ndez, yhbarrios@ipk.sld.cu Dr. Jorge Fraga Nodarse, [&hellip;]<\/p>\n","protected":false},"author":3257,"featured_media":0,"parent":0,"menu_order":0,"comment_status":"closed","ping_status":"closed","template":"","meta":[],"_links":{"self":[{"href":"https:\/\/promociondeeventos.sld.cu\/dengue2023en\/wp-json\/wp\/v2\/pages\/22"}],"collection":[{"href":"https:\/\/promociondeeventos.sld.cu\/dengue2023en\/wp-json\/wp\/v2\/pages"}],"about":[{"href":"https:\/\/promociondeeventos.sld.cu\/dengue2023en\/wp-json\/wp\/v2\/types\/page"}],"author":[{"embeddable":true,"href":"https:\/\/promociondeeventos.sld.cu\/dengue2023en\/wp-json\/wp\/v2\/users\/3257"}],"replies":[{"embeddable":true,"href":"https:\/\/promociondeeventos.sld.cu\/dengue2023en\/wp-json\/wp\/v2\/comments?post=22"}],"version-history":[{"count":6,"href":"https:\/\/promociondeeventos.sld.cu\/dengue2023en\/wp-json\/wp\/v2\/pages\/22\/revisions"}],"predecessor-version":[{"id":222,"href":"https:\/\/promociondeeventos.sld.cu\/dengue2023en\/wp-json\/wp\/v2\/pages\/22\/revisions\/222"}],"wp:attachment":[{"href":"https:\/\/promociondeeventos.sld.cu\/dengue2023en\/wp-json\/wp\/v2\/media?parent=22"}],"curies":[{"name":"wp","href":"https:\/\/api.w.org\/{rel}","templated":true}]}}