{"id":41,"date":"2023-01-04T15:41:51","date_gmt":"2023-01-04T15:41:51","guid":{"rendered":"https:\/\/promociondeeventos.sld.cu\/dengue2023\/?page_id=41"},"modified":"2023-01-19T13:39:11","modified_gmt":"2023-01-19T13:39:11","slug":"contacto","status":"publish","type":"page","link":"https:\/\/promociondeeventos.sld.cu\/dengue2023\/contacto\/","title":{"rendered":"Contacto"},"content":{"rendered":"<p><a href=\"https:\/\/promociondeeventos.sld.cu\/dengue2023en\/contacts\/\">Ingl\u00e9s<\/a><\/p>\n<p><strong>Prof. Mar\u00eda G. Guzm\u00e1n<\/strong>, MD, PhD, DrSc.<\/p>\n<p>Jefa del Centro de Investigaci\u00f3n, Diagn\u00f3stico y Referencia, CIDR<\/p>\n<p>Instituto de Medicina Tropical \u201cPedro Kour\u00ed\u201d (IPK)<\/p>\n<p>Directora del Centro Colaborador OMS\/OPS para el Estudio del Dengue y su Control<\/p>\n<p>Presidenta, Sociedad Cubana de Microbiolog\u00eda y Parasitolog\u00eda<\/p>\n<p>Tel\u00e9fono: (537) 255-3161 Email:<strong> <a href=\"mailto:lupe@ipk.sld.cu\" target=\"_blank\" rel=\"noopener noreferrer\">lupe@ipk.sld.cu<\/a><\/strong><\/p>\n","protected":false},"excerpt":{"rendered":"<p>Ingl\u00e9s Prof. Mar\u00eda G. Guzm\u00e1n, MD, PhD, DrSc. Jefa del Centro de Investigaci\u00f3n, Diagn\u00f3stico y Referencia, CIDR Instituto de Medicina Tropical \u201cPedro Kour\u00ed\u201d (IPK) Directora del Centro Colaborador OMS\/OPS para el Estudio del Dengue y su Control Presidenta, Sociedad Cubana de Microbiolog\u00eda y Parasitolog\u00eda Tel\u00e9fono: (537) 255-3161 Email: lupe@ipk.sld.cu<\/p>\n","protected":false},"author":3257,"featured_media":0,"parent":0,"menu_order":0,"comment_status":"closed","ping_status":"closed","template":"","meta":[],"_links":{"self":[{"href":"https:\/\/promociondeeventos.sld.cu\/dengue2023\/wp-json\/wp\/v2\/pages\/41"}],"collection":[{"href":"https:\/\/promociondeeventos.sld.cu\/dengue2023\/wp-json\/wp\/v2\/pages"}],"about":[{"href":"https:\/\/promociondeeventos.sld.cu\/dengue2023\/wp-json\/wp\/v2\/types\/page"}],"author":[{"embeddable":true,"href":"https:\/\/promociondeeventos.sld.cu\/dengue2023\/wp-json\/wp\/v2\/users\/3257"}],"replies":[{"embeddable":true,"href":"https:\/\/promociondeeventos.sld.cu\/dengue2023\/wp-json\/wp\/v2\/comments?post=41"}],"version-history":[{"count":4,"href":"https:\/\/promociondeeventos.sld.cu\/dengue2023\/wp-json\/wp\/v2\/pages\/41\/revisions"}],"predecessor-version":[{"id":185,"href":"https:\/\/promociondeeventos.sld.cu\/dengue2023\/wp-json\/wp\/v2\/pages\/41\/revisions\/185"}],"wp:attachment":[{"href":"https:\/\/promociondeeventos.sld.cu\/dengue2023\/wp-json\/wp\/v2\/media?parent=41"}],"curies":[{"name":"wp","href":"https:\/\/api.w.org\/{rel}","templated":true}]}}