{"id":38,"date":"2023-01-04T15:41:42","date_gmt":"2023-01-04T15:41:42","guid":{"rendered":"https:\/\/promociondeeventos.sld.cu\/dengue2023\/?page_id=38"},"modified":"2024-07-24T16:38:26","modified_gmt":"2024-07-24T16:38:26","slug":"fechas-de-interes","status":"publish","type":"page","link":"https:\/\/promociondeeventos.sld.cu\/dengue2023\/fechas-de-interes\/","title":{"rendered":"Fechas de Inter\u00e9s"},"content":{"rendered":"<p style=\"padding-left: 80px\"><a href=\"https:\/\/promociondeeventos.sld.cu\/dengue2023en\/important-dates\/\">Ingl\u00e9s<\/a><\/p>\n<p><strong>Dengue 2024:<\/strong> Del 19 al 30 de agosto<\/p>\n<p><strong>Curso Te\u00f3rico:<\/strong> Del 19 al 23 de agosto<\/p>\n<p><strong>Curso Pr\u00e1ctico:<\/strong> Del 26 al 30 de agosto<\/p>\n<p><strong>Fecha tope de env\u00edo de res\u00famenes de trabajos: Agosto 12<\/strong>\u00a0de 2024<\/p>\n<p><strong>Fecha tope de registro<\/strong>: 12 de agosto de 2024<\/p>\n<p>&nbsp;<\/p>\n","protected":false},"excerpt":{"rendered":"<p>Ingl\u00e9s Dengue 2024: Del 19 al 30 de agosto Curso Te\u00f3rico: Del 19 al 23 de agosto Curso Pr\u00e1ctico: Del 26 al 30 de agosto Fecha tope de env\u00edo de res\u00famenes de trabajos: Agosto 12\u00a0de 2024 Fecha tope de registro: 12 de agosto de 2024 &nbsp;<\/p>\n","protected":false},"author":3257,"featured_media":0,"parent":0,"menu_order":0,"comment_status":"closed","ping_status":"closed","template":"","meta":[],"_links":{"self":[{"href":"https:\/\/promociondeeventos.sld.cu\/dengue2023\/wp-json\/wp\/v2\/pages\/38"}],"collection":[{"href":"https:\/\/promociondeeventos.sld.cu\/dengue2023\/wp-json\/wp\/v2\/pages"}],"about":[{"href":"https:\/\/promociondeeventos.sld.cu\/dengue2023\/wp-json\/wp\/v2\/types\/page"}],"author":[{"embeddable":true,"href":"https:\/\/promociondeeventos.sld.cu\/dengue2023\/wp-json\/wp\/v2\/users\/3257"}],"replies":[{"embeddable":true,"href":"https:\/\/promociondeeventos.sld.cu\/dengue2023\/wp-json\/wp\/v2\/comments?post=38"}],"version-history":[{"count":8,"href":"https:\/\/promociondeeventos.sld.cu\/dengue2023\/wp-json\/wp\/v2\/pages\/38\/revisions"}],"predecessor-version":[{"id":423,"href":"https:\/\/promociondeeventos.sld.cu\/dengue2023\/wp-json\/wp\/v2\/pages\/38\/revisions\/423"}],"wp:attachment":[{"href":"https:\/\/promociondeeventos.sld.cu\/dengue2023\/wp-json\/wp\/v2\/media?parent=38"}],"curies":[{"name":"wp","href":"https:\/\/api.w.org\/{rel}","templated":true}]}}