{"id":123,"date":"2023-01-14T19:08:19","date_gmt":"2023-01-14T19:08:19","guid":{"rendered":"https:\/\/promociondeeventos.sld.cu\/dengue2023\/?page_id=123"},"modified":"2024-05-29T22:58:26","modified_gmt":"2024-05-29T22:58:26","slug":"comite-organizador-2","status":"publish","type":"page","link":"https:\/\/promociondeeventos.sld.cu\/dengue2023\/comite-organizador-2\/","title":{"rendered":"Comit\u00e9 organizador"},"content":{"rendered":"<p><a href=\"https:\/\/promociondeeventos.sld.cu\/dengue2023en\/organizing-committee\/\">Ingl\u00e9s<\/a><\/p>\n<p><strong>Comit\u00e9 organizador<\/strong><\/p>\n<p><strong>Presidentas<\/strong><\/p>\n<ul>\n<li>Dra. Maria G. Guzm\u00e1n, Investigadora de M\u00e9rito, Profesora Titular y Consultante, \u00a0<a href=\"mailto:lupe@ipk.sld.cu\" target=\"_blank\" rel=\"noopener\">lupe@ipk.sld.cu<\/a><\/li>\n<li>Dra. Vivian Kour\u00ed, Investigadora y Profesora Titular, <a href=\"mailto:vkouri@ipk.sld.cu\" target=\"_blank\" rel=\"noopener\">vkouri@ipk.sld.cu<\/a><\/li>\n<li>Dra. Marta Castro Peraza, Investigadora y Profesora \u00a0Titular, <a href=\"mailto:martac@ipk.sld.cu\" target=\"_blank\" rel=\"noopener\">martac@ipk.sld.cu<\/a><\/li>\n<\/ul>\n<p><strong>Miembros<\/strong><\/p>\n<ul>\n<li>Lic. Dulce Torres Arencibia,\u00a0<a href=\"mailto:dulce@ipk.sld.cu\">dulce@ipk.sld.cu<\/a><\/li>\n<li>Ing. Pablo C\u00e1rdenas, pabloc@ipk.sld.cu<\/li>\n<li>Lic. Jos\u00e9 Rodr\u00edguez, jose.rodriguez@ipk.sld.cu<\/li>\n<li>Lic. Yosiel Molina,\u00a0<a href=\"mailto:yosiel@ipk.sld.cu\">yosiel@ipk.sld.cu<\/a><\/li>\n<li>Lic. Yisel Hern\u00e1ndez, <u><a href=\"mailto:yhbarrios@ipk.sld.cu\" target=\"_blank\" rel=\"noopener\">yhbarrios@ipk.sld.cu<\/a><\/u><\/li>\n<li>Dr. Jorge Fraga Nodarse, PhD, Profesor e Investigador Titular,\u00a0<a href=\"mailto:fraga@ipk.sld.cu\">fraga@ipk.sld.cu<\/a><\/li>\n<li>Lic. Jos\u00e9 L. Pelegrino de la Cotera,\u00a0<a href=\"mailto:pele@ipk.sld.cu\">pele@ipk.sld.cu<\/a><\/li>\n<li>T\u00e9c. Jorge Campos Diaz,<a href=\"mailto:jcampos@ipk.sld.cu\">\u00a0jcampos@ipk.sld.cu<\/a><\/li>\n<\/ul>\n","protected":false},"excerpt":{"rendered":"<p>Ingl\u00e9s Comit\u00e9 organizador Presidentas Dra. Maria G. Guzm\u00e1n, Investigadora de M\u00e9rito, Profesora Titular y Consultante, \u00a0lupe@ipk.sld.cu Dra. Vivian Kour\u00ed, Investigadora y Profesora Titular, vkouri@ipk.sld.cu Dra. Marta Castro Peraza, Investigadora y Profesora \u00a0Titular, martac@ipk.sld.cu Miembros Lic. Dulce Torres Arencibia,\u00a0dulce@ipk.sld.cu Ing. Pablo C\u00e1rdenas, pabloc@ipk.sld.cu Lic. Jos\u00e9 Rodr\u00edguez, jose.rodriguez@ipk.sld.cu Lic. Yosiel Molina,\u00a0yosiel@ipk.sld.cu Lic. Yisel Hern\u00e1ndez, yhbarrios@ipk.sld.cu Dr. Jorge [&hellip;]<\/p>\n","protected":false},"author":3257,"featured_media":0,"parent":0,"menu_order":0,"comment_status":"closed","ping_status":"closed","template":"","meta":[],"_links":{"self":[{"href":"https:\/\/promociondeeventos.sld.cu\/dengue2023\/wp-json\/wp\/v2\/pages\/123"}],"collection":[{"href":"https:\/\/promociondeeventos.sld.cu\/dengue2023\/wp-json\/wp\/v2\/pages"}],"about":[{"href":"https:\/\/promociondeeventos.sld.cu\/dengue2023\/wp-json\/wp\/v2\/types\/page"}],"author":[{"embeddable":true,"href":"https:\/\/promociondeeventos.sld.cu\/dengue2023\/wp-json\/wp\/v2\/users\/3257"}],"replies":[{"embeddable":true,"href":"https:\/\/promociondeeventos.sld.cu\/dengue2023\/wp-json\/wp\/v2\/comments?post=123"}],"version-history":[{"count":9,"href":"https:\/\/promociondeeventos.sld.cu\/dengue2023\/wp-json\/wp\/v2\/pages\/123\/revisions"}],"predecessor-version":[{"id":380,"href":"https:\/\/promociondeeventos.sld.cu\/dengue2023\/wp-json\/wp\/v2\/pages\/123\/revisions\/380"}],"wp:attachment":[{"href":"https:\/\/promociondeeventos.sld.cu\/dengue2023\/wp-json\/wp\/v2\/media?parent=123"}],"curies":[{"name":"wp","href":"https:\/\/api.w.org\/{rel}","templated":true}]}}