{"id":58,"date":"2021-09-06T17:36:17","date_gmt":"2021-09-06T17:36:17","guid":{"rendered":"http:\/\/promociondeeventos.sld.cu\/dengue2021en\/?page_id=58"},"modified":"2021-09-06T20:18:02","modified_gmt":"2021-09-06T20:18:02","slug":"contacts","status":"publish","type":"page","link":"https:\/\/promociondeeventos.sld.cu\/dengue2021en\/contacts\/","title":{"rendered":"Contacts"},"content":{"rendered":"<p><a href=\"http:\/\/promociondeeventos.sld.cu\/dengue2021\">Spanish<\/a><\/p>\n<p>Mar\u00eda G. Guzm\u00e1n, MD, PhD.<\/p>\n<p>Head of the research Center for Diagnosis and Reference at Pedro Kour\u00ed Institute of Tropical Medicine (IPK)<br \/>\nDirector of WHO\/PAHO Colaboartor Center for Dengue and its Control<\/p>\n<ul>\n<li>Telephone<\/li>\n<\/ul>\n<p>+53 7255 3556<\/p>\n<p>+53 7255 3161 Fax: +53 7204 6051<\/p>\n<ul>\n<li>Email: <a href=\"mailto:lupe@ipk.sld.cu\">lupe@ipk.sld.cu<\/a><\/li>\n<\/ul>\n","protected":false},"excerpt":{"rendered":"<p>Spanish Mar\u00eda G. Guzm\u00e1n, MD, PhD. Head of the research Center for Diagnosis and Reference at Pedro Kour\u00ed Institute of Tropical Medicine (IPK) Director of WHO\/PAHO Colaboartor Center for Dengue and its Control Telephone +53 7255 3556 +53 7255 3161 Fax: +53 7204 6051 Email: lupe@ipk.sld.cu<\/p>\n","protected":false},"author":3262,"featured_media":0,"parent":0,"menu_order":0,"comment_status":"closed","ping_status":"open","template":"","meta":[],"_links":{"self":[{"href":"https:\/\/promociondeeventos.sld.cu\/dengue2021en\/wp-json\/wp\/v2\/pages\/58"}],"collection":[{"href":"https:\/\/promociondeeventos.sld.cu\/dengue2021en\/wp-json\/wp\/v2\/pages"}],"about":[{"href":"https:\/\/promociondeeventos.sld.cu\/dengue2021en\/wp-json\/wp\/v2\/types\/page"}],"author":[{"embeddable":true,"href":"https:\/\/promociondeeventos.sld.cu\/dengue2021en\/wp-json\/wp\/v2\/users\/3262"}],"replies":[{"embeddable":true,"href":"https:\/\/promociondeeventos.sld.cu\/dengue2021en\/wp-json\/wp\/v2\/comments?post=58"}],"version-history":[{"count":2,"href":"https:\/\/promociondeeventos.sld.cu\/dengue2021en\/wp-json\/wp\/v2\/pages\/58\/revisions"}],"predecessor-version":[{"id":84,"href":"https:\/\/promociondeeventos.sld.cu\/dengue2021en\/wp-json\/wp\/v2\/pages\/58\/revisions\/84"}],"wp:attachment":[{"href":"https:\/\/promociondeeventos.sld.cu\/dengue2021en\/wp-json\/wp\/v2\/media?parent=58"}],"curies":[{"name":"wp","href":"https:\/\/api.w.org\/{rel}","templated":true}]}}

<p><a href="http://promociondeeventos.sld.cu/dengue2021">Spanish</a></p>
<p>María G. Guzmán, MD, PhD.</p>
<p>Head of the research Center for Diagnosis and Reference at Pedro Kourí Institute of Tropical Medicine (IPK)<br />
Director of WHO/PAHO Colaboartor Center for Dengue and its Control</p>
<ul>
<li>Telephone</li>
</ul>
<p>+53 7255 3556</p>
<p>+53 7255 3161 Fax: +53 7204 6051</p>
<ul>
<li>Email: <a href="mailto:lupe@ipk.sld.cu">lupe@ipk.sld.cu</a></li>
</ul>

<p>Spanish María G. Guzmán, MD, PhD. Head of the research Center for Diagnosis and Reference at Pedro Kourí Institute of Tropical Medicine (IPK) Director of WHO/PAHO Colaboartor Center for Dengue and its Control Telephone +53 7255 3556 +53 7255 3161 Fax: +53 7204 6051 Email: lupe@ipk.sld.cu</p>
