{"id":17,"date":"2024-06-11T20:18:38","date_gmt":"2024-06-11T20:18:38","guid":{"rendered":"https:\/\/promociondeeventos.sld.cu\/conapac2024\/?page_id=17"},"modified":"2024-09-17T19:45:14","modified_gmt":"2024-09-17T19:45:14","slug":"inscripcion","status":"publish","type":"page","link":"https:\/\/promociondeeventos.sld.cu\/conapac2024\/inscripcion\/","title":{"rendered":"Inscripci\u00f3n"},"content":{"rendered":"<table style=\"width: 28.1993%;height: 224px\" width=\"492\">\n<tbody>\n<tr>\n<td style=\"width: 59.6685%\">Profesionales Nacionales<\/td>\n<td style=\"width: 35.9116%\">4000 cup<\/td>\n<\/tr>\n<tr>\n<td style=\"width: 59.6685%\">Profesionales Extranjeros<\/td>\n<td style=\"width: 35.9116%\">$350.00 usd<\/td>\n<\/tr>\n<tr>\n<td style=\"width: 59.6685%\">Acompa\u00f1antes<\/td>\n<td style=\"width: 35.9116%\">300 usd<\/td>\n<\/tr>\n<tr>\n<td style=\"width: 59.6685%\">Residentes Nacionales<\/td>\n<td style=\"width: 35.9116%\">3500 cup<\/td>\n<\/tr>\n<tr>\n<td style=\"width: 59.6685%\">Residentes Extranjeros<\/td>\n<td style=\"width: 35.9116%\">24000 cup<\/td>\n<\/tr>\n<tr>\n<td style=\"width: 59.6685%\"><\/td>\n<td style=\"width: 35.9116%\"><\/td>\n<\/tr>\n<\/tbody>\n<\/table>\n<p>El pago de inscripci\u00f3n\u00a0 tanto\u00a0 para\u00a0 nacionales como extrangeros se realizar\u00e1 a trav\u00e9s de la agencia Cubatur<\/p>\n<p><strong>Contacto:<\/strong> Especialista comercial Damaris Lorite A<\/p>\n<p>eventos1@centra.cbt.tur.cu<\/p>\n<p><strong>tel\u00e9fono:<\/strong> 58386754<\/p>\n","protected":false},"excerpt":{"rendered":"<p>Profesionales Nacionales 4000 cup Profesionales Extranjeros $350.00 usd Acompa\u00f1antes 300 usd Residentes Nacionales 3500 cup Residentes Extranjeros 24000 cup El pago de inscripci\u00f3n\u00a0 tanto\u00a0 para\u00a0 nacionales como extrangeros se realizar\u00e1 a trav\u00e9s de la agencia Cubatur Contacto: Especialista comercial Damaris Lorite A eventos1@centra.cbt.tur.cu tel\u00e9fono: 58386754<\/p>\n","protected":false},"author":4,"featured_media":0,"parent":0,"menu_order":0,"comment_status":"closed","ping_status":"closed","template":"","meta":[],"_links":{"self":[{"href":"https:\/\/promociondeeventos.sld.cu\/conapac2024\/wp-json\/wp\/v2\/pages\/17"}],"collection":[{"href":"https:\/\/promociondeeventos.sld.cu\/conapac2024\/wp-json\/wp\/v2\/pages"}],"about":[{"href":"https:\/\/promociondeeventos.sld.cu\/conapac2024\/wp-json\/wp\/v2\/types\/page"}],"author":[{"embeddable":true,"href":"https:\/\/promociondeeventos.sld.cu\/conapac2024\/wp-json\/wp\/v2\/users\/4"}],"replies":[{"embeddable":true,"href":"https:\/\/promociondeeventos.sld.cu\/conapac2024\/wp-json\/wp\/v2\/comments?post=17"}],"version-history":[{"count":4,"href":"https:\/\/promociondeeventos.sld.cu\/conapac2024\/wp-json\/wp\/v2\/pages\/17\/revisions"}],"predecessor-version":[{"id":91,"href":"https:\/\/promociondeeventos.sld.cu\/conapac2024\/wp-json\/wp\/v2\/pages\/17\/revisions\/91"}],"wp:attachment":[{"href":"https:\/\/promociondeeventos.sld.cu\/conapac2024\/wp-json\/wp\/v2\/media?parent=17"}],"curies":[{"name":"wp","href":"https:\/\/api.w.org\/{rel}","templated":true}]}}