{"id":57,"date":"2019-02-04T20:04:06","date_gmt":"2019-02-04T20:04:06","guid":{"rendered":"http:\/\/promociondeeventos.sld.cu\/conapac2019\/?page_id=57"},"modified":"2019-02-04T20:06:21","modified_gmt":"2019-02-04T20:06:21","slug":"inscripcion","status":"publish","type":"page","link":"https:\/\/promociondeeventos.sld.cu\/conapac2019\/inscripcion\/","title":{"rendered":"Inscripci\u00f3n"},"content":{"rendered":"<p>&nbsp;<\/p>\n<p>&nbsp;<\/p>\n<table cellpadding=\"2\">\n<caption>\u00a0<\/caption>\n<tbody>\n<tr>\n<td>Profesionales nacionales<\/td>\n<td>250 cup<\/td>\n<\/tr>\n<tr>\n<td>Profesionales extrangeros<\/td>\n<td>250 cuc<\/td>\n<\/tr>\n<tr>\n<td>Acompa\u00f1antes<\/td>\n<td>100 cuc<\/td>\n<\/tr>\n<\/tbody>\n<\/table>\n<p><b>Estos precios incluyen; <\/b>C\u00f3ctel de bienvenida, visita a la expo-Lab. , identificaci\u00f3n, malet\u00edn con informaci\u00f3n referente al Congreso, certificado de asistencia, acceso\u00a0 a todas las sesiones del Congreso y clausura.<\/p>\n<p><strong>Los almuerzos no estan inclu\u00eddos en el pago\u00a0 del evento, tienen un valor de 40.00 MN, que se deben de abonar en el momento de la acreditaci\u00f3n.<\/strong><\/p>\n","protected":false},"excerpt":{"rendered":"<p>&nbsp; &nbsp; \u00a0 Profesionales nacionales 250 cup Profesionales extrangeros 250 cuc Acompa\u00f1antes 100 cuc Estos precios incluyen; C\u00f3ctel de bienvenida, visita a la expo-Lab. , identificaci\u00f3n, malet\u00edn con informaci\u00f3n referente al Congreso, certificado de asistencia, acceso\u00a0 a todas las sesiones del Congreso y clausura. Los almuerzos no estan inclu\u00eddos en el pago\u00a0 del evento, tienen [&hellip;]<\/p>\n","protected":false},"author":20,"featured_media":0,"parent":0,"menu_order":0,"comment_status":"closed","ping_status":"open","template":"","meta":[],"_links":{"self":[{"href":"https:\/\/promociondeeventos.sld.cu\/conapac2019\/wp-json\/wp\/v2\/pages\/57"}],"collection":[{"href":"https:\/\/promociondeeventos.sld.cu\/conapac2019\/wp-json\/wp\/v2\/pages"}],"about":[{"href":"https:\/\/promociondeeventos.sld.cu\/conapac2019\/wp-json\/wp\/v2\/types\/page"}],"author":[{"embeddable":true,"href":"https:\/\/promociondeeventos.sld.cu\/conapac2019\/wp-json\/wp\/v2\/users\/20"}],"replies":[{"embeddable":true,"href":"https:\/\/promociondeeventos.sld.cu\/conapac2019\/wp-json\/wp\/v2\/comments?post=57"}],"version-history":[{"count":3,"href":"https:\/\/promociondeeventos.sld.cu\/conapac2019\/wp-json\/wp\/v2\/pages\/57\/revisions"}],"predecessor-version":[{"id":61,"href":"https:\/\/promociondeeventos.sld.cu\/conapac2019\/wp-json\/wp\/v2\/pages\/57\/revisions\/61"}],"wp:attachment":[{"href":"https:\/\/promociondeeventos.sld.cu\/conapac2019\/wp-json\/wp\/v2\/media?parent=57"}],"curies":[{"name":"wp","href":"https:\/\/api.w.org\/{rel}","templated":true}]}}