{"id":57,"date":"2026-01-05T16:10:56","date_gmt":"2026-01-05T16:10:56","guid":{"rendered":"https:\/\/promociondeeventos.sld.cu\/cmaintroductorio2026\/?page_id=57"},"modified":"2026-01-05T16:10:56","modified_gmt":"2026-01-05T16:10:56","slug":"comite-organizador","status":"publish","type":"page","link":"https:\/\/promociondeeventos.sld.cu\/cmaintroductorio2026\/comite-organizador\/","title":{"rendered":"Comit\u00e9 Organizador"},"content":{"rendered":"<p><strong>Comit\u00e9 Organizador<\/strong><em>:<\/em><\/p>\n<p>Presidente:<\/p>\n<p>Dr. Karel Borroto Mart\u00ednez. MsC. karelborroto@infomed.sld.cu<\/p>\n<p>Miembros:<\/p>\n<p>Dra. Yoanna Ram\u00edrez Fern\u00e1ndez. MsC. yoannaramirez@ipk.sld.cu<br \/>\nDr. Manuel Alejandro Ceballos Rojas. mnu.ceballosr@gmail.com<br \/>\nDr. Ironel Barrios Pilotos.<br \/>\nDra. Camila Larramendi Mart\u00ednez. cami.larramendi@gmail.com<br \/>\nTec. Jorge Ra\u00fal Campos D\u00edaz \u00a0jcampos@ipk.sld.cu<\/p>\n","protected":false},"excerpt":{"rendered":"<p>Comit\u00e9 Organizador: Presidente: Dr. Karel Borroto Mart\u00ednez. MsC. karelborroto@infomed.sld.cu Miembros: Dra. Yoanna Ram\u00edrez Fern\u00e1ndez. MsC. yoannaramirez@ipk.sld.cu Dr. Manuel Alejandro Ceballos Rojas. mnu.ceballosr@gmail.com Dr. Ironel Barrios Pilotos. Dra. Camila Larramendi Mart\u00ednez. cami.larramendi@gmail.com Tec. Jorge Ra\u00fal Campos D\u00edaz \u00a0jcampos@ipk.sld.cu<\/p>\n","protected":false},"author":3257,"featured_media":0,"parent":0,"menu_order":0,"comment_status":"closed","ping_status":"closed","template":"","meta":[],"_links":{"self":[{"href":"https:\/\/promociondeeventos.sld.cu\/cmaintroductorio2026\/wp-json\/wp\/v2\/pages\/57"}],"collection":[{"href":"https:\/\/promociondeeventos.sld.cu\/cmaintroductorio2026\/wp-json\/wp\/v2\/pages"}],"about":[{"href":"https:\/\/promociondeeventos.sld.cu\/cmaintroductorio2026\/wp-json\/wp\/v2\/types\/page"}],"author":[{"embeddable":true,"href":"https:\/\/promociondeeventos.sld.cu\/cmaintroductorio2026\/wp-json\/wp\/v2\/users\/3257"}],"replies":[{"embeddable":true,"href":"https:\/\/promociondeeventos.sld.cu\/cmaintroductorio2026\/wp-json\/wp\/v2\/comments?post=57"}],"version-history":[{"count":1,"href":"https:\/\/promociondeeventos.sld.cu\/cmaintroductorio2026\/wp-json\/wp\/v2\/pages\/57\/revisions"}],"predecessor-version":[{"id":58,"href":"https:\/\/promociondeeventos.sld.cu\/cmaintroductorio2026\/wp-json\/wp\/v2\/pages\/57\/revisions\/58"}],"wp:attachment":[{"href":"https:\/\/promociondeeventos.sld.cu\/cmaintroductorio2026\/wp-json\/wp\/v2\/media?parent=57"}],"curies":[{"name":"wp","href":"https:\/\/api.w.org\/{rel}","templated":true}]}}