{"id":21,"date":"2026-02-28T04:45:17","date_gmt":"2026-02-28T04:45:17","guid":{"rendered":"https:\/\/promociondeeventos.sld.cu\/ccei2026\/?page_id=21"},"modified":"2026-02-28T04:46:05","modified_gmt":"2026-02-28T04:46:05","slug":"normas-de-presentacion-de-los-trabajos","status":"publish","type":"page","link":"https:\/\/promociondeeventos.sld.cu\/ccei2026\/normas-de-presentacion-de-los-trabajos\/","title":{"rendered":"Normas de presentaci\u00f3n de los trabajos"},"content":{"rendered":"<p><strong>\u00a0<\/strong>Los trabajos a participar en ambas modalidades se presentar\u00e1n en formato de poster o power point.\u2022\u00a0\u00a0\u00a0\u00a0\u00a0 Cada trabajo debe contener:<\/p>\n<ul>\n<li>Hoja de presentaci\u00f3n (Instituci\u00f3n, T\u00edtulo, Autores con sus datos acad\u00e9micos y cient\u00edficos, N\u00famero de tel\u00e9fono celular y Orcid),<\/li>\n<li>Resumen,<\/li>\n<li>Introducci\u00f3n,<\/li>\n<li>Objetivos,<\/li>\n<li>Dise\u00f1o Metodol\u00f3gico,<\/li>\n<li>Resultado y Discusi\u00f3n,<\/li>\n<li>Conclusiones<\/li>\n<li>Referencias Bibliogr\u00e1ficas. \u2022<\/li>\n<\/ul>\n<p>Debajo del T\u00edtulo debe aclararse la modalidad de participaci\u00f3n: presencial o virtual.<\/p>\n<p>Inscripci\u00f3n: Hasta el 21 de marzo de 2026<\/p>\n","protected":false},"excerpt":{"rendered":"<p>\u00a0Los trabajos a participar en ambas modalidades se presentar\u00e1n en formato de poster o power point.\u2022\u00a0\u00a0\u00a0\u00a0\u00a0 Cada trabajo debe contener: Hoja de presentaci\u00f3n (Instituci\u00f3n, T\u00edtulo, Autores con sus datos acad\u00e9micos y cient\u00edficos, N\u00famero de tel\u00e9fono celular y Orcid), Resumen, Introducci\u00f3n, Objetivos, Dise\u00f1o Metodol\u00f3gico, Resultado y Discusi\u00f3n, Conclusiones Referencias Bibliogr\u00e1ficas. \u2022 Debajo del T\u00edtulo debe aclararse [&hellip;]<\/p>\n","protected":false},"author":4,"featured_media":0,"parent":0,"menu_order":0,"comment_status":"closed","ping_status":"closed","template":"","meta":[],"_links":{"self":[{"href":"https:\/\/promociondeeventos.sld.cu\/ccei2026\/wp-json\/wp\/v2\/pages\/21"}],"collection":[{"href":"https:\/\/promociondeeventos.sld.cu\/ccei2026\/wp-json\/wp\/v2\/pages"}],"about":[{"href":"https:\/\/promociondeeventos.sld.cu\/ccei2026\/wp-json\/wp\/v2\/types\/page"}],"author":[{"embeddable":true,"href":"https:\/\/promociondeeventos.sld.cu\/ccei2026\/wp-json\/wp\/v2\/users\/4"}],"replies":[{"embeddable":true,"href":"https:\/\/promociondeeventos.sld.cu\/ccei2026\/wp-json\/wp\/v2\/comments?post=21"}],"version-history":[{"count":2,"href":"https:\/\/promociondeeventos.sld.cu\/ccei2026\/wp-json\/wp\/v2\/pages\/21\/revisions"}],"predecessor-version":[{"id":24,"href":"https:\/\/promociondeeventos.sld.cu\/ccei2026\/wp-json\/wp\/v2\/pages\/21\/revisions\/24"}],"wp:attachment":[{"href":"https:\/\/promociondeeventos.sld.cu\/ccei2026\/wp-json\/wp\/v2\/media?parent=21"}],"curies":[{"name":"wp","href":"https:\/\/api.w.org\/{rel}","templated":true}]}}