{"id":15,"date":"2026-02-28T04:39:20","date_gmt":"2026-02-28T04:39:20","guid":{"rendered":"https:\/\/promociondeeventos.sld.cu\/ccei2026\/?page_id=15"},"modified":"2026-02-28T04:39:20","modified_gmt":"2026-02-28T04:39:20","slug":"organizan-y-auspician","status":"publish","type":"page","link":"https:\/\/promociondeeventos.sld.cu\/ccei2026\/organizan-y-auspician\/","title":{"rendered":"Organizan y auspician"},"content":{"rendered":"<ul>\n<li>Direcci\u00f3n General Municipal de Salud .Col\u00f3n.<\/li>\n<li>Filial de Ciencias M\u00e9dicas \u201cDr. Eusebio Hern\u00e1ndez P\u00e9rez\u201d<\/li>\n<li>Cap\u00edtulo Municipal de la Sociedad Cubana de Medicina Familiar (SOCUMEFA)<\/li>\n<li>Departamento de Medicina General Integral Filial.<\/li>\n<\/ul>\n","protected":false},"excerpt":{"rendered":"<p>Direcci\u00f3n General Municipal de Salud .Col\u00f3n. Filial de Ciencias M\u00e9dicas \u201cDr. Eusebio Hern\u00e1ndez P\u00e9rez\u201d Cap\u00edtulo Municipal de la Sociedad Cubana de Medicina Familiar (SOCUMEFA) Departamento de Medicina General Integral Filial.<\/p>\n","protected":false},"author":4,"featured_media":0,"parent":0,"menu_order":0,"comment_status":"closed","ping_status":"closed","template":"","meta":[],"_links":{"self":[{"href":"https:\/\/promociondeeventos.sld.cu\/ccei2026\/wp-json\/wp\/v2\/pages\/15"}],"collection":[{"href":"https:\/\/promociondeeventos.sld.cu\/ccei2026\/wp-json\/wp\/v2\/pages"}],"about":[{"href":"https:\/\/promociondeeventos.sld.cu\/ccei2026\/wp-json\/wp\/v2\/types\/page"}],"author":[{"embeddable":true,"href":"https:\/\/promociondeeventos.sld.cu\/ccei2026\/wp-json\/wp\/v2\/users\/4"}],"replies":[{"embeddable":true,"href":"https:\/\/promociondeeventos.sld.cu\/ccei2026\/wp-json\/wp\/v2\/comments?post=15"}],"version-history":[{"count":1,"href":"https:\/\/promociondeeventos.sld.cu\/ccei2026\/wp-json\/wp\/v2\/pages\/15\/revisions"}],"predecessor-version":[{"id":16,"href":"https:\/\/promociondeeventos.sld.cu\/ccei2026\/wp-json\/wp\/v2\/pages\/15\/revisions\/16"}],"wp:attachment":[{"href":"https:\/\/promociondeeventos.sld.cu\/ccei2026\/wp-json\/wp\/v2\/media?parent=15"}],"curies":[{"name":"wp","href":"https:\/\/api.w.org\/{rel}","templated":true}]}}

<ul>
<li>Dirección General Municipal de Salud .Colón.</li>
<li>Filial de Ciencias Médicas “Dr. Eusebio Hernández Pérez”</li>
<li>Capítulo Municipal de la Sociedad Cubana de Medicina Familiar (SOCUMEFA)</li>
<li>Departamento de Medicina General Integral Filial.</li>
</ul>

<p>Dirección General Municipal de Salud .Colón. Filial de Ciencias Médicas “Dr. Eusebio Hernández Pérez” Capítulo Municipal de la Sociedad Cubana de Medicina Familiar (SOCUMEFA) Departamento de Medicina General Integral Filial.</p>
