{"id":10,"date":"2026-02-28T04:34:20","date_gmt":"2026-02-28T04:34:20","guid":{"rendered":"https:\/\/promociondeeventos.sld.cu\/ccei2026\/?page_id=10"},"modified":"2026-02-28T04:34:20","modified_gmt":"2026-02-28T04:34:20","slug":"comite-cientifico","status":"publish","type":"page","link":"https:\/\/promociondeeventos.sld.cu\/ccei2026\/comite-cientifico\/","title":{"rendered":"Comit\u00e9 Cient\u00edfico"},"content":{"rendered":"<p>Presidente:<\/p>\n<ul>\n<li>Dr. C. Ana Iris Prieto Pe\u00f1a<\/li>\n<\/ul>\n<p>Miembros:<\/p>\n<p>MSc. Teresa Reyes Camejo<br \/>\nMSc. Annia Hern\u00e1ndez Ortega<br \/>\nMSc. Belkis Alfonso Biart<br \/>\nDr.C. Meylin Fern\u00e1ndez Martori<\/p>\n<p><em>\u00a0<\/em><\/p>\n","protected":false},"excerpt":{"rendered":"<p>Presidente: Dr. C. Ana Iris Prieto Pe\u00f1a Miembros: MSc. Teresa Reyes Camejo MSc. Annia Hern\u00e1ndez Ortega MSc. Belkis Alfonso Biart Dr.C. Meylin Fern\u00e1ndez Martori \u00a0<\/p>\n","protected":false},"author":4,"featured_media":0,"parent":0,"menu_order":0,"comment_status":"closed","ping_status":"closed","template":"","meta":[],"_links":{"self":[{"href":"https:\/\/promociondeeventos.sld.cu\/ccei2026\/wp-json\/wp\/v2\/pages\/10"}],"collection":[{"href":"https:\/\/promociondeeventos.sld.cu\/ccei2026\/wp-json\/wp\/v2\/pages"}],"about":[{"href":"https:\/\/promociondeeventos.sld.cu\/ccei2026\/wp-json\/wp\/v2\/types\/page"}],"author":[{"embeddable":true,"href":"https:\/\/promociondeeventos.sld.cu\/ccei2026\/wp-json\/wp\/v2\/users\/4"}],"replies":[{"embeddable":true,"href":"https:\/\/promociondeeventos.sld.cu\/ccei2026\/wp-json\/wp\/v2\/comments?post=10"}],"version-history":[{"count":1,"href":"https:\/\/promociondeeventos.sld.cu\/ccei2026\/wp-json\/wp\/v2\/pages\/10\/revisions"}],"predecessor-version":[{"id":11,"href":"https:\/\/promociondeeventos.sld.cu\/ccei2026\/wp-json\/wp\/v2\/pages\/10\/revisions\/11"}],"wp:attachment":[{"href":"https:\/\/promociondeeventos.sld.cu\/ccei2026\/wp-json\/wp\/v2\/media?parent=10"}],"curies":[{"name":"wp","href":"https:\/\/api.w.org\/{rel}","templated":true}]}}