{"id":22,"date":"2011-11-23T22:14:24","date_gmt":"2011-11-24T03:14:24","guid":{"rendered":"http:\/\/promociondeeventos.sld.cu\/calixto2012\/normas-para-los-autores\/"},"modified":"2011-12-27T14:06:23","modified_gmt":"2011-12-27T19:06:23","slug":"normas-para-los-autores","status":"publish","type":"page","link":"https:\/\/promociondeeventos.sld.cu\/calixto2012\/normas-para-los-autores\/","title":{"rendered":"Normas para los autores"},"content":{"rendered":"<p><strong><em><span style=\"color: #0000ff\">Env\u00edo de res\u00famenes<\/span><\/em><\/strong><\/p>\n<p>La fecha l\u00edmite para la recepci\u00f3n de los res\u00famenes ser\u00e1 el 30 de noviembre 2011<\/p>\n<p>Los autores deben enviar el resumen de su presentaci\u00f3n:<\/p>\n<ul>\n<li>Por E-mail a: <a href=\"mailto:congresocg@infomed.sld.cu\">congresocg@infomed.sld.cu<\/a><\/li>\n<li>Entrega personal: Departamento de Docencia e Investigaciones del  Hospital Universitario General Calixto Garc\u00eda<\/li>\n<\/ul>\n<p><em><strong><span style=\"color: #0000ff\">Sobre los requisitos del Resumen Estructurado:<\/span> <\/strong><\/em><\/p>\n<p><strong>Formato:<\/strong>   Formato Word con letra Arial, 12  pto, espacio y medio entre l\u00edneas. El resumen no m\u00e1s de 250 palabras. El resumen debe contener una breve introducci\u00f3n, Objetivos, Materiales y M\u00e9todos, Resultados y Conclusiones.<\/p>\n<p><strong>Titulo:<\/strong> En tipo oraci\u00f3n y negrita (no usar may\u00fasculas)<\/p>\n<p><strong>Autores: <\/strong>Se escribir\u00e1n a dos espacios del t\u00edtulo. Nombre, primer apellido y segundo apellido. Separado un autor de otro por punto y coma. Subrayar el nombre y apellidos del autor que presentar\u00e1 la ponencia.<\/p>\n<p>A continuaci\u00f3n se identificar\u00e1 la(s) instituci\u00f3n(es) de procedencia de la siguiente forma: nombre de la instituci\u00f3n  y direcci\u00f3n electr\u00f3nica del ponente.<\/p>\n<p>Es necesario que se especifique con el resumen la modalidad que propone: P\u00f3ster electr\u00f3nico o cartel, Conferencia, Tema Libre, Mesa Redonda y la jornada que propone sea incluido.<\/p>\n<p><em><strong><span style=\"color: #0000ff\">Nota:<\/span> <\/strong><\/em><\/p>\n<p>El comit\u00e9 Cient\u00edfico se reservar\u00e1 el derecho de escoger las presentaciones orales.  (Conferencias y Temas libres)<\/p>\n<p>El Comit\u00e9 Organizador  informar\u00e1 por e-mail la aceptaci\u00f3n o no de las presentaciones, a partir del 1\u00ba de diciembre de 2011.<\/p>\n<p>El Comit\u00e9 Organizador garantiza que aparezca en el sitio Web del hospital el programa con los t\u00edtulos de las conferencias y de todos los trabajos aceptados.<\/p>\n<p><em><strong><span style=\"color: #0000ff\">Sobre la forma de presentaci\u00f3n de las ponencias:<\/span><\/strong><\/em><\/p>\n<p>1.- Como ponente orador en las sesiones de una Jornada: Conferencias, Paneles, Mesas redondas. Los temas libres se eval\u00faan directamente con el Subcomit\u00e9 organizador de cada Jornada.<\/p>\n<p>2.- Poster electr\u00f3nicos o en cartel, que se exponen en \u00e1rea aleda\u00f1a a cada Jornada: se recibir\u00e1 el resumen estructurado (ver requisitos) solicit\u00e1ndose la forma de presentaci\u00f3n y seg\u00fan la tem\u00e1tica se ubicar\u00e1n dentro de una Jornada que tendr\u00e1 un tiempo de debate cada d\u00eda.<\/p>\n<p>3.- El horario de las sesiones ser\u00e1 de 09:00 a 12:00 y de 13:00 a 15:00 horas<\/p>\n<p>4.- De 12:00 a  13:00 horas para almuerzo.<\/p>\n<p>5.- Los certificados se entregar\u00e1n durante las sesiones.<\/p>\n<p><em><strong> <\/strong><\/em><em><strong><span style=\"color: #0000ff\">Sobre los requisitos de los Poster Electr\u00f3nicos:<\/span> <\/strong><\/em><\/p>\n<p>Se presentaran en Power Point (Microsoft Office). Existir\u00e1 en cada sal\u00f3n una computadora para ubicar el trabajo en el orden que aparezca en el programa de poster electr\u00f3nico de ese sal\u00f3n. Un operador de computadora estar\u00e1 all\u00ed para esta funci\u00f3n que exigir\u00e1 dicho formato.<\/p>\n<p><em><span style=\"color: #0000ff\"><strong>Sobre los requisitos de los Poster en Cartel<\/strong>:<\/span><\/em><\/p>\n<p>Carteles de 1m x 90cm. Llevar precinta transparente para ubicarlo en las paredes de la sala correspondiente o en murales para este objetivo. En el sal\u00f3n estar\u00e1 expuesto el programa de p\u00f3ster y el propio operador de micro en funci\u00f3n de los p\u00f3steres electr\u00f3nicos lo ayudar\u00e1 a ubicar los carteles.<\/p>\n","protected":false},"excerpt":{"rendered":"<p>Env\u00edo de res\u00famenes La fecha l\u00edmite para la recepci\u00f3n de los res\u00famenes ser\u00e1 el 30 de noviembre 2011 Los autores deben enviar el resumen de su presentaci\u00f3n: Por E-mail a: congresocg@infomed.sld.cu Entrega personal: Departamento de Docencia e Investigaciones del Hospital Universitario General Calixto Garc\u00eda Sobre los requisitos del Resumen Estructurado: Formato: Formato Word con letra [&hellip;]<\/p>\n","protected":false},"author":57,"featured_media":0,"parent":0,"menu_order":11,"comment_status":"closed","ping_status":"closed","template":"","meta":[],"_links":{"self":[{"href":"https:\/\/promociondeeventos.sld.cu\/calixto2012\/wp-json\/wp\/v2\/pages\/22"}],"collection":[{"href":"https:\/\/promociondeeventos.sld.cu\/calixto2012\/wp-json\/wp\/v2\/pages"}],"about":[{"href":"https:\/\/promociondeeventos.sld.cu\/calixto2012\/wp-json\/wp\/v2\/types\/page"}],"author":[{"embeddable":true,"href":"https:\/\/promociondeeventos.sld.cu\/calixto2012\/wp-json\/wp\/v2\/users\/57"}],"replies":[{"embeddable":true,"href":"https:\/\/promociondeeventos.sld.cu\/calixto2012\/wp-json\/wp\/v2\/comments?post=22"}],"version-history":[{"count":6,"href":"https:\/\/promociondeeventos.sld.cu\/calixto2012\/wp-json\/wp\/v2\/pages\/22\/revisions"}],"predecessor-version":[{"id":146,"href":"https:\/\/promociondeeventos.sld.cu\/calixto2012\/wp-json\/wp\/v2\/pages\/22\/revisions\/146"}],"wp:attachment":[{"href":"https:\/\/promociondeeventos.sld.cu\/calixto2012\/wp-json\/wp\/v2\/media?parent=22"}],"curies":[{"name":"wp","href":"https:\/\/api.w.org\/{rel}","templated":true}]}}