{"id":190,"date":"2011-12-27T15:07:15","date_gmt":"2011-12-27T20:07:15","guid":{"rendered":"http:\/\/promociondeeventos.sld.cu\/calixto2012\/?page_id=190"},"modified":"2011-12-27T15:13:58","modified_gmt":"2011-12-27T20:13:58","slug":"curso-de-electrocardiografia","status":"publish","type":"page","link":"https:\/\/promociondeeventos.sld.cu\/calixto2012\/cursos-precongresos\/curso-de-electrocardiografia\/","title":{"rendered":"Curso de electrocardiografia"},"content":{"rendered":"<ol>\n<li>A\u00f1o acad\u00e9mico:\u00a0 2011-2012<\/li>\n<li>Especialidad (es): cardiologia.<\/li>\n<li>Tipo de actividad:\u00a0 curso<\/li>\n<li>Sede (s): cardiologia. Hcg<\/li>\n<li>Profesor principal o coordinador: dr. Osoria mengana. Lludenich<\/li>\n<li>Nivel: provincial<\/li>\n<li>Profesionales a quienes va dirigida la actividad: m\u00e9dicos residentes y especialistas<\/li>\n<li>Duraci\u00f3n en horas: 8 horas<\/li>\n<li>Modalidad de dedicaci\u00f3n: teorico practico<\/li>\n<li>Grado de comparecencia:\u00a0 conferencias, clases talleres\u00a0 y trabajos de present5acion<\/li>\n<li>Matr\u00edcula total:\u00a0 30<\/li>\n<li>Fecha de inicio: jueves 27\/12\/2012<\/li>\n<li>Fecha de terminaci\u00f3n: 28\/12\/2012<\/li>\n<\/ol>\n<p>Programa docente<\/p>\n<p><strong>1. <\/strong>Fundamentaci\u00f3n \u00a0verdaderas dificultades tienen los medicos en la practica diaria para interpretar adecuadamente el\u00a0 electrocardiograma, entregar de un enfoque didactico este tema, nos consolida en este medio diagnostico, uno de los mas usados en la consultas.<strong> <\/strong><\/p>\n<p><strong>2. <\/strong>Objetivo(s) general(es)<\/p>\n<p>Estimular hacia un metodo pr\u00e1ctico de evaluacion del electrocardiograma.<strong> <\/strong><\/p>\n<p><strong>3. <\/strong>Temas principales y contenidos por temas:<\/p>\n<p>Aspectos generales de la electrocardiografia<\/p>\n<p>Alteraciones del ritmo<\/p>\n<p>Hipertrofias y crecimientos.<\/p>\n<p>Trastornos de conduccion.<\/p>\n<p>Patrones de cardiopatia isquemica<strong> <\/strong><\/p>\n<p><strong>4. <\/strong>Estrategia docente: Encuentros\u00a0 teorico-practicos<\/p>\n<p><strong>5. <\/strong>M\u00e9todo: presencial<\/p>\n<p><strong>6. <\/strong>Formas de organizaci\u00f3n:Conferencias\u00a0 y \u00a0discusiones.\u00a0\u00a0 An\u00e1lisis de casos problemicos.<strong> <\/strong><\/p>\n<p><strong>7. <\/strong>Medios y recursos del aprendizaje a emplear:<\/p>\n<p>Aula, computadora, video proyector, pizarron, plumon, hojas.<\/p>\n<p>3o sillas pupitres.<\/p>\n<p>9. Organizaci\u00f3n, horario y calendario de las actividades por temas, contenidos, objetivos, foe, profesores, d\u00edas y semanas<\/p>\n<table style=\"height: 250px\" border=\"1\" cellspacing=\"0\" cellpadding=\"0\" width=\"479\">\n<tbody>\n<tr>\n<td width=\"80\">\n<p align=\"center\">Fecha<\/p>\n<\/td>\n<td width=\"125\">Tema y contenido<\/td>\n<td width=\"132\">\n<p align=\"center\">Objetivo(s)<\/p>\n<\/td>\n<td width=\"60\">\n<p align=\"center\">Foe<\/p>\n<\/td>\n<td width=\"71\">\n<p align=\"center\">Duraci\u00f3n   horas<\/p>\n<\/td>\n<td width=\"92\">\n<p align=\"center\">Profesor(es)<\/p>\n<\/td>\n<\/tr>\n<tr>\n<td width=\"80\" valign=\"top\">27\/1\/2012<\/p>\n<p>09:00 am<\/td>\n<td width=\"125\" valign=\"top\">Historia,<\/td>\n<td width=\"132\" valign=\"top\">Introduccion a la materia<\/td>\n<td width=\"60\" valign=\"top\">Conf<\/td>\n<td width=\"71\" valign=\"top\">30 min<\/td>\n<td width=\"92\" valign=\"top\">Dr Osoria<\/td>\n<\/tr>\n<tr>\n<td width=\"80\" valign=\"top\">27\/1\/2011<\/p>\n<p>10:30 am<\/td>\n<td width=\"125\" valign=\"top\">Ecg normal<\/td>\n<td width=\"132\" valign=\"top\">Ecg normal, eje, fc, informe<\/td>\n<td width=\"60\" valign=\"top\">Conf<\/td>\n<td width=\"71\" valign=\"top\">30 min<\/td>\n<td width=\"92\" valign=\"top\">Dr Osoria<\/td>\n<\/tr>\n<tr>\n<td width=\"80\" valign=\"top\">27\/1\/2011<\/p>\n<p>11:30 pm<\/td>\n<td width=\"125\" valign=\"top\">Alteraciones del ritmo<\/td>\n<td width=\"132\" valign=\"top\">Arritmias cardiacas<\/td>\n<td width=\"60\" valign=\"top\">Conf<\/td>\n<td width=\"71\" valign=\"top\">30 min<\/td>\n<td width=\"92\" valign=\"top\">Dr Osoria<\/td>\n<\/tr>\n<tr>\n<td width=\"80\" valign=\"top\">27\/1\/2011<\/p>\n<p>11:30 pm<\/td>\n<td width=\"125\" valign=\"top\">Hitertrofias y dilatacion<\/td>\n<td width=\"132\" valign=\"top\">Patrones de hipertrofia y dil<\/td>\n<td width=\"60\" valign=\"top\">Conf<\/td>\n<td width=\"71\" valign=\"top\">30 min<\/td>\n<td width=\"92\" valign=\"top\">Dr Osoria<\/td>\n<\/tr>\n<tr>\n<td width=\"80\" valign=\"top\">27\/11\/2011<\/p>\n<p>1:30 pm<\/td>\n<td width=\"125\" valign=\"top\">Cardiopatia isquemica<\/td>\n<td width=\"132\" valign=\"top\">Signos ecg de lesion , isquemia y necrosis<\/td>\n<td width=\"60\" valign=\"top\">Conf<\/td>\n<td width=\"71\" valign=\"top\">30 min<\/td>\n<td width=\"92\" valign=\"top\">Dr Osoria<\/td>\n<\/tr>\n<\/tbody>\n<\/table>\n<p><strong>9. <\/strong>Bibliograf\u00eda o documentos b\u00e1sicos, auxiliares y complementarios, a emplear y a disposici\u00f3n de los participantes (especificar si se va entregar; lugar d\u00f3nde se encuentra, otros)<strong> <\/strong><\/p>\n<p><strong>10. <\/strong><span style=\"text-decoration: underline\">Coordinador<\/span><\/p>\n<p>Dr. Osoria mengana. Lludenich<\/p>\n<p>Msc y Esp. 1er grado y\u00a0 pp de\u00a0 cardiologia. Hcg<\/p>\n<p>Diplomado en educacion medica<\/p>\n<p><strong>11. <\/strong>Mini-curr\u00edculo de los profesores:<\/p>\n<ul>\n<li>Nombre y apellidos: dr. Osoria mengana. Lludenich<\/li>\n<li>Centro de trabajo: dto de cardiologia . Hcg<\/li>\n<li>Cargo que ocupa: prof principal de cardiologia<\/li>\n<li>Perfil o especialidad profesional: medico especialista<\/li>\n<li>Grado especialidad (si m\u00e9dico):\u00a0 de 1er grago en cardiologia<\/li>\n<li>Categor\u00eda docente y de investigaci\u00f3n: instructor. Diplomadoen educacion medica 2010\u00a0 (y en fase de\u00a0 terminacion\u00a0 de la maestria educacion medica)<\/li>\n<li>Categor\u00eda cient\u00edfica: aspirante investigador<\/li>\n<li>Grado cient\u00edfico: master en enf infecciosas<\/li>\n<li>A\u00f1os de experiencia profesional: 14<\/li>\n<li>Cursos postgrados recibidos: 21<\/li>\n<li>Cursos postgrado impartidos: 16<\/li>\n<li>N\u00ba de publicaciones en los \u00faltimos cinco a\u00f1os: 3<\/li>\n<\/ul>\n<p>&#8211; protocolo de desensibilisacion a la aspirina en ptes con card isq y alergia a este farmaco<\/p>\n<p>&#8211; enf cerebrovascular enptes\u00a0 de ls ucom en hcg<\/p>\n<p>&#8211; evaluacio ecocardiografia del pte geriatrico<\/p>\n<ul>\n<li>T\u00edtulo de las investigaciones realizadas en los \u00faltimos cinco a\u00f1os:<\/li>\n<\/ul>\n<p>Endocarditis infecciosa (un caso con ei brucelar)<\/p>\n<p>Vih-sida y diseccion aortica<\/p>\n<p>Endocarditis no infecciosa (likman sack)<\/p>\n<p>Miocardiopatias toxicas (anabolicos)<\/p>\n<p>Rehabilitacion cardiaca en hcg<\/p>\n<p>Trombolisis en la comunidad<\/p>\n<p>Anticoagulacion en miocardiopatias<\/p>\n<p>Propuesta de un curso modular en el plan de estudio de cardiologia<\/p>\n<p>Manejo actualizado del ima<\/p>\n<p>Mioglobina, valor de uso en\u00a0 el sind. Coronario (ttr)<\/p>\n<p>Caracterizacioin\u00a0 del sca en mujeres del area\u00a0 de salud (ttr)<\/p>\n<p>Patrones ecocardiog del pte renal terminal<\/p>\n","protected":false},"excerpt":{"rendered":"<p>A\u00f1o acad\u00e9mico:\u00a0 2011-2012 Especialidad (es): cardiologia. Tipo de actividad:\u00a0 curso Sede (s): cardiologia. Hcg Profesor principal o coordinador: dr. Osoria mengana. Lludenich Nivel: provincial Profesionales a quienes va dirigida la actividad: m\u00e9dicos residentes y especialistas Duraci\u00f3n en horas: 8 horas Modalidad de dedicaci\u00f3n: teorico practico Grado de comparecencia:\u00a0 conferencias, clases talleres\u00a0 y trabajos de present5acion [&hellip;]<\/p>\n","protected":false},"author":57,"featured_media":0,"parent":46,"menu_order":0,"comment_status":"closed","ping_status":"closed","template":"","meta":[],"_links":{"self":[{"href":"https:\/\/promociondeeventos.sld.cu\/calixto2012\/wp-json\/wp\/v2\/pages\/190"}],"collection":[{"href":"https:\/\/promociondeeventos.sld.cu\/calixto2012\/wp-json\/wp\/v2\/pages"}],"about":[{"href":"https:\/\/promociondeeventos.sld.cu\/calixto2012\/wp-json\/wp\/v2\/types\/page"}],"author":[{"embeddable":true,"href":"https:\/\/promociondeeventos.sld.cu\/calixto2012\/wp-json\/wp\/v2\/users\/57"}],"replies":[{"embeddable":true,"href":"https:\/\/promociondeeventos.sld.cu\/calixto2012\/wp-json\/wp\/v2\/comments?post=190"}],"version-history":[{"count":2,"href":"https:\/\/promociondeeventos.sld.cu\/calixto2012\/wp-json\/wp\/v2\/pages\/190\/revisions"}],"predecessor-version":[{"id":196,"href":"https:\/\/promociondeeventos.sld.cu\/calixto2012\/wp-json\/wp\/v2\/pages\/190\/revisions\/196"}],"up":[{"embeddable":true,"href":"https:\/\/promociondeeventos.sld.cu\/calixto2012\/wp-json\/wp\/v2\/pages\/46"}],"wp:attachment":[{"href":"https:\/\/promociondeeventos.sld.cu\/calixto2012\/wp-json\/wp\/v2\/media?parent=190"}],"curies":[{"name":"wp","href":"https:\/\/api.w.org\/{rel}","templated":true}]}}