{"id":18,"date":"2011-11-23T11:08:33","date_gmt":"2011-11-23T16:08:33","guid":{"rendered":"http:\/\/promociondeeventos.sld.cu\/calixto2012\/?page_id=18"},"modified":"2011-11-24T11:55:33","modified_gmt":"2011-11-24T16:55:33","slug":"comite-de-honor-e-invitados","status":"publish","type":"page","link":"https:\/\/promociondeeventos.sld.cu\/calixto2012\/comite-de-honor-e-invitados\/","title":{"rendered":"Comit\u00e9 de honor e invitados"},"content":{"rendered":"<p><strong><em><span style=\"color: #0000ff\">Comit\u00e9 de honor<\/span><\/em><\/strong><\/p>\n<ul>\n<li>Dr. Jos\u00e9 Ram\u00f3n Machado Ventura<\/li>\n<li>Dr. Roberto Tom\u00e1s Morales Ojeda<\/li>\n<li>Dr. Jorge Gonz\u00e1lez P\u00e9rez<\/li>\n<\/ul>\n<p><strong><em><span style=\"color: #0000ff\">Invitados<\/span><\/em><\/strong><\/p>\n<ul>\n<li>Dr. Eusebio Leal Spengler<\/li>\n<li>Dr. Delio Carreras Cuevas<\/li>\n<li>Centro de Inmunolog\u00eda Molecular<\/li>\n<li>Centro Nacional Coordinador de Ensayos Cl\u00ednicos<\/li>\n<li>Centro de Ingenier\u00eda Gen\u00e9tica y Biotecnolog\u00eda<\/li>\n<li>Directores Nacionales del Minsap<\/li>\n<li>Directores de los Centros del Polo Cient\u00edfico<\/li>\n<li>Miembros del Bur\u00f3 Provincial PCC de la Ciudad<\/li>\n<li>Vice Presidentes del Gobierno de la Ciudad<\/li>\n<li>Sub Directores de Salud de la Ciudad<\/li>\n<li>Jefes de Grupo Nacionales del Minsap<\/li>\n<li>Directores de Institutos y Hospitales Nacionales<\/li>\n<li>Directores y Sub Directores Provinciales de Salud<\/li>\n<li>Directores de Hospitales con Categor\u00eda Provincial<\/li>\n<li>Antiguos Directores del Hospital Universitario General Calixto Garc\u00eda<\/li>\n<li>Profesores Em\u00e9ritos del Hospital Universitario<\/li>\n<\/ul>\n","protected":false},"excerpt":{"rendered":"<p>Comit\u00e9 de honor Dr. Jos\u00e9 Ram\u00f3n Machado Ventura Dr. Roberto Tom\u00e1s Morales Ojeda Dr. Jorge Gonz\u00e1lez P\u00e9rez Invitados Dr. Eusebio Leal Spengler Dr. Delio Carreras Cuevas Centro de Inmunolog\u00eda Molecular Centro Nacional Coordinador de Ensayos Cl\u00ednicos Centro de Ingenier\u00eda Gen\u00e9tica y Biotecnolog\u00eda Directores Nacionales del Minsap Directores de los Centros del Polo Cient\u00edfico Miembros del [&hellip;]<\/p>\n","protected":false},"author":57,"featured_media":0,"parent":0,"menu_order":5,"comment_status":"closed","ping_status":"closed","template":"","meta":[],"_links":{"self":[{"href":"https:\/\/promociondeeventos.sld.cu\/calixto2012\/wp-json\/wp\/v2\/pages\/18"}],"collection":[{"href":"https:\/\/promociondeeventos.sld.cu\/calixto2012\/wp-json\/wp\/v2\/pages"}],"about":[{"href":"https:\/\/promociondeeventos.sld.cu\/calixto2012\/wp-json\/wp\/v2\/types\/page"}],"author":[{"embeddable":true,"href":"https:\/\/promociondeeventos.sld.cu\/calixto2012\/wp-json\/wp\/v2\/users\/57"}],"replies":[{"embeddable":true,"href":"https:\/\/promociondeeventos.sld.cu\/calixto2012\/wp-json\/wp\/v2\/comments?post=18"}],"version-history":[{"count":3,"href":"https:\/\/promociondeeventos.sld.cu\/calixto2012\/wp-json\/wp\/v2\/pages\/18\/revisions"}],"predecessor-version":[{"id":20,"href":"https:\/\/promociondeeventos.sld.cu\/calixto2012\/wp-json\/wp\/v2\/pages\/18\/revisions\/20"}],"wp:attachment":[{"href":"https:\/\/promociondeeventos.sld.cu\/calixto2012\/wp-json\/wp\/v2\/media?parent=18"}],"curies":[{"name":"wp","href":"https:\/\/api.w.org\/{rel}","templated":true}]}}