{"id":11,"date":"2011-11-23T10:54:35","date_gmt":"2011-11-23T15:54:35","guid":{"rendered":"http:\/\/promociondeeventos.sld.cu\/calixto2012\/organizan-y-auspician\/"},"modified":"2011-11-24T11:48:23","modified_gmt":"2011-11-24T16:48:23","slug":"organizan-y-auspician","status":"publish","type":"page","link":"https:\/\/promociondeeventos.sld.cu\/calixto2012\/organizan-y-auspician\/","title":{"rendered":"Organizan y Auspician"},"content":{"rendered":"<p><strong><em><span style=\"color: #0000ff\">Auspiciado por:<\/span><\/em><\/strong><\/p>\n<ul>\n<li>Ministerio de Salud P\u00fablica (MINSAP- Cuba)<\/li>\n<li>Universidad de Ciencias M\u00e9dicas de La Habana<\/li>\n<li>Escuela Nacional de Salud P\u00fablica<\/li>\n<li>Oficina del Historiador de la Ciudad<\/li>\n<li>Sindicato Nacional de la Salud<\/li>\n<li>AMECA<\/li>\n<\/ul>\n<p><strong><em><span style=\"color: #0000ff\">Copatricionado por:<\/span><\/em><\/strong><\/p>\n<ul>\n<li>Facultad de Ciencias M\u00e9dicas Calixto\u00a0 Garc\u00eda<\/li>\n<li>Centro Nacional Coordinador de Ensayos Cl\u00ednicos<\/li>\n<li>Centro Iberoamericano de la Tercera Edad (CITED)<\/li>\n<li>Instituto de Gastroenterolog\u00eda<\/li>\n<li>Instituto de Medicina Tropical \u00abDr. Pedro Kouri\u00bb<\/li>\n<li>Direcci\u00f3n Provincial de Salud<\/li>\n<\/ul>\n","protected":false},"excerpt":{"rendered":"<p>Auspiciado por: Ministerio de Salud P\u00fablica (MINSAP- Cuba) Universidad de Ciencias M\u00e9dicas de La Habana Escuela Nacional de Salud P\u00fablica Oficina del Historiador de la Ciudad Sindicato Nacional de la Salud AMECA Copatricionado por: Facultad de Ciencias M\u00e9dicas Calixto\u00a0 Garc\u00eda Centro Nacional Coordinador de Ensayos Cl\u00ednicos Centro Iberoamericano de la Tercera Edad (CITED) Instituto de [&hellip;]<\/p>\n","protected":false},"author":57,"featured_media":0,"parent":0,"menu_order":1,"comment_status":"closed","ping_status":"closed","template":"","meta":[],"_links":{"self":[{"href":"https:\/\/promociondeeventos.sld.cu\/calixto2012\/wp-json\/wp\/v2\/pages\/11"}],"collection":[{"href":"https:\/\/promociondeeventos.sld.cu\/calixto2012\/wp-json\/wp\/v2\/pages"}],"about":[{"href":"https:\/\/promociondeeventos.sld.cu\/calixto2012\/wp-json\/wp\/v2\/types\/page"}],"author":[{"embeddable":true,"href":"https:\/\/promociondeeventos.sld.cu\/calixto2012\/wp-json\/wp\/v2\/users\/57"}],"replies":[{"embeddable":true,"href":"https:\/\/promociondeeventos.sld.cu\/calixto2012\/wp-json\/wp\/v2\/comments?post=11"}],"version-history":[{"count":2,"href":"https:\/\/promociondeeventos.sld.cu\/calixto2012\/wp-json\/wp\/v2\/pages\/11\/revisions"}],"predecessor-version":[{"id":37,"href":"https:\/\/promociondeeventos.sld.cu\/calixto2012\/wp-json\/wp\/v2\/pages\/11\/revisions\/37"}],"wp:attachment":[{"href":"https:\/\/promociondeeventos.sld.cu\/calixto2012\/wp-json\/wp\/v2\/media?parent=11"}],"curies":[{"name":"wp","href":"https:\/\/api.w.org\/{rel}","templated":true}]}}

<p><strong><em><span style="color: #0000ff">Auspiciado por:</span></em></strong></p>
<ul>
<li>Ministerio de Salud Pública (MINSAP- Cuba)</li>
<li>Universidad de Ciencias Médicas de La Habana</li>
<li>Escuela Nacional de Salud Pública</li>
<li>Oficina del Historiador de la Ciudad</li>
<li>Sindicato Nacional de la Salud</li>
<li>AMECA</li>
</ul>
<p><strong><em><span style="color: #0000ff">Copatricionado por:</span></em></strong></p>
<ul>
<li>Facultad de Ciencias Médicas Calixto  García</li>
<li>Centro Nacional Coordinador de Ensayos Clínicos</li>
<li>Centro Iberoamericano de la Tercera Edad (CITED)</li>
<li>Instituto de Gastroenterología</li>
<li>Instituto de Medicina Tropical «Dr. Pedro Kouri»</li>
<li>Dirección Provincial de Salud</li>
</ul>

<p>Auspiciado por: Ministerio de Salud Pública (MINSAP- Cuba) Universidad de Ciencias Médicas de La Habana Escuela Nacional de Salud Pública Oficina del Historiador de la Ciudad Sindicato Nacional de la Salud AMECA Copatricionado por: Facultad de Ciencias Médicas Calixto  García Centro Nacional Coordinador de Ensayos Clínicos Centro Iberoamericano de la Tercera Edad (CITED) Instituto de [&hellip;]</p>
