{"id":17,"date":"2024-12-22T21:32:12","date_gmt":"2024-12-22T21:32:12","guid":{"rendered":"https:\/\/promociondeeventos.sld.cu\/bioqholg2025\/?page_id=17"},"modified":"2024-12-22T21:43:43","modified_gmt":"2024-12-22T21:43:43","slug":"normas-de-presentacion","status":"publish","type":"page","link":"https:\/\/promociondeeventos.sld.cu\/bioqholg2025\/normas-de-presentacion\/","title":{"rendered":"Normas de presentaci\u00f3n"},"content":{"rendered":"<p><strong>Conferencias<\/strong>: Deben tener: resumen, introducci\u00f3n, objetivos, contenidos, consideraciones finales y referencias bibliogr\u00e1ficas. Un autor (profesor).<\/p>\n<p><strong>P\u00f3steres digitales<\/strong>: Seg\u00fan la plantilla de p\u00f3steres creada para el evento. Letras legibles y sencillas. Textos breves, claros y concisos, cada p\u00f3ster debe tener solo una p\u00e1gina. Deben contener t\u00edtulo, autores (m\u00e1ximo 5), introducci\u00f3n, m\u00e9todos, resultados, conclusiones.<\/p>\n<p><strong>Recursos educativos digitales<\/strong>: infograf\u00edas y mapas conceptuales. Autores hasta 3. Los archivos se enviar\u00e1n en formato Powerpoint y un tama\u00f1o inferior a 20MB.<\/p>\n","protected":false},"excerpt":{"rendered":"<p>Conferencias: Deben tener: resumen, introducci\u00f3n, objetivos, contenidos, consideraciones finales y referencias bibliogr\u00e1ficas. Un autor (profesor). P\u00f3steres digitales: Seg\u00fan la plantilla de p\u00f3steres creada para el evento. Letras legibles y sencillas. Textos breves, claros y concisos, cada p\u00f3ster debe tener solo una p\u00e1gina. Deben contener t\u00edtulo, autores (m\u00e1ximo 5), introducci\u00f3n, m\u00e9todos, resultados, conclusiones. Recursos educativos digitales: [&hellip;]<\/p>\n","protected":false},"author":3262,"featured_media":0,"parent":0,"menu_order":0,"comment_status":"closed","ping_status":"closed","template":"","meta":[],"_links":{"self":[{"href":"https:\/\/promociondeeventos.sld.cu\/bioqholg2025\/wp-json\/wp\/v2\/pages\/17"}],"collection":[{"href":"https:\/\/promociondeeventos.sld.cu\/bioqholg2025\/wp-json\/wp\/v2\/pages"}],"about":[{"href":"https:\/\/promociondeeventos.sld.cu\/bioqholg2025\/wp-json\/wp\/v2\/types\/page"}],"author":[{"embeddable":true,"href":"https:\/\/promociondeeventos.sld.cu\/bioqholg2025\/wp-json\/wp\/v2\/users\/3262"}],"replies":[{"embeddable":true,"href":"https:\/\/promociondeeventos.sld.cu\/bioqholg2025\/wp-json\/wp\/v2\/comments?post=17"}],"version-history":[{"count":2,"href":"https:\/\/promociondeeventos.sld.cu\/bioqholg2025\/wp-json\/wp\/v2\/pages\/17\/revisions"}],"predecessor-version":[{"id":33,"href":"https:\/\/promociondeeventos.sld.cu\/bioqholg2025\/wp-json\/wp\/v2\/pages\/17\/revisions\/33"}],"wp:attachment":[{"href":"https:\/\/promociondeeventos.sld.cu\/bioqholg2025\/wp-json\/wp\/v2\/media?parent=17"}],"curies":[{"name":"wp","href":"https:\/\/api.w.org\/{rel}","templated":true}]}}