{"id":7,"date":"2011-09-04T18:26:20","date_gmt":"2011-09-04T22:26:20","guid":{"rendered":"http:\/\/promociondeeventos.sld.cu\/aprendizajesocial2011\/?page_id=7"},"modified":"2011-09-06T11:33:24","modified_gmt":"2011-09-06T15:33:24","slug":"formato-y-envio-de-trabajos","status":"publish","type":"page","link":"https:\/\/promociondeeventos.sld.cu\/aprendizajesocial2011\/formato-y-envio-de-trabajos\/","title":{"rendered":"Formato y env\u00edo de trabajos"},"content":{"rendered":"<p>Env\u00edo de Ponencias: a sisley@infomed.sld.cu hasta el 10 de septiembre del 2011<br \/>\nFormato de los trabajos:<\/p>\n<p>Las ponencias deben enviarse en formato pdf, tendr\u00e1n un tama\u00f1o menor de 600 KB y no deben contener animaciones ni flash.<br \/>\nEl contenido de la presentaci\u00f3n debe ajustarse a la tem\u00e1tica del evento. El comit\u00e9 organizador evaluar\u00e1 los trabajos y la aprobar\u00e1 si re\u00fane los requisitos establecidos.<\/p>\n<p>Los trabajos deben contar con el siguiente formato:<br \/>\n\u00e2\u20ac\u00a2 Primera P\u00e1gina: t\u00edtulo, autores, instituci\u00f3n donde laboran y direcci\u00f3n de correo electr\u00f3nico de contacto<br \/>\n\u00e2\u20ac\u00a2 Introducci\u00f3n: debe incluir el objetivo del trabajo<br \/>\n\u00e2\u20ac\u00a2 Desarrollo<br \/>\n\u00e2\u20ac\u00a2 Consideraciones finales o conclusiones<br \/>\n\u00e2\u20ac\u00a2 Referencias bibliogr\u00e1ficas<\/p>\n<p>Env\u00edo de Ponencias: a sisley@infomed.sld.cu hasta el 10 de septiembre del 2011<\/p>\n","protected":false},"excerpt":{"rendered":"<p>Env\u00edo de Ponencias: a sisley@infomed.sld.cu hasta el 10 de septiembre del 2011 Formato de los trabajos: Las ponencias deben enviarse en formato pdf, tendr\u00e1n un tama\u00f1o menor de 600 KB y no deben contener animaciones ni flash. El contenido de la presentaci\u00f3n debe ajustarse a la tem\u00e1tica del evento. El comit\u00e9 organizador evaluar\u00e1 los trabajos [&hellip;]<\/p>\n","protected":false},"author":1,"featured_media":0,"parent":0,"menu_order":5,"comment_status":"closed","ping_status":"closed","template":"","meta":[],"_links":{"self":[{"href":"https:\/\/promociondeeventos.sld.cu\/aprendizajesocial2011\/wp-json\/wp\/v2\/pages\/7"}],"collection":[{"href":"https:\/\/promociondeeventos.sld.cu\/aprendizajesocial2011\/wp-json\/wp\/v2\/pages"}],"about":[{"href":"https:\/\/promociondeeventos.sld.cu\/aprendizajesocial2011\/wp-json\/wp\/v2\/types\/page"}],"author":[{"embeddable":true,"href":"https:\/\/promociondeeventos.sld.cu\/aprendizajesocial2011\/wp-json\/wp\/v2\/users\/1"}],"replies":[{"embeddable":true,"href":"https:\/\/promociondeeventos.sld.cu\/aprendizajesocial2011\/wp-json\/wp\/v2\/comments?post=7"}],"version-history":[{"count":3,"href":"https:\/\/promociondeeventos.sld.cu\/aprendizajesocial2011\/wp-json\/wp\/v2\/pages\/7\/revisions"}],"predecessor-version":[{"id":9,"href":"https:\/\/promociondeeventos.sld.cu\/aprendizajesocial2011\/wp-json\/wp\/v2\/pages\/7\/revisions\/9"}],"wp:attachment":[{"href":"https:\/\/promociondeeventos.sld.cu\/aprendizajesocial2011\/wp-json\/wp\/v2\/media?parent=7"}],"curies":[{"name":"wp","href":"https:\/\/api.w.org\/{rel}","templated":true}]}}

Formato y envío de trabajos

<p>Envío de Ponencias: a sisley@infomed.sld.cu hasta el 10 de septiembre del 2011<br />
Formato de los trabajos:</p>
<p>Las ponencias deben enviarse en formato pdf, tendrán un tamaño menor de 600 KB y no deben contener animaciones ni flash.<br />
El contenido de la presentación debe ajustarse a la temática del evento. El comité organizador evaluará los trabajos y la aprobará si reúne los requisitos establecidos.</p>
<p>Los trabajos deben contar con el siguiente formato:<br />
â€¢ Primera Página: título, autores, institución donde laboran y dirección de correo electrónico de contacto<br />
â€¢ Introducción: debe incluir el objetivo del trabajo<br />
â€¢ Desarrollo<br />
â€¢ Consideraciones finales o conclusiones<br />
â€¢ Referencias bibliográficas</p>
<p>Envío de Ponencias: a sisley@infomed.sld.cu hasta el 10 de septiembre del 2011</p>

<p>Envío de Ponencias: a sisley@infomed.sld.cu hasta el 10 de septiembre del 2011 Formato de los trabajos: Las ponencias deben enviarse en formato pdf, tendrán un tamaño menor de 600 KB y no deben contener animaciones ni flash. El contenido de la presentación debe ajustarse a la temática del evento. El comité organizador evaluará los trabajos [&hellip;]</p>
