{"id":5,"date":"2011-09-04T18:21:40","date_gmt":"2011-09-04T22:21:40","guid":{"rendered":"http:\/\/promociondeeventos.sld.cu\/aprendizajesocial2011\/?page_id=5"},"modified":"2011-09-06T11:29:43","modified_gmt":"2011-09-06T15:29:43","slug":"tematicas","status":"publish","type":"page","link":"https:\/\/promociondeeventos.sld.cu\/aprendizajesocial2011\/tematicas\/","title":{"rendered":"Tem\u00e1ticas"},"content":{"rendered":"<p>1. La ecolog\u00eda de los medios tecnol\u00f3gicos y su impacto en la educaci\u00f3n<br \/>\n2. Anal\u00edtica del aprendizaje<br \/>\n3. Aprendizaje Social Abierto (Open Social Learning)<\/p>\n","protected":false},"excerpt":{"rendered":"<p>1. La ecolog\u00eda de los medios tecnol\u00f3gicos y su impacto en la educaci\u00f3n 2. Anal\u00edtica del aprendizaje 3. Aprendizaje Social Abierto (Open Social Learning)<\/p>\n","protected":false},"author":1,"featured_media":0,"parent":0,"menu_order":4,"comment_status":"closed","ping_status":"closed","template":"","meta":[],"_links":{"self":[{"href":"https:\/\/promociondeeventos.sld.cu\/aprendizajesocial2011\/wp-json\/wp\/v2\/pages\/5"}],"collection":[{"href":"https:\/\/promociondeeventos.sld.cu\/aprendizajesocial2011\/wp-json\/wp\/v2\/pages"}],"about":[{"href":"https:\/\/promociondeeventos.sld.cu\/aprendizajesocial2011\/wp-json\/wp\/v2\/types\/page"}],"author":[{"embeddable":true,"href":"https:\/\/promociondeeventos.sld.cu\/aprendizajesocial2011\/wp-json\/wp\/v2\/users\/1"}],"replies":[{"embeddable":true,"href":"https:\/\/promociondeeventos.sld.cu\/aprendizajesocial2011\/wp-json\/wp\/v2\/comments?post=5"}],"version-history":[{"count":4,"href":"https:\/\/promociondeeventos.sld.cu\/aprendizajesocial2011\/wp-json\/wp\/v2\/pages\/5\/revisions"}],"predecessor-version":[{"id":26,"href":"https:\/\/promociondeeventos.sld.cu\/aprendizajesocial2011\/wp-json\/wp\/v2\/pages\/5\/revisions\/26"}],"wp:attachment":[{"href":"https:\/\/promociondeeventos.sld.cu\/aprendizajesocial2011\/wp-json\/wp\/v2\/media?parent=5"}],"curies":[{"name":"wp","href":"https:\/\/api.w.org\/{rel}","templated":true}]}}

Temáticas

<p>1. La ecología de los medios tecnológicos y su impacto en la educación<br />
2. Analítica del aprendizaje<br />
3. Aprendizaje Social Abierto (Open Social Learning)</p>

<p>1. La ecología de los medios tecnológicos y su impacto en la educación 2. Analítica del aprendizaje 3. Aprendizaje Social Abierto (Open Social Learning)</p>
