{"id":10,"date":"2011-09-04T18:29:40","date_gmt":"2011-09-04T22:29:40","guid":{"rendered":"http:\/\/promociondeeventos.sld.cu\/aprendizajesocial2011\/?page_id=10"},"modified":"2011-09-06T12:00:47","modified_gmt":"2011-09-06T16:00:47","slug":"conferencistas-invitados","status":"publish","type":"page","link":"https:\/\/promociondeeventos.sld.cu\/aprendizajesocial2011\/conferencistas-invitados\/","title":{"rendered":"Conferencistas invitados"},"content":{"rendered":"<p>1. Dolors Reig (Espa\u00f1a)<br \/>\n2. Dolors Capdet (Espa\u00f1a)<br \/>\n3. Juan Domingo Farn\u00f3s ( Espa\u00f1a)<br \/>\n4. Manuel \u00c1reas ( Espa\u00f1a)<br \/>\n5. Crist\u00f3bal Cobo (M\u00e9xico)<br \/>\n6. Ramiro Aduviri Velasco (Bolivia)<br \/>\n7. Alejandro Piscitelli (Argentina)<br \/>\n8. Cosette Esp\u00edndola de Castro (Brasil)<br \/>\n9. Laybet Colmenares (Venezuela)<\/p>\n","protected":false},"excerpt":{"rendered":"<p>1. Dolors Reig (Espa\u00f1a) 2. Dolors Capdet (Espa\u00f1a) 3. Juan Domingo Farn\u00f3s ( Espa\u00f1a) 4. Manuel \u00c1reas ( Espa\u00f1a) 5. Crist\u00f3bal Cobo (M\u00e9xico) 6. Ramiro Aduviri Velasco (Bolivia) 7. Alejandro Piscitelli (Argentina) 8. Cosette Esp\u00edndola de Castro (Brasil) 9. Laybet Colmenares (Venezuela)<\/p>\n","protected":false},"author":1,"featured_media":0,"parent":0,"menu_order":3,"comment_status":"closed","ping_status":"closed","template":"","meta":[],"_links":{"self":[{"href":"https:\/\/promociondeeventos.sld.cu\/aprendizajesocial2011\/wp-json\/wp\/v2\/pages\/10"}],"collection":[{"href":"https:\/\/promociondeeventos.sld.cu\/aprendizajesocial2011\/wp-json\/wp\/v2\/pages"}],"about":[{"href":"https:\/\/promociondeeventos.sld.cu\/aprendizajesocial2011\/wp-json\/wp\/v2\/types\/page"}],"author":[{"embeddable":true,"href":"https:\/\/promociondeeventos.sld.cu\/aprendizajesocial2011\/wp-json\/wp\/v2\/users\/1"}],"replies":[{"embeddable":true,"href":"https:\/\/promociondeeventos.sld.cu\/aprendizajesocial2011\/wp-json\/wp\/v2\/comments?post=10"}],"version-history":[{"count":4,"href":"https:\/\/promociondeeventos.sld.cu\/aprendizajesocial2011\/wp-json\/wp\/v2\/pages\/10\/revisions"}],"predecessor-version":[{"id":12,"href":"https:\/\/promociondeeventos.sld.cu\/aprendizajesocial2011\/wp-json\/wp\/v2\/pages\/10\/revisions\/12"}],"wp:attachment":[{"href":"https:\/\/promociondeeventos.sld.cu\/aprendizajesocial2011\/wp-json\/wp\/v2\/media?parent=10"}],"curies":[{"name":"wp","href":"https:\/\/api.w.org\/{rel}","templated":true}]}}

<p>1. Dolors Reig (España)<br />
2. Dolors Capdet (España)<br />
3. Juan Domingo Farnós ( España)<br />
4. Manuel Áreas ( España)<br />
5. Cristóbal Cobo (México)<br />
6. Ramiro Aduviri Velasco (Bolivia)<br />
7. Alejandro Piscitelli (Argentina)<br />
8. Cosette Espíndola de Castro (Brasil)<br />
9. Laybet Colmenares (Venezuela)</p>

<p>1. Dolors Reig (España) 2. Dolors Capdet (España) 3. Juan Domingo Farnós ( España) 4. Manuel Áreas ( España) 5. Cristóbal Cobo (México) 6. Ramiro Aduviri Velasco (Bolivia) 7. Alejandro Piscitelli (Argentina) 8. Cosette Espíndola de Castro (Brasil) 9. Laybet Colmenares (Venezuela)</p>
