{"id":71,"date":"2024-06-28T01:19:51","date_gmt":"2024-06-28T01:19:51","guid":{"rendered":"https:\/\/promociondeeventos.sld.cu\/anti-infecciosos2024\/?page_id=71"},"modified":"2024-06-28T01:19:51","modified_gmt":"2024-06-28T01:19:51","slug":"conferencias","status":"publish","type":"page","link":"https:\/\/promociondeeventos.sld.cu\/anti-infecciosos2024\/conferencias\/","title":{"rendered":"Conferencias"},"content":{"rendered":"<ul>\n<li>Red CYTED REDALIM-MIC. Dr.C. Valeria S\u00fclsen, Universidad de Buenos Aires, Argentina.<\/li>\n<li>Actividad antibacteriana de especies Mesoamericanas. Dr.C. Sully Margot Cruz, Universidad de San Carlos, Guatemala.<\/li>\n<li>G\u00e9nero Aeromonas y productos naturales. M\u00e9todos de evaluaci\u00f3n. Dr.C. Anabel Fern\u00e1ndez, Instituto de Medicina tropical Pedro Kour\u00ed, Cuba.<\/li>\n<li>Especies vegetales del tr\u00f3pico fuente de bioactivos con potencial actividad. Dr.C. H\u00e9ctor Alonzo G\u00f3mez, Universidad Nacional de Agricultura, Honduras.<\/li>\n<li>M\u00e9todos convencionales para la evaluaci\u00f3n de la actividad antif\u00fangica en levaduras. Dra. Rosario E. Velar, Instituto de Medicina Tropical Pedro Kour\u00ed, Cuba.<\/li>\n<li>Especies Mesoamericanas con actividad antif\u00fangica. Dr.C. Armando C\u00e1ceres, Universidad de San Carlos, Guatemala.<\/li>\n<li>Bioluminiscencia y fluorescencia aplicadas al descubrimiento y caracterizaci\u00f3n de compuestos bioactivos contra tripanosom\u00e1tidos. Dr.C. Marcelo Comini, Instituto Pasteur de Montevideo, Uruguay.<\/li>\n<li>Inhibici\u00f3n diana molecular-espec\u00edfica del metabolismo redox de tripanosom\u00e1tidos. Dr.C. Marcelo Comini, Instituto Pasteur de Montevideo, Uruguay.<\/li>\n<li>Especies de Plasmodium y sus aplicaciones para estudios biol\u00f3gicos. MSc. Judith Mendiola, Instituto de Farmacia y Alimentos, Cuba.<\/li>\n<li>Descubrimiento de medicamentos basado en blancos para enfermedades parasitarias: etapas iniciales. Dr.C. Jorge Gonz\u00e1lez, Universidad de la Habana, Cuba.<\/li>\n<li>Evaluaci\u00f3n de la actividad antiviral mediante m\u00e9todos enumerativos. Dr.C. Claudia Sep\u00falveda, Universidad de Buenos Aires, Argentina.<\/li>\n<li>M\u00e9todos colorim\u00e9tricos para la evaluaci\u00f3n de la actividad antiviral. Dr.C. Brenda Konigheim, Universidad Nacional de C\u00f3rdoba, Argentina.<\/li>\n<li>Estrategias para la evaluaci\u00f3n de compuestos con actividad antiviral. Dr.C. Annelle Roque, Jard\u00edn Bot\u00e1nico Nacional, Cuba.<\/li>\n<\/ul>\n","protected":false},"excerpt":{"rendered":"<p>Red CYTED REDALIM-MIC. Dr.C. Valeria S\u00fclsen, Universidad de Buenos Aires, Argentina. Actividad antibacteriana de especies Mesoamericanas. Dr.C. Sully Margot Cruz, Universidad de San Carlos, Guatemala. G\u00e9nero Aeromonas y productos naturales. M\u00e9todos de evaluaci\u00f3n. Dr.C. Anabel Fern\u00e1ndez, Instituto de Medicina tropical Pedro Kour\u00ed, Cuba. Especies vegetales del tr\u00f3pico fuente de bioactivos con potencial actividad. Dr.C. H\u00e9ctor [&hellip;]<\/p>\n","protected":false},"author":3257,"featured_media":0,"parent":0,"menu_order":0,"comment_status":"closed","ping_status":"closed","template":"","meta":[],"_links":{"self":[{"href":"https:\/\/promociondeeventos.sld.cu\/anti-infecciosos2024\/wp-json\/wp\/v2\/pages\/71"}],"collection":[{"href":"https:\/\/promociondeeventos.sld.cu\/anti-infecciosos2024\/wp-json\/wp\/v2\/pages"}],"about":[{"href":"https:\/\/promociondeeventos.sld.cu\/anti-infecciosos2024\/wp-json\/wp\/v2\/types\/page"}],"author":[{"embeddable":true,"href":"https:\/\/promociondeeventos.sld.cu\/anti-infecciosos2024\/wp-json\/wp\/v2\/users\/3257"}],"replies":[{"embeddable":true,"href":"https:\/\/promociondeeventos.sld.cu\/anti-infecciosos2024\/wp-json\/wp\/v2\/comments?post=71"}],"version-history":[{"count":1,"href":"https:\/\/promociondeeventos.sld.cu\/anti-infecciosos2024\/wp-json\/wp\/v2\/pages\/71\/revisions"}],"predecessor-version":[{"id":73,"href":"https:\/\/promociondeeventos.sld.cu\/anti-infecciosos2024\/wp-json\/wp\/v2\/pages\/71\/revisions\/73"}],"wp:attachment":[{"href":"https:\/\/promociondeeventos.sld.cu\/anti-infecciosos2024\/wp-json\/wp\/v2\/media?parent=71"}],"curies":[{"name":"wp","href":"https:\/\/api.w.org\/{rel}","templated":true}]}}