{"id":6,"date":"2024-06-25T22:25:46","date_gmt":"2024-06-25T22:25:46","guid":{"rendered":"https:\/\/promociondeeventos.sld.cu\/anti-infecciosos2024\/?page_id=6"},"modified":"2024-06-28T14:01:32","modified_gmt":"2024-06-28T14:01:32","slug":"comite-organizador","status":"publish","type":"page","link":"https:\/\/promociondeeventos.sld.cu\/anti-infecciosos2024\/comite-organizador\/","title":{"rendered":"Comit\u00e9 Organizador"},"content":{"rendered":"<p>Dr.C. Lianet Monzote, Instituto de Medicina Tropical Pedro Kouri, Cuba<\/p>\n<p>Dr.C. Valeria S\u00fclsen, Universidad de Buenos Aires, Argentina<\/p>\n<p>Dr.C. Rosario Esperanza Velar, Instituto de Medicina Tropical Pedro Kouri, Cuba<\/p>\n<p>Dra. Laura Laurella, Universidad de Buenos Aires, Argentina<\/p>\n<p>Dr.C. Marta Castro, Instituto de Medicina Tropical Pedro Kouri, Cuba<\/p>\n<p>MSc. Delmis Alvarez, Instituto de Medicina Tropical Pedro Kouri, Cuba<\/p>\n<p>T\u00e9c. Jorge Campos, Instituto de Medicina Tropical Pedro Kouri, Cuba<\/p>\n<p>Farm. Aldana Corlatti, Universidad de Buenos Aires, Argentina<\/p>\n<p>Lic. Rachel N\u00e1poles Rodr\u00edguez, Consejo Nacional de Investigaciones Cient\u00edficas y T\u00e9cnicas,<\/p>\n","protected":false},"excerpt":{"rendered":"<p>Dr.C. Lianet Monzote, Instituto de Medicina Tropical Pedro Kouri, Cuba Dr.C. Valeria S\u00fclsen, Universidad de Buenos Aires, Argentina Dr.C. Rosario Esperanza Velar, Instituto de Medicina Tropical Pedro Kouri, Cuba Dra. Laura Laurella, Universidad de Buenos Aires, Argentina Dr.C. Marta Castro, Instituto de Medicina Tropical Pedro Kouri, Cuba MSc. Delmis Alvarez, Instituto de Medicina Tropical Pedro [&hellip;]<\/p>\n","protected":false},"author":4,"featured_media":0,"parent":0,"menu_order":0,"comment_status":"closed","ping_status":"closed","template":"","meta":[],"_links":{"self":[{"href":"https:\/\/promociondeeventos.sld.cu\/anti-infecciosos2024\/wp-json\/wp\/v2\/pages\/6"}],"collection":[{"href":"https:\/\/promociondeeventos.sld.cu\/anti-infecciosos2024\/wp-json\/wp\/v2\/pages"}],"about":[{"href":"https:\/\/promociondeeventos.sld.cu\/anti-infecciosos2024\/wp-json\/wp\/v2\/types\/page"}],"author":[{"embeddable":true,"href":"https:\/\/promociondeeventos.sld.cu\/anti-infecciosos2024\/wp-json\/wp\/v2\/users\/4"}],"replies":[{"embeddable":true,"href":"https:\/\/promociondeeventos.sld.cu\/anti-infecciosos2024\/wp-json\/wp\/v2\/comments?post=6"}],"version-history":[{"count":4,"href":"https:\/\/promociondeeventos.sld.cu\/anti-infecciosos2024\/wp-json\/wp\/v2\/pages\/6\/revisions"}],"predecessor-version":[{"id":90,"href":"https:\/\/promociondeeventos.sld.cu\/anti-infecciosos2024\/wp-json\/wp\/v2\/pages\/6\/revisions\/90"}],"wp:attachment":[{"href":"https:\/\/promociondeeventos.sld.cu\/anti-infecciosos2024\/wp-json\/wp\/v2\/media?parent=6"}],"curies":[{"name":"wp","href":"https:\/\/api.w.org\/{rel}","templated":true}]}}