{"id":42,"date":"2024-04-03T02:23:10","date_gmt":"2024-04-03T02:23:10","guid":{"rendered":"https:\/\/promociondeeventos.sld.cu\/algoritmosira2024\/?page_id=42"},"modified":"2024-04-03T02:23:10","modified_gmt":"2024-04-03T02:23:10","slug":"programa","status":"publish","type":"page","link":"https:\/\/promociondeeventos.sld.cu\/algoritmosira2024\/programa\/","title":{"rendered":"Programa"},"content":{"rendered":"<p>Mi\u00e9rcoles 03\/04\/2024<\/p>\n<p>09:30-09:40<br \/>\nApertura. Palabras de bienvenida.<br \/>\nProf. Vivian Kour\u00ed, IPK<br \/>\nProf. Mar\u00eda G Guzm\u00e1n, IPK<\/p>\n<p>09:40-10:10<br \/>\nActualizaci\u00f3n sobre el comportamiento de las Infecciones Respiratorias Agudas en el contexto nacional<br \/>\nProf. Mar\u00eda de los \u00c1ngeles Le\u00f3n, Minsap<\/p>\n<p>10:10-10:40<br \/>\nActualizaci\u00f3n sobre el comportamiento de las Infecciones Respiratorias Agudas en el contexto internacional<br \/>\nProf. Belsy O Acosta, Minsap, Minsap<\/p>\n<p>10:40-11:10<br \/>\nResultado de la vigilancia de las IRA de causa viral<br \/>\nProf. Elias Guilarte, IPK<\/p>\n<p>11:10-11:40<br \/>\nResultado de la vigilancia de las IRA de origen bacteriano<br \/>\nProf. Gilda T. Tora\u00f1o, IPK<\/p>\n<p>11:40-12:00<br \/>\nDiscusi\u00f3n<br \/>\nProf. Mar\u00eda T. Illnait, IPK<\/p>\n<p>12:00<br \/>\nCierre de la sesi\u00f3n<br \/>\nProf. Mar\u00eda T. Illnait, IPK<\/p>\n<p>Jueves 04\/04\/2024<\/p>\n<p>09:30-09:40<br \/>\nPrincipales dificultades para la vigilancia de laboratorio de las IRA virales. Propuestas de nuevas estrategias<br \/>\nProf. Elias Guilarte, IPK<\/p>\n<p>09:40-10:10<br \/>\nPrincipales dificultades para la vigilancia de laboratorio de las IRA bacterianas. Propuestas de nuevas estrategias<br \/>\nProf. Gilda T. Tora\u00f1o, IPK<\/p>\n<p>10:40-11:10<br \/>\nPapel de Mycoplasma spp. como causa IRA<br \/>\nProf. Nadia Rodr\u00edguez, IPK<\/p>\n<p>10:10-10:40<br \/>\nControl de la calidad del diagn\u00f3stico de laboratorio de las IRA<br \/>\nProfs. Elias Guilarte\/Gilda T Tora\u00f1o, IPK<\/p>\n<p>11:10-11:40<br \/>\nPosicionamiento del programa nacional de control de las IRA en el contexto actual<br \/>\nProf. Mar\u00eda de los \u00c1ngeles Le\u00f3n, Minsap<\/p>\n<p>11:40-12:00<br \/>\nDiscusi\u00f3n<br \/>\nProf. Mar\u00eda T.Illnait<\/p>\n<p>12:00<br \/>\nCierre<br \/>\nProf. Mar\u00eda T.Illnait<\/p>\n","protected":false},"excerpt":{"rendered":"<p>Mi\u00e9rcoles 03\/04\/2024 09:30-09:40 Apertura. Palabras de bienvenida. Prof. Vivian Kour\u00ed, IPK Prof. Mar\u00eda G Guzm\u00e1n, IPK 09:40-10:10 Actualizaci\u00f3n sobre el comportamiento de las Infecciones Respiratorias Agudas en el contexto nacional Prof. Mar\u00eda de los \u00c1ngeles Le\u00f3n, Minsap 10:10-10:40 Actualizaci\u00f3n sobre el comportamiento de las Infecciones Respiratorias Agudas en el contexto internacional Prof. Belsy O Acosta, [&hellip;]<\/p>\n","protected":false},"author":3257,"featured_media":0,"parent":0,"menu_order":0,"comment_status":"closed","ping_status":"closed","template":"","meta":[],"_links":{"self":[{"href":"https:\/\/promociondeeventos.sld.cu\/algoritmosira2024\/wp-json\/wp\/v2\/pages\/42"}],"collection":[{"href":"https:\/\/promociondeeventos.sld.cu\/algoritmosira2024\/wp-json\/wp\/v2\/pages"}],"about":[{"href":"https:\/\/promociondeeventos.sld.cu\/algoritmosira2024\/wp-json\/wp\/v2\/types\/page"}],"author":[{"embeddable":true,"href":"https:\/\/promociondeeventos.sld.cu\/algoritmosira2024\/wp-json\/wp\/v2\/users\/3257"}],"replies":[{"embeddable":true,"href":"https:\/\/promociondeeventos.sld.cu\/algoritmosira2024\/wp-json\/wp\/v2\/comments?post=42"}],"version-history":[{"count":1,"href":"https:\/\/promociondeeventos.sld.cu\/algoritmosira2024\/wp-json\/wp\/v2\/pages\/42\/revisions"}],"predecessor-version":[{"id":44,"href":"https:\/\/promociondeeventos.sld.cu\/algoritmosira2024\/wp-json\/wp\/v2\/pages\/42\/revisions\/44"}],"wp:attachment":[{"href":"https:\/\/promociondeeventos.sld.cu\/algoritmosira2024\/wp-json\/wp\/v2\/media?parent=42"}],"curies":[{"name":"wp","href":"https:\/\/api.w.org\/{rel}","templated":true}]}}

<p>Miércoles 03/04/2024</p>
<p>09:30-09:40<br />
Apertura. Palabras de bienvenida.<br />
Prof. Vivian Kourí, IPK<br />
Prof. María G Guzmán, IPK</p>
<p>09:40-10:10<br />
Actualización sobre el comportamiento de las Infecciones Respiratorias Agudas en el contexto nacional<br />
Prof. María de los Ángeles León, Minsap</p>
<p>10:10-10:40<br />
Actualización sobre el comportamiento de las Infecciones Respiratorias Agudas en el contexto internacional<br />
Prof. Belsy O Acosta, Minsap, Minsap</p>
<p>10:40-11:10<br />
Resultado de la vigilancia de las IRA de causa viral<br />
Prof. Elias Guilarte, IPK</p>
<p>11:10-11:40<br />
Resultado de la vigilancia de las IRA de origen bacteriano<br />
Prof. Gilda T. Toraño, IPK</p>
<p>11:40-12:00<br />
Discusión<br />
Prof. María T. Illnait, IPK</p>
<p>12:00<br />
Cierre de la sesión<br />
Prof. María T. Illnait, IPK</p>
<p>Jueves 04/04/2024</p>
<p>09:30-09:40<br />
Principales dificultades para la vigilancia de laboratorio de las IRA virales. Propuestas de nuevas estrategias<br />
Prof. Elias Guilarte, IPK</p>
<p>09:40-10:10<br />
Principales dificultades para la vigilancia de laboratorio de las IRA bacterianas. Propuestas de nuevas estrategias<br />
Prof. Gilda T. Toraño, IPK</p>
<p>10:40-11:10<br />
Papel de Mycoplasma spp. como causa IRA<br />
Prof. Nadia Rodríguez, IPK</p>
<p>10:10-10:40<br />
Control de la calidad del diagnóstico de laboratorio de las IRA<br />
Profs. Elias Guilarte/Gilda T Toraño, IPK</p>
<p>11:10-11:40<br />
Posicionamiento del programa nacional de control de las IRA en el contexto actual<br />
Prof. María de los Ángeles León, Minsap</p>
<p>11:40-12:00<br />
Discusión<br />
Prof. María T.Illnait</p>
<p>12:00<br />
Cierre<br />
Prof. María T.Illnait</p>

<p>Miércoles 03/04/2024 09:30-09:40 Apertura. Palabras de bienvenida. Prof. Vivian Kourí, IPK Prof. María G Guzmán, IPK 09:40-10:10 Actualización sobre el comportamiento de las Infecciones Respiratorias Agudas en el contexto nacional Prof. María de los Ángeles León, Minsap 10:10-10:40 Actualización sobre el comportamiento de las Infecciones Respiratorias Agudas en el contexto internacional Prof. Belsy O Acosta, [&hellip;]</p>
