{"id":4,"date":"2024-03-17T20:02:43","date_gmt":"2024-03-17T20:02:43","guid":{"rendered":"https:\/\/promociondeeventos.sld.cu\/algoritmosira2024\/?page_id=4"},"modified":"2024-03-25T15:59:41","modified_gmt":"2024-03-25T15:59:41","slug":"convocatoria","status":"publish","type":"page","link":"https:\/\/promociondeeventos.sld.cu\/algoritmosira2024\/","title":{"rendered":"Convocatoria"},"content":{"rendered":"<p><a href=\"http:\/\/promociondeeventos.sld.cu\/algoritmosira2024\/files\/2024\/03\/Formulario-de-Inscripcion-ALGORITMOS-IRA2024.doc\" target=\"_blank\" rel=\"noopener\">Descargar formulario de inscripci\u00f3n<\/a><\/p>\n<p>Para dar seguimiento a uno de los objetivos del 4to Taller Nacional para el Desarrollo de la Microbiolog\u00eda en Cuba \u201c85 Aniversario del IPK\u201d, celebrado entre el 21 y 22 de noviembre de 2023, se propone la presente actividad formativa. Con esta se persigue actualizar la situaci\u00f3n de las infecciones respiratorias agudas (IRA) virales y bacterianas adquiridas en la comunidad, as\u00ed como socializar los algoritmos actualizados para para su diagn\u00f3stico, vigilancia y referencia microbiol\u00f3gicos. Esto contribuir\u00e1 al avance hacia una mayor integralidad y calidad en los resultados e informaci\u00f3n generada por ambas actividades.<\/p>\n<p>Dirigido a:<\/p>\n<p>J\u00b4 de Programas de Prevenci\u00f3n y Control de las IRA en los diferentes niveles de atenci\u00f3n a la poblaci\u00f3n, directores de los centros provinciales y municipales de Higiene, Epidemiolog\u00eda y Microbiolog\u00eda, microbi\u00f3logos, t\u00e9cnicos y otros profesionales que en los laboratorios de la red nacional de salud realizan el diagn\u00f3stico de las IRA, otros profesionales y t\u00e9cnicos de la salud interesados.<\/p>\n","protected":false},"excerpt":{"rendered":"<p>Descargar formulario de inscripci\u00f3n Para dar seguimiento a uno de los objetivos del 4to Taller Nacional para el Desarrollo de la Microbiolog\u00eda en Cuba \u201c85 Aniversario del IPK\u201d, celebrado entre el 21 y 22 de noviembre de 2023, se propone la presente actividad formativa. Con esta se persigue actualizar la situaci\u00f3n de las infecciones respiratorias [&hellip;]<\/p>\n","protected":false},"author":3262,"featured_media":0,"parent":0,"menu_order":0,"comment_status":"closed","ping_status":"closed","template":"","meta":[],"_links":{"self":[{"href":"https:\/\/promociondeeventos.sld.cu\/algoritmosira2024\/wp-json\/wp\/v2\/pages\/4"}],"collection":[{"href":"https:\/\/promociondeeventos.sld.cu\/algoritmosira2024\/wp-json\/wp\/v2\/pages"}],"about":[{"href":"https:\/\/promociondeeventos.sld.cu\/algoritmosira2024\/wp-json\/wp\/v2\/types\/page"}],"author":[{"embeddable":true,"href":"https:\/\/promociondeeventos.sld.cu\/algoritmosira2024\/wp-json\/wp\/v2\/users\/3262"}],"replies":[{"embeddable":true,"href":"https:\/\/promociondeeventos.sld.cu\/algoritmosira2024\/wp-json\/wp\/v2\/comments?post=4"}],"version-history":[{"count":4,"href":"https:\/\/promociondeeventos.sld.cu\/algoritmosira2024\/wp-json\/wp\/v2\/pages\/4\/revisions"}],"predecessor-version":[{"id":40,"href":"https:\/\/promociondeeventos.sld.cu\/algoritmosira2024\/wp-json\/wp\/v2\/pages\/4\/revisions\/40"}],"wp:attachment":[{"href":"https:\/\/promociondeeventos.sld.cu\/algoritmosira2024\/wp-json\/wp\/v2\/media?parent=4"}],"curies":[{"name":"wp","href":"https:\/\/api.w.org\/{rel}","templated":true}]}}

<p><a href="http://promociondeeventos.sld.cu/algoritmosira2024/files/2024/03/Formulario-de-Inscripcion-ALGORITMOS-IRA2024.doc" target="_blank" rel="noopener">Descargar formulario de inscripción</a></p>
<p>Para dar seguimiento a uno de los objetivos del 4to Taller Nacional para el Desarrollo de la Microbiología en Cuba “85 Aniversario del IPK”, celebrado entre el 21 y 22 de noviembre de 2023, se propone la presente actividad formativa. Con esta se persigue actualizar la situación de las infecciones respiratorias agudas (IRA) virales y bacterianas adquiridas en la comunidad, así como socializar los algoritmos actualizados para para su diagnóstico, vigilancia y referencia microbiológicos. Esto contribuirá al avance hacia una mayor integralidad y calidad en los resultados e información generada por ambas actividades.</p>
<p>Dirigido a:</p>
<p>J´ de Programas de Prevención y Control de las IRA en los diferentes niveles de atención a la población, directores de los centros provinciales y municipales de Higiene, Epidemiología y Microbiología, microbiólogos, técnicos y otros profesionales que en los laboratorios de la red nacional de salud realizan el diagnóstico de las IRA, otros profesionales y técnicos de la salud interesados.</p>

<p>Descargar formulario de inscripción Para dar seguimiento a uno de los objetivos del 4to Taller Nacional para el Desarrollo de la Microbiología en Cuba “85 Aniversario del IPK”, celebrado entre el 21 y 22 de noviembre de 2023, se propone la presente actividad formativa. Con esta se persigue actualizar la situación de las infecciones respiratorias [&hellip;]</p>
