{"id":7,"date":"2019-11-07T19:58:50","date_gmt":"2019-11-07T19:58:50","guid":{"rendered":"http:\/\/promociondeeventos.sld.cu\/55aniversariocnicm\/?page_id=7"},"modified":"2020-01-29T17:46:42","modified_gmt":"2020-01-29T17:46:42","slug":"programa","status":"publish","type":"page","link":"https:\/\/promociondeeventos.sld.cu\/55aniversariocnicm\/programa\/","title":{"rendered":"Programa de actividades"},"content":{"rendered":"<p><strong>27 Aniversario del Proyecto Infomed. Red Telem\u00e1tica de Salud de Cuba<\/strong><br \/>\nFecha: 18 diciembre de 2019<br \/>\n\u2022\u00a0\u00a0 \u00a0Presentaci\u00f3n del nuevo portal de la <a href=\"http:\/\/www.uvs.sld.cu\/\">UVSCUBA<\/a><br \/>\n\u2022\u00a0\u00a0 \u00a0Presentaci\u00f3n del nuevo <a href=\"https:\/\/investigaciones.sld.cu\/\">portal Investigaciones<\/a><br \/>\n\u2022\u00a0\u00a0 \u00a0Presentaci\u00f3n del sitio web <a href=\"https:\/\/promociondeeventos.sld.cu\/55aniversariocnicm\">55 Aniversario del CNICM<\/a><\/p>\n<hr \/>\n<p><strong>Balance del Centro Nacional de Informaci\u00f3n de Ciencias M\u00e9dicas<\/strong><br \/>\nFecha: 27 enero 2020<br \/>\n\u2022\u00a0\u00a0 \u00a0Principales resultados de trabajo en el 2019<\/p>\n<hr \/>\n<p><strong>26\u00aa Feria Internacional del Libro de La Habana<\/strong><br \/>\nFecha: 6 al 16 febrero de 2020<br \/>\n\u2022\u00a0\u00a0 \u00a0Participar\u00e1 el CNICM en la 26\u00aa Feria Internacional del Libro de La Habana<br \/>\n\u2022\u00a0\u00a0 \u00a0Presentaciones de la Editorial Ciencias M\u00e9dicas en la Feria del Libro de La Habana<\/p>\n<hr \/>\n<p style=\"text-align: left;\"><strong>Semana de Acceso Abierto<\/strong><br \/>\nFecha: marzo 2020<br \/>\n<span lang=\"ES-US\">La Semana de Educaci\u00f3n Abierta, del 2 al 6 de marzo, se realiza por noveno a\u00f1o consecutivo en el marco del evento internacional Open Education Week, celebraci\u00f3n del Movimiento de Educaci\u00f3n Abierta Global, con el prop\u00f3sito de crear conciencia sobre el movimiento y su impacto en la ense\u00f1anza y el aprendizaje en todo el mundo. La Universidad Virtual de Salud convoca a este encuentro en el Aula Virtual de Salud, con los objetivos de compartir y promover el intercambio libre de recursos did\u00e1cticos y debatir sobre metodolog\u00edas y estrategias relacionadas con los Recursos Educativos Abiertos. <\/span><\/p>\n<hr \/>\n<p><strong>PUBLICIEN 2020<\/strong><br \/>\nFecha: 10-12 marzo 2020<br \/>\n\u2022\u00a0\u00a0 \u00a0<a href=\"http:\/\/publicient2020.sld.cu\/index.php\/publicient\/2020\">Encuentro de directores y editores cient\u00edficos de revistas cient\u00edficos<\/a>.<\/p>\n<hr \/>\n<p><strong>Acto por el 55 Aniversario del Centro Nacional de Informaci\u00f3n de Ciencias M\u00e9dicas<\/strong><br \/>\nFecha: 29 abril 2020<\/p>\n","protected":false},"excerpt":{"rendered":"<p>27 Aniversario del Proyecto Infomed. Red Telem\u00e1tica de Salud de Cuba Fecha: 18 diciembre de 2019 \u2022\u00a0\u00a0 \u00a0Presentaci\u00f3n del nuevo portal de la UVSCUBA \u2022\u00a0\u00a0 \u00a0Presentaci\u00f3n del nuevo portal Investigaciones \u2022\u00a0\u00a0 \u00a0Presentaci\u00f3n del sitio web 55 Aniversario del CNICM Balance del Centro Nacional de Informaci\u00f3n de Ciencias M\u00e9dicas Fecha: 27 enero 2020 \u2022\u00a0\u00a0 \u00a0Principales resultados [&hellip;]<\/p>\n","protected":false},"author":3262,"featured_media":0,"parent":0,"menu_order":0,"comment_status":"closed","ping_status":"open","template":"","meta":[],"_links":{"self":[{"href":"https:\/\/promociondeeventos.sld.cu\/55aniversariocnicm\/wp-json\/wp\/v2\/pages\/7"}],"collection":[{"href":"https:\/\/promociondeeventos.sld.cu\/55aniversariocnicm\/wp-json\/wp\/v2\/pages"}],"about":[{"href":"https:\/\/promociondeeventos.sld.cu\/55aniversariocnicm\/wp-json\/wp\/v2\/types\/page"}],"author":[{"embeddable":true,"href":"https:\/\/promociondeeventos.sld.cu\/55aniversariocnicm\/wp-json\/wp\/v2\/users\/3262"}],"replies":[{"embeddable":true,"href":"https:\/\/promociondeeventos.sld.cu\/55aniversariocnicm\/wp-json\/wp\/v2\/comments?post=7"}],"version-history":[{"count":22,"href":"https:\/\/promociondeeventos.sld.cu\/55aniversariocnicm\/wp-json\/wp\/v2\/pages\/7\/revisions"}],"predecessor-version":[{"id":446,"href":"https:\/\/promociondeeventos.sld.cu\/55aniversariocnicm\/wp-json\/wp\/v2\/pages\/7\/revisions\/446"}],"wp:attachment":[{"href":"https:\/\/promociondeeventos.sld.cu\/55aniversariocnicm\/wp-json\/wp\/v2\/media?parent=7"}],"curies":[{"name":"wp","href":"https:\/\/api.w.org\/{rel}","templated":true}]}}

<p><strong>27 Aniversario del Proyecto Infomed. Red Telemática de Salud de Cuba</strong><br />
Fecha: 18 diciembre de 2019<br />
•    Presentación del nuevo portal de la <a href="http://www.uvs.sld.cu/">UVSCUBA</a><br />
•    Presentación del nuevo <a href="https://investigaciones.sld.cu/">portal Investigaciones</a><br />
•    Presentación del sitio web <a href="https://promociondeeventos.sld.cu/55aniversariocnicm">55 Aniversario del CNICM</a></p>
<hr />
<p><strong>Balance del Centro Nacional de Información de Ciencias Médicas</strong><br />
Fecha: 27 enero 2020<br />
•    Principales resultados de trabajo en el 2019</p>
<hr />
<p><strong>26ª Feria Internacional del Libro de La Habana</strong><br />
Fecha: 6 al 16 febrero de 2020<br />
•    Participará el CNICM en la 26ª Feria Internacional del Libro de La Habana<br />
•    Presentaciones de la Editorial Ciencias Médicas en la Feria del Libro de La Habana</p>
<hr />
<p style="text-align: left;"><strong>Semana de Acceso Abierto</strong><br />
Fecha: marzo 2020<br />
<span lang="ES-US">La Semana de Educación Abierta, del 2 al 6 de marzo, se realiza por noveno año consecutivo en el marco del evento internacional Open Education Week, celebración del Movimiento de Educación Abierta Global, con el propósito de crear conciencia sobre el movimiento y su impacto en la enseñanza y el aprendizaje en todo el mundo. La Universidad Virtual de Salud convoca a este encuentro en el Aula Virtual de Salud, con los objetivos de compartir y promover el intercambio libre de recursos didácticos y debatir sobre metodologías y estrategias relacionadas con los Recursos Educativos Abiertos. </span></p>
<hr />
<p><strong>PUBLICIEN 2020</strong><br />
Fecha: 10-12 marzo 2020<br />
•    <a href="http://publicient2020.sld.cu/index.php/publicient/2020">Encuentro de directores y editores científicos de revistas científicos</a>.</p>
<hr />
<p><strong>Acto por el 55 Aniversario del Centro Nacional de Información de Ciencias Médicas</strong><br />
Fecha: 29 abril 2020</p>

<p>27 Aniversario del Proyecto Infomed. Red Telemática de Salud de Cuba Fecha: 18 diciembre de 2019 •    Presentación del nuevo portal de la UVSCUBA •    Presentación del nuevo portal Investigaciones •    Presentación del sitio web 55 Aniversario del CNICM Balance del Centro Nacional de Información de Ciencias Médicas Fecha: 27 enero 2020 •    Principales resultados [&hellip;]</p>
