{"id":64,"date":"2019-11-11T20:04:19","date_gmt":"2019-11-11T20:04:19","guid":{"rendered":"http:\/\/promociondeeventos.sld.cu\/55aniversariocnicm\/?page_id=64"},"modified":"2019-12-27T21:54:50","modified_gmt":"2019-12-27T21:54:50","slug":"entrevistas","status":"publish","type":"page","link":"https:\/\/promociondeeventos.sld.cu\/55aniversariocnicm\/entrevistas\/","title":{"rendered":"Entrevistas"},"content":{"rendered":"<p>En la secci\u00f3n de entrevistas aparecen las impresiones de varios trabajadores acerca de la significaci\u00f3n que otorgan al hecho de laborar en el CNICM.<\/p>\n<p>El comit\u00e9 editorial los invita a conocer la hist\u00f3ria del centro a partir de los propios trabajadores.<\/p>\n<p>&nbsp;<\/p>\n<p><a href=\"http:\/\/promociondeeventos.sld.cu\/55aniversariocnicm\/files\/2019\/11\/11_nov_55_cnicm.jpg\"><img decoding=\"async\" loading=\"lazy\" class=\" size-medium wp-image-432 alignright\" src=\"http:\/\/promociondeeventos.sld.cu\/55aniversariocnicm\/files\/2019\/11\/11_nov_55_cnicm-300x112.jpg\" alt=\"11_nov_55_cnicm\" width=\"300\" height=\"112\" srcset=\"https:\/\/promociondeeventos.sld.cu\/55aniversariocnicm\/files\/2019\/11\/11_nov_55_cnicm-300x112.jpg 300w, https:\/\/promociondeeventos.sld.cu\/55aniversariocnicm\/files\/2019\/11\/11_nov_55_cnicm-250x93.jpg 250w, https:\/\/promociondeeventos.sld.cu\/55aniversariocnicm\/files\/2019\/11\/11_nov_55_cnicm.jpg 406w\" sizes=\"(max-width: 300px) 100vw, 300px\" \/><\/a><\/p>\n","protected":false},"excerpt":{"rendered":"<p>En la secci\u00f3n de entrevistas aparecen las impresiones de varios trabajadores acerca de la significaci\u00f3n que otorgan al hecho de laborar en el CNICM. El comit\u00e9 editorial los invita a conocer la hist\u00f3ria del centro a partir de los propios trabajadores. &nbsp;<\/p>\n","protected":false},"author":4,"featured_media":0,"parent":0,"menu_order":0,"comment_status":"closed","ping_status":"closed","template":"sidebar-content.php","meta":[],"_links":{"self":[{"href":"https:\/\/promociondeeventos.sld.cu\/55aniversariocnicm\/wp-json\/wp\/v2\/pages\/64"}],"collection":[{"href":"https:\/\/promociondeeventos.sld.cu\/55aniversariocnicm\/wp-json\/wp\/v2\/pages"}],"about":[{"href":"https:\/\/promociondeeventos.sld.cu\/55aniversariocnicm\/wp-json\/wp\/v2\/types\/page"}],"author":[{"embeddable":true,"href":"https:\/\/promociondeeventos.sld.cu\/55aniversariocnicm\/wp-json\/wp\/v2\/users\/4"}],"replies":[{"embeddable":true,"href":"https:\/\/promociondeeventos.sld.cu\/55aniversariocnicm\/wp-json\/wp\/v2\/comments?post=64"}],"version-history":[{"count":24,"href":"https:\/\/promociondeeventos.sld.cu\/55aniversariocnicm\/wp-json\/wp\/v2\/pages\/64\/revisions"}],"predecessor-version":[{"id":129,"href":"https:\/\/promociondeeventos.sld.cu\/55aniversariocnicm\/wp-json\/wp\/v2\/pages\/64\/revisions\/129"}],"wp:attachment":[{"href":"https:\/\/promociondeeventos.sld.cu\/55aniversariocnicm\/wp-json\/wp\/v2\/media?parent=64"}],"curies":[{"name":"wp","href":"https:\/\/api.w.org\/{rel}","templated":true}]}}