{"id":58,"date":"2019-11-11T19:59:00","date_gmt":"2019-11-11T19:59:00","guid":{"rendered":"http:\/\/promociondeeventos.sld.cu\/55aniversariocnicm\/?page_id=58"},"modified":"2019-12-23T14:54:46","modified_gmt":"2019-12-23T14:54:46","slug":"trabajador-mas-joven","status":"publish","type":"page","link":"https:\/\/promociondeeventos.sld.cu\/55aniversariocnicm\/trabajadores-2\/trabajador-mas-joven\/","title":{"rendered":"Trabajadores m\u00e1s jovenes"},"content":{"rendered":"<table style=\"height: 358px;\" width=\"572\">\n<tbody>\n<tr>\n<td>\n<p><div id=\"attachment_222\" style=\"width: 313px\" class=\"wp-caption alignnone\"><a href=\"http:\/\/promociondeeventos.sld.cu\/55aniversariocnicm\/files\/2019\/12\/sofia.jpg\"><img aria-describedby=\"caption-attachment-222\" decoding=\"async\" loading=\"lazy\" class=\"wp-image-222\" src=\"http:\/\/promociondeeventos.sld.cu\/55aniversariocnicm\/files\/2019\/12\/sofia-300x225.jpg\" alt=\"Sof\u00eda Gonz\u00e1lez Izquierdo\" width=\"303\" height=\"227\" srcset=\"https:\/\/promociondeeventos.sld.cu\/55aniversariocnicm\/files\/2019\/12\/sofia-300x225.jpg 300w, https:\/\/promociondeeventos.sld.cu\/55aniversariocnicm\/files\/2019\/12\/sofia-1024x768.jpg 1024w, https:\/\/promociondeeventos.sld.cu\/55aniversariocnicm\/files\/2019\/12\/sofia-250x188.jpg 250w, https:\/\/promociondeeventos.sld.cu\/55aniversariocnicm\/files\/2019\/12\/sofia.jpg 1600w\" sizes=\"(max-width: 303px) 100vw, 303px\" \/><\/a><p id=\"caption-attachment-222\" class=\"wp-caption-text\">Sof\u00eda Gonz\u00e1lez Izquierdo. Departamento de Docencia e Investigaciones, 19 a\u00f1os<\/p><\/div><\/td>\n<td>\n<p><div id=\"attachment_240\" style=\"width: 231px\" class=\"wp-caption alignnone\"><a href=\"http:\/\/promociondeeventos.sld.cu\/55aniversariocnicm\/files\/2019\/11\/20191216_160727-1.jpg\"><img aria-describedby=\"caption-attachment-240\" decoding=\"async\" loading=\"lazy\" class=\"wp-image-240\" src=\"http:\/\/promociondeeventos.sld.cu\/55aniversariocnicm\/files\/2019\/11\/20191216_160727-1-291x300.jpg\" alt=\"Eric Manuel Quilarte Blanco\" width=\"221\" height=\"227\" srcset=\"https:\/\/promociondeeventos.sld.cu\/55aniversariocnicm\/files\/2019\/11\/20191216_160727-1-291x300.jpg 291w, https:\/\/promociondeeventos.sld.cu\/55aniversariocnicm\/files\/2019\/11\/20191216_160727-1-250x257.jpg 250w, https:\/\/promociondeeventos.sld.cu\/55aniversariocnicm\/files\/2019\/11\/20191216_160727-1.jpg 788w\" sizes=\"(max-width: 221px) 100vw, 221px\" \/><\/a><p id=\"caption-attachment-240\" class=\"wp-caption-text\">Eric Manuel Quilarte Blanco, Departamento de seguridad y protecci\u00f3n, 18 a\u00f1os de edad<\/p><\/div><\/td>\n<\/tr>\n<\/tbody>\n<\/table>\n<p>&nbsp;<\/p>\n","protected":false},"excerpt":{"rendered":"<p>&nbsp;<\/p>\n","protected":false},"author":4,"featured_media":0,"parent":215,"menu_order":0,"comment_status":"closed","ping_status":"open","template":"sidebar-content.php","meta":[],"_links":{"self":[{"href":"https:\/\/promociondeeventos.sld.cu\/55aniversariocnicm\/wp-json\/wp\/v2\/pages\/58"}],"collection":[{"href":"https:\/\/promociondeeventos.sld.cu\/55aniversariocnicm\/wp-json\/wp\/v2\/pages"}],"about":[{"href":"https:\/\/promociondeeventos.sld.cu\/55aniversariocnicm\/wp-json\/wp\/v2\/types\/page"}],"author":[{"embeddable":true,"href":"https:\/\/promociondeeventos.sld.cu\/55aniversariocnicm\/wp-json\/wp\/v2\/users\/4"}],"replies":[{"embeddable":true,"href":"https:\/\/promociondeeventos.sld.cu\/55aniversariocnicm\/wp-json\/wp\/v2\/comments?post=58"}],"version-history":[{"count":7,"href":"https:\/\/promociondeeventos.sld.cu\/55aniversariocnicm\/wp-json\/wp\/v2\/pages\/58\/revisions"}],"predecessor-version":[{"id":268,"href":"https:\/\/promociondeeventos.sld.cu\/55aniversariocnicm\/wp-json\/wp\/v2\/pages\/58\/revisions\/268"}],"up":[{"embeddable":true,"href":"https:\/\/promociondeeventos.sld.cu\/55aniversariocnicm\/wp-json\/wp\/v2\/pages\/215"}],"wp:attachment":[{"href":"https:\/\/promociondeeventos.sld.cu\/55aniversariocnicm\/wp-json\/wp\/v2\/media?parent=58"}],"curies":[{"name":"wp","href":"https:\/\/api.w.org\/{rel}","templated":true}]}}

Trabajadores más jovenes

<table style="height: 358px;" width="572">
<tbody>
<tr>
<td>
<p><div id="attachment_222" style="width: 313px" class="wp-caption alignnone"><a href="http://promociondeeventos.sld.cu/55aniversariocnicm/files/2019/12/sofia.jpg"><img aria-describedby="caption-attachment-222" decoding="async" loading="lazy" class="wp-image-222" src="http://promociondeeventos.sld.cu/55aniversariocnicm/files/2019/12/sofia-300x225.jpg" alt="Sofía González Izquierdo" width="303" height="227" srcset="https://promociondeeventos.sld.cu/55aniversariocnicm/files/2019/12/sofia-300x225.jpg 300w, https://promociondeeventos.sld.cu/55aniversariocnicm/files/2019/12/sofia-1024x768.jpg 1024w, https://promociondeeventos.sld.cu/55aniversariocnicm/files/2019/12/sofia-250x188.jpg 250w, https://promociondeeventos.sld.cu/55aniversariocnicm/files/2019/12/sofia.jpg 1600w" sizes="(max-width: 303px) 100vw, 303px" /></a><p id="caption-attachment-222" class="wp-caption-text">Sofía González Izquierdo. Departamento de Docencia e Investigaciones, 19 años</p></div></td>
<td>
<p><div id="attachment_240" style="width: 231px" class="wp-caption alignnone"><a href="http://promociondeeventos.sld.cu/55aniversariocnicm/files/2019/11/20191216_160727-1.jpg"><img aria-describedby="caption-attachment-240" decoding="async" loading="lazy" class="wp-image-240" src="http://promociondeeventos.sld.cu/55aniversariocnicm/files/2019/11/20191216_160727-1-291x300.jpg" alt="Eric Manuel Quilarte Blanco" width="221" height="227" srcset="https://promociondeeventos.sld.cu/55aniversariocnicm/files/2019/11/20191216_160727-1-291x300.jpg 291w, https://promociondeeventos.sld.cu/55aniversariocnicm/files/2019/11/20191216_160727-1-250x257.jpg 250w, https://promociondeeventos.sld.cu/55aniversariocnicm/files/2019/11/20191216_160727-1.jpg 788w" sizes="(max-width: 221px) 100vw, 221px" /></a><p id="caption-attachment-240" class="wp-caption-text">Eric Manuel Quilarte Blanco, Departamento de seguridad y protección, 18 años de edad</p></div></td>
</tr>
</tbody>
</table>
<p>&nbsp;</p>
