{"id":370,"date":"2019-12-19T13:59:15","date_gmt":"2019-12-19T13:59:15","guid":{"rendered":"http:\/\/promociondeeventos.sld.cu\/55aniversariocnicm\/?page_id=370"},"modified":"2020-01-28T14:15:40","modified_gmt":"2020-01-28T14:15:40","slug":"aniversarios","status":"publish","type":"page","link":"https:\/\/promociondeeventos.sld.cu\/55aniversariocnicm\/aniversarios\/","title":{"rendered":"Aniversarios"},"content":{"rendered":"<p>El Centro Nacional de Informaci\u00f3n de Ciencias M\u00e9dicas (CNICM) cumple 55 a\u00f1os en 2020.\u00a0 En esta secci\u00f3n queremos compartir con nuestros lectores otros sitios conmemorativos que recogen informaci\u00f3n \u00fatil para conocer con mayor detalle la trayectoria de la instituci\u00f3n a lo largo de estos a\u00f1os.<br \/>\nEn ellos encontrar\u00e1 parte de la historia del Centro, momentos trascendentales, testimonios de sus trabajadores, la evoluci\u00f3n de programas y proyectos que hoy son l\u00edderes en el campo de la informaci\u00f3n biom\u00e9dica en Cuba, l\u00edneas y grupos de trabajo que garantizan el funcionamiento la estructura informacional al servicio de la salud.<br \/>\nTambi\u00e9n podr\u00e1n conocer c\u00f3mo surgieron y qu\u00e9 labor desempe\u00f1an \u00e1reas cuyo nacimiento fueron un hito para la instituci\u00f3n y otro paso de avance en el fortalecimiento de la informaci\u00f3n cient\u00edfico \u2013 t\u00e9cnica en el pa\u00eds. Ellas son la <a href=\"http:\/\/bmns.sld.cu\/\">Biblioteca M\u00e9dica Nacional (1970)<\/a>, los Centros Provinciales de Informaci\u00f3n de Ciencias M\u00e9dicas (a partir de 1969), la <a href=\"http:\/\/ecimed.sld.cu\/\">Editorial Ciencias M\u00e9dicas (1988)<\/a>, y la red de salud <a href=\"http:\/\/www.sld.cu\/\">Infomed (1992)<\/a><\/p>\n<p><a href=\"https:\/\/promociondeeventos.sld.cu\/55aniversariocnicm\/aniversarios-cnicm\/\">Anivesarios del CNICM<\/a><\/p>\n<p><a href=\"https:\/\/promociondeeventos.sld.cu\/55aniversariocnicm\/aniversarios-anteriores\/\">Aniversarios de Infomed<\/a><\/p>\n","protected":false},"excerpt":{"rendered":"<p>El Centro Nacional de Informaci\u00f3n de Ciencias M\u00e9dicas (CNICM) cumple 55 a\u00f1os en 2020.\u00a0 En esta secci\u00f3n queremos compartir con nuestros lectores otros sitios conmemorativos que recogen informaci\u00f3n \u00fatil para conocer con mayor detalle la trayectoria de la instituci\u00f3n a lo largo de estos a\u00f1os. En ellos encontrar\u00e1 parte de la historia del Centro, momentos [&hellip;]<\/p>\n","protected":false},"author":4,"featured_media":0,"parent":0,"menu_order":0,"comment_status":"closed","ping_status":"closed","template":"","meta":[],"_links":{"self":[{"href":"https:\/\/promociondeeventos.sld.cu\/55aniversariocnicm\/wp-json\/wp\/v2\/pages\/370"}],"collection":[{"href":"https:\/\/promociondeeventos.sld.cu\/55aniversariocnicm\/wp-json\/wp\/v2\/pages"}],"about":[{"href":"https:\/\/promociondeeventos.sld.cu\/55aniversariocnicm\/wp-json\/wp\/v2\/types\/page"}],"author":[{"embeddable":true,"href":"https:\/\/promociondeeventos.sld.cu\/55aniversariocnicm\/wp-json\/wp\/v2\/users\/4"}],"replies":[{"embeddable":true,"href":"https:\/\/promociondeeventos.sld.cu\/55aniversariocnicm\/wp-json\/wp\/v2\/comments?post=370"}],"version-history":[{"count":5,"href":"https:\/\/promociondeeventos.sld.cu\/55aniversariocnicm\/wp-json\/wp\/v2\/pages\/370\/revisions"}],"predecessor-version":[{"id":408,"href":"https:\/\/promociondeeventos.sld.cu\/55aniversariocnicm\/wp-json\/wp\/v2\/pages\/370\/revisions\/408"}],"wp:attachment":[{"href":"https:\/\/promociondeeventos.sld.cu\/55aniversariocnicm\/wp-json\/wp\/v2\/media?parent=370"}],"curies":[{"name":"wp","href":"https:\/\/api.w.org\/{rel}","templated":true}]}}