{"id":34,"date":"2019-11-11T16:15:51","date_gmt":"2019-11-11T16:15:51","guid":{"rendered":"http:\/\/promociondeeventos.sld.cu\/55aniversariocnicm\/?page_id=34"},"modified":"2020-01-28T13:22:43","modified_gmt":"2020-01-28T13:22:43","slug":"aniversarios-anteriores","status":"publish","type":"page","link":"https:\/\/promociondeeventos.sld.cu\/55aniversariocnicm\/aniversarios-anteriores\/","title":{"rendered":"Aniversarios Infomed"},"content":{"rendered":"<table class=\" aligncenter\" style=\"height: 925px\" width=\"614\" cellpadding=\"5\">\n<tbody>\n<tr>\n<td style=\"vertical-align: middle;text-align: center\" colspan=\"2\"><img decoding=\"async\" loading=\"lazy\" class=\"imagefield imagefield-field_imagen04\" src=\"http:\/\/www.sld.cu\/sites\/www.sld.cu\/files\/imagenoticia\/17\/aniversario_27_de_infomed_3.jpg?1576613939\" alt=\"\" width=\"276\" height=\"276\" \/><\/p>\n<p><strong>A\u00f1o 2019<br \/>\n<\/strong><a href=\"http:\/\/www.sld.cu\/noticia\/2019\/12\/18\/felicita-ministro-de-salud-publica-infomed-red-de-salud-de-cuba-en-su-27-aniversa\">27 aniversario de Infomed<\/a><\/td>\n<\/tr>\n<tr>\n<td style=\"vertical-align: middle;text-align: center\"><a href=\"http:\/\/promociondeeventos.sld.cu\/xxaniversarioinfomed\/\" target=\"_blank\"><img decoding=\"async\" loading=\"lazy\" class=\"alignnone wp-image-192\" src=\"http:\/\/promociondeeventos.sld.cu\/xxvaniversarioinfomed\/files\/2017\/05\/20-300x215.jpg\" alt=\"20 aniversario de Infomed\" width=\"237\" height=\"170\" \/><\/a><strong><br \/>\nA\u00f1o 2012<br \/>\n<\/strong><a href=\"http:\/\/promociondeeventos.sld.cu\/xxaniversarioinfomed\/\" target=\"_blank\">20mo. aniversario de Infomed<\/a><\/td>\n<td style=\"vertical-align: middle;text-align: center\"><strong><a href=\"http:\/\/promociondeeventos.sld.cu\/55aniversariocnicm\/files\/2019\/11\/sitio_25_anos_infomed_portal_1.jpg\"><img decoding=\"async\" loading=\"lazy\" class=\"alignnone wp-image-270\" src=\"http:\/\/promociondeeventos.sld.cu\/55aniversariocnicm\/files\/2019\/11\/sitio_25_anos_infomed_portal_1-300x173.jpg\" alt=\"sitio_25_anos_infomed_portal_1\" width=\"295\" height=\"170\" srcset=\"https:\/\/promociondeeventos.sld.cu\/55aniversariocnicm\/files\/2019\/11\/sitio_25_anos_infomed_portal_1.jpg 300w, https:\/\/promociondeeventos.sld.cu\/55aniversariocnicm\/files\/2019\/11\/sitio_25_anos_infomed_portal_1-250x144.jpg 250w\" sizes=\"(max-width: 295px) 100vw, 295px\" \/><\/a>A\u00f1o 2017<br \/>\n<\/strong><a href=\"https:\/\/promociondeeventos.sld.cu\/xxvaniversarioinfomed\/\">25 aniversario de Infomed<\/a><\/td>\n<\/tr>\n<tr>\n<td style=\"vertical-align: middle;text-align: center\">\u00a0<a href=\"http:\/\/promociondeeventos.sld.cu\/11cencomed\/\" target=\"_blank\"><img decoding=\"async\" loading=\"lazy\" class=\"alignnone wp-image-194 \" src=\"http:\/\/promociondeeventos.sld.cu\/xxvaniversarioinfomed\/files\/2017\/05\/18-300x215.jpg\" alt=\"18\" width=\"283\" height=\"203\" \/><\/a><strong><br \/>\nA\u00f1o 2010<br \/>\n<\/strong><a href=\"http:\/\/promociondeeventos.sld.cu\/11cencomed\/\" target=\"_blank\">18vo. aniversario de Infomed<\/a><strong><br \/>\n<\/strong><\/td>\n<td style=\"vertical-align: middle;text-align: center\"><a href=\"http:\/\/promociondeeventos.sld.cu\/12cencomed\/\" target=\"_blank\"><img decoding=\"async\" loading=\"lazy\" class=\"alignnone wp-image-193 \" src=\"http:\/\/promociondeeventos.sld.cu\/xxvaniversarioinfomed\/files\/2017\/05\/19-300x215.jpg\" alt=\"19\" width=\"283\" height=\"203\" \/><\/a><a href=\"http:\/\/promociondeeventos.sld.cu\/blog\/2007\/12\/21\/los-15-de-infomed\/\" target=\"_blank\"><br \/>\n<\/a><strong>A\u00f1o 2011<br \/>\n<\/strong><a href=\"http:\/\/promociondeeventos.sld.cu\/12cencomed\/\" target=\"_blank\">19no. aniversario de Infomed<\/a><\/td>\n<\/tr>\n<tr>\n<td style=\"vertical-align: middle;text-align: center\"><a href=\"http:\/\/www.sld.cu\/aniversario\/\" target=\"_blank\"><img decoding=\"async\" loading=\"lazy\" class=\"alignnone wp-image-196 \" src=\"http:\/\/promociondeeventos.sld.cu\/xxvaniversarioinfomed\/files\/2017\/05\/10-300x215.jpg\" alt=\"10\" width=\"283\" height=\"203\" \/><\/a><strong>A\u00f1o 2002<br \/>\n<\/strong><a href=\"http:\/\/www.sld.cu\/aniversario\/\" target=\"_blank\">10mo. aniversario de Infomed<\/a><strong><br \/>\n<\/strong><\/td>\n<td style=\"vertical-align: middle;text-align: center\"><a href=\"http:\/\/promociondeeventos.sld.cu\/blog\/2007\/12\/21\/los-15-de-infomed\/\" target=\"_blank\"><img decoding=\"async\" loading=\"lazy\" class=\" wp-image-195  alignnone\" src=\"http:\/\/promociondeeventos.sld.cu\/xxvaniversarioinfomed\/files\/2017\/05\/15-300x215.jpg\" alt=\"15\" width=\"283\" height=\"203\" \/><\/a><strong>A\u00f1o 2007<br \/>\n<\/strong><a href=\"http:\/\/promociondeeventos.sld.cu\/blog\/2007\/12\/21\/los-15-de-infomed\/\" target=\"_blank\">15to. aniversario de Infomed<\/a><\/td>\n<\/tr>\n<tr>\n<td style=\"vertical-align: middle;text-align: center\" colspan=\"2\">\u00a0<strong><br \/>\n<\/strong><strong><br \/>\n<\/strong><\/td>\n<\/tr>\n<\/tbody>\n<\/table>\n<p>&nbsp;<\/p>\n","protected":false},"excerpt":{"rendered":"<p>A\u00f1o 2019 27 aniversario de Infomed A\u00f1o 2012 20mo. aniversario de Infomed A\u00f1o 2017 25 aniversario de Infomed \u00a0 A\u00f1o 2010 18vo. aniversario de Infomed A\u00f1o 2011 19no. aniversario de Infomed A\u00f1o 2002 10mo. aniversario de Infomed A\u00f1o 2007 15to. aniversario de Infomed \u00a0 &nbsp;<\/p>\n","protected":false},"author":3262,"featured_media":0,"parent":0,"menu_order":0,"comment_status":"closed","ping_status":"open","template":"","meta":[],"_links":{"self":[{"href":"https:\/\/promociondeeventos.sld.cu\/55aniversariocnicm\/wp-json\/wp\/v2\/pages\/34"}],"collection":[{"href":"https:\/\/promociondeeventos.sld.cu\/55aniversariocnicm\/wp-json\/wp\/v2\/pages"}],"about":[{"href":"https:\/\/promociondeeventos.sld.cu\/55aniversariocnicm\/wp-json\/wp\/v2\/types\/page"}],"author":[{"embeddable":true,"href":"https:\/\/promociondeeventos.sld.cu\/55aniversariocnicm\/wp-json\/wp\/v2\/users\/3262"}],"replies":[{"embeddable":true,"href":"https:\/\/promociondeeventos.sld.cu\/55aniversariocnicm\/wp-json\/wp\/v2\/comments?post=34"}],"version-history":[{"count":11,"href":"https:\/\/promociondeeventos.sld.cu\/55aniversariocnicm\/wp-json\/wp\/v2\/pages\/34\/revisions"}],"predecessor-version":[{"id":451,"href":"https:\/\/promociondeeventos.sld.cu\/55aniversariocnicm\/wp-json\/wp\/v2\/pages\/34\/revisions\/451"}],"wp:attachment":[{"href":"https:\/\/promociondeeventos.sld.cu\/55aniversariocnicm\/wp-json\/wp\/v2\/media?parent=34"}],"curies":[{"name":"wp","href":"https:\/\/api.w.org\/{rel}","templated":true}]}}

<table class=" aligncenter" style="height: 925px" width="614" cellpadding="5">
<tbody>
<tr>
<td style="vertical-align: middle;text-align: center" colspan="2"><img decoding="async" loading="lazy" class="imagefield imagefield-field_imagen04" src="http://www.sld.cu/sites/www.sld.cu/files/imagenoticia/17/aniversario_27_de_infomed_3.jpg?1576613939" alt="" width="276" height="276" /></p>
<p><strong>Año 2019<br />
</strong><a href="http://www.sld.cu/noticia/2019/12/18/felicita-ministro-de-salud-publica-infomed-red-de-salud-de-cuba-en-su-27-aniversa">27 aniversario de Infomed</a></td>
</tr>
<tr>
<td style="vertical-align: middle;text-align: center"><a href="http://promociondeeventos.sld.cu/xxaniversarioinfomed/" target="_blank"><img decoding="async" loading="lazy" class="alignnone wp-image-192" src="http://promociondeeventos.sld.cu/xxvaniversarioinfomed/files/2017/05/20-300x215.jpg" alt="20 aniversario de Infomed" width="237" height="170" /></a><strong><br />
Año 2012<br />
</strong><a href="http://promociondeeventos.sld.cu/xxaniversarioinfomed/" target="_blank">20mo. aniversario de Infomed</a></td>
<td style="vertical-align: middle;text-align: center"><strong><a href="http://promociondeeventos.sld.cu/55aniversariocnicm/files/2019/11/sitio_25_anos_infomed_portal_1.jpg"><img decoding="async" loading="lazy" class="alignnone wp-image-270" src="http://promociondeeventos.sld.cu/55aniversariocnicm/files/2019/11/sitio_25_anos_infomed_portal_1-300x173.jpg" alt="sitio_25_anos_infomed_portal_1" width="295" height="170" srcset="https://promociondeeventos.sld.cu/55aniversariocnicm/files/2019/11/sitio_25_anos_infomed_portal_1.jpg 300w, https://promociondeeventos.sld.cu/55aniversariocnicm/files/2019/11/sitio_25_anos_infomed_portal_1-250x144.jpg 250w" sizes="(max-width: 295px) 100vw, 295px" /></a>Año 2017<br />
</strong><a href="https://promociondeeventos.sld.cu/xxvaniversarioinfomed/">25 aniversario de Infomed</a></td>
</tr>
<tr>
<td style="vertical-align: middle;text-align: center"> <a href="http://promociondeeventos.sld.cu/11cencomed/" target="_blank"><img decoding="async" loading="lazy" class="alignnone wp-image-194 " src="http://promociondeeventos.sld.cu/xxvaniversarioinfomed/files/2017/05/18-300x215.jpg" alt="18" width="283" height="203" /></a><strong><br />
Año 2010<br />
</strong><a href="http://promociondeeventos.sld.cu/11cencomed/" target="_blank">18vo. aniversario de Infomed</a><strong><br />
</strong></td>
<td style="vertical-align: middle;text-align: center"><a href="http://promociondeeventos.sld.cu/12cencomed/" target="_blank"><img decoding="async" loading="lazy" class="alignnone wp-image-193 " src="http://promociondeeventos.sld.cu/xxvaniversarioinfomed/files/2017/05/19-300x215.jpg" alt="19" width="283" height="203" /></a><a href="http://promociondeeventos.sld.cu/blog/2007/12/21/los-15-de-infomed/" target="_blank"><br />
</a><strong>Año 2011<br />
</strong><a href="http://promociondeeventos.sld.cu/12cencomed/" target="_blank">19no. aniversario de Infomed</a></td>
</tr>
<tr>
<td style="vertical-align: middle;text-align: center"><a href="http://www.sld.cu/aniversario/" target="_blank"><img decoding="async" loading="lazy" class="alignnone wp-image-196 " src="http://promociondeeventos.sld.cu/xxvaniversarioinfomed/files/2017/05/10-300x215.jpg" alt="10" width="283" height="203" /></a><strong>Año 2002<br />
</strong><a href="http://www.sld.cu/aniversario/" target="_blank">10mo. aniversario de Infomed</a><strong><br />
</strong></td>
<td style="vertical-align: middle;text-align: center"><a href="http://promociondeeventos.sld.cu/blog/2007/12/21/los-15-de-infomed/" target="_blank"><img decoding="async" loading="lazy" class=" wp-image-195  alignnone" src="http://promociondeeventos.sld.cu/xxvaniversarioinfomed/files/2017/05/15-300x215.jpg" alt="15" width="283" height="203" /></a><strong>Año 2007<br />
</strong><a href="http://promociondeeventos.sld.cu/blog/2007/12/21/los-15-de-infomed/" target="_blank">15to. aniversario de Infomed</a></td>
</tr>
<tr>
<td style="vertical-align: middle;text-align: center" colspan="2"> <strong><br />
</strong><strong><br />
</strong></td>
</tr>
</tbody>
</table>
<p>&nbsp;</p>

<p>Año 2019 27 aniversario de Infomed Año 2012 20mo. aniversario de Infomed Año 2017 25 aniversario de Infomed   Año 2010 18vo. aniversario de Infomed Año 2011 19no. aniversario de Infomed Año 2002 10mo. aniversario de Infomed Año 2007 15to. aniversario de Infomed   &nbsp;</p>
