{"id":22,"date":"2019-11-07T20:38:57","date_gmt":"2019-11-07T20:38:57","guid":{"rendered":"http:\/\/promociondeeventos.sld.cu\/55aniversariocnicm\/?page_id=22"},"modified":"2019-12-17T19:28:08","modified_gmt":"2019-12-17T19:28:08","slug":"centro-nacional-de-informacion-de-ciencias-medicas-55-anos-de-informacion-en-ciencias-de-la-salud","status":"publish","type":"page","link":"https:\/\/promociondeeventos.sld.cu\/55aniversariocnicm\/","title":{"rendered":"Centro Nacional de Informaci\u00f3n de Ciencias M\u00e9dicas: 55 a\u00f1os de Informaci\u00f3n en Ciencias de la Salud"},"content":{"rendered":"<p style=\"text-align: justify;\">Centro Nacional de Informaci\u00f3n de Ciencias M\u00e9dicas (CNICM) surge en el a\u00f1o 1965, con el encargo social de fomentar el uso de la informaci\u00f3n cient\u00edfica en el Sistema Nacional de Salud. En junio de 1977 se oficializan por primera vez su estructura, su plantilla y las funciones que cumplir\u00eda, al entrar en vigor la Resoluci\u00f3n No. 38 del MINSAP.<\/p>\n<p style=\"text-align: justify;\">El CNICM es la instituci\u00f3n nacional del Ministerio de Salud P\u00fablica que coordina y promueve el desarrollo de las actividades de informaci\u00f3n cient\u00edfica y t\u00e9cnica en el Sistema Nacional de Informaci\u00f3n Cient\u00edfico y T\u00e9cnica de la Salud. Tiene la funci\u00f3n de proveedor de servicios para el Sistema Nacional de Salud y a tal efecto coordina, dirige y controla el desarrollo del Sistema Nacional de Informaci\u00f3n Cient\u00edfico T\u00e9cnico en Salud.<\/p>\n<p style=\"text-align: justify;\">Desde 1984 el centro es nombrado Centro Coordinador Nacional del Centro Latinoamericano y del Caribe de informaci\u00f3n en Ciencias de la Salud (BIREME); en el a\u00f1o 2005 se registr\u00f3 como Centro de Servicios Cient\u00edfico-Tecnol\u00f3gicos y desde el a\u00f1o 2011 se acredit\u00f3 con la condici\u00f3n de Centro Docente para el desarrollo del Postgrado en todas las modalidades para el Sistema Nacional de Salud.<\/p>\n<p style=\"text-align: justify;\">El CNICM coordina la implementaci\u00f3n del modelo de la Biblioteca Virtual de Salud en Cuba, BVS,\u00a0que tiene el prop\u00f3sito de garantizar el acceso a la informaci\u00f3n cient\u00edfica y t\u00e9cnica de los profesionales y t\u00e9cnicos de la Salud en Cuba e incrementar la visibilidad de la producci\u00f3n cient\u00edfica cubana en Ciencias de la Salud.<\/p>\n<p style=\"text-align: justify;\">El Centro Nacional de Informaci\u00f3n de Ciencias M\u00e9dicas tiene la misi\u00f3n de liderar la transformaci\u00f3n del Sistema Nacional de Informaci\u00f3n Cient\u00edfica y T\u00e9cnica de la Salud para convertir la informaci\u00f3n cient\u00edfica y t\u00e9cnica en un componente esencial al servicio del perfeccionamiento de la salud cubana. Su visi\u00f3n est\u00e1 encaminada a proyectarse como organizaci\u00f3n l\u00edder en el campo de la informaci\u00f3n en ciencias de la salud, sustentada en una din\u00e1mica y eficiente red de conocimientos de alto valor profesional y humano al servicio de la salud de los cubanos y los pueblos del mundo.<\/p>\n","protected":false},"excerpt":{"rendered":"<p>Centro Nacional de Informaci\u00f3n de Ciencias M\u00e9dicas (CNICM) surge en el a\u00f1o 1965, con el encargo social de fomentar el uso de la informaci\u00f3n cient\u00edfica en el Sistema Nacional de Salud. En junio de 1977 se oficializan por primera vez su estructura, su plantilla y las funciones que cumplir\u00eda, al entrar en vigor la Resoluci\u00f3n [&hellip;]<\/p>\n","protected":false},"author":3262,"featured_media":0,"parent":0,"menu_order":0,"comment_status":"closed","ping_status":"open","template":"sidebar-content.php","meta":[],"_links":{"self":[{"href":"https:\/\/promociondeeventos.sld.cu\/55aniversariocnicm\/wp-json\/wp\/v2\/pages\/22"}],"collection":[{"href":"https:\/\/promociondeeventos.sld.cu\/55aniversariocnicm\/wp-json\/wp\/v2\/pages"}],"about":[{"href":"https:\/\/promociondeeventos.sld.cu\/55aniversariocnicm\/wp-json\/wp\/v2\/types\/page"}],"author":[{"embeddable":true,"href":"https:\/\/promociondeeventos.sld.cu\/55aniversariocnicm\/wp-json\/wp\/v2\/users\/3262"}],"replies":[{"embeddable":true,"href":"https:\/\/promociondeeventos.sld.cu\/55aniversariocnicm\/wp-json\/wp\/v2\/comments?post=22"}],"version-history":[{"count":10,"href":"https:\/\/promociondeeventos.sld.cu\/55aniversariocnicm\/wp-json\/wp\/v2\/pages\/22\/revisions"}],"predecessor-version":[{"id":112,"href":"https:\/\/promociondeeventos.sld.cu\/55aniversariocnicm\/wp-json\/wp\/v2\/pages\/22\/revisions\/112"}],"wp:attachment":[{"href":"https:\/\/promociondeeventos.sld.cu\/55aniversariocnicm\/wp-json\/wp\/v2\/media?parent=22"}],"curies":[{"name":"wp","href":"https:\/\/api.w.org\/{rel}","templated":true}]}}