{"id":500,"date":"2015-10-13T17:54:10","date_gmt":"2015-10-13T17:54:10","guid":{"rendered":"http:\/\/promociondeeventos.sld.cu\/50cnicm\/?page_id=500"},"modified":"2015-10-13T18:13:57","modified_gmt":"2015-10-13T18:13:57","slug":"reunion-nacional-de-directores-de-los-cnicm","status":"publish","type":"page","link":"https:\/\/promociondeeventos.sld.cu\/50cnicm\/reunion-nacional-de-directores-de-los-cnicm\/","title":{"rendered":"Reuni\u00f3n Nacional de directores de los CNICM"},"content":{"rendered":"<p>En el marco de las actividades con motivo del 50 aniversario del CNICM se\u00a0efectuar\u00e1 la Reuni\u00f3n Nacional de Directores de los CPICM que en esta\u00a0oportunidad se realizar\u00e1 en la Universidad de Ciencias M\u00e9dicas de Holgu\u00edn\u00a0del 23 al 27 de noviembre. En dicha actividad se otorgar\u00e1n diplomas de \u00a0reconocimiento a varios directivos.<\/p>\n<p>&nbsp;<\/p>\n","protected":false},"excerpt":{"rendered":"<p>En el marco de las actividades con motivo del 50 aniversario del CNICM se\u00a0efectuar\u00e1 la Reuni\u00f3n Nacional de Directores de los CPICM que en esta\u00a0oportunidad se realizar\u00e1 en la Universidad de Ciencias M\u00e9dicas de Holgu\u00edn\u00a0del 23 al 27 de noviembre. En dicha actividad se otorgar\u00e1n diplomas de \u00a0reconocimiento a varios directivos. &nbsp;<\/p>\n","protected":false},"author":149,"featured_media":0,"parent":0,"menu_order":0,"comment_status":"closed","ping_status":"closed","template":"","meta":[],"_links":{"self":[{"href":"https:\/\/promociondeeventos.sld.cu\/50cnicm\/wp-json\/wp\/v2\/pages\/500"}],"collection":[{"href":"https:\/\/promociondeeventos.sld.cu\/50cnicm\/wp-json\/wp\/v2\/pages"}],"about":[{"href":"https:\/\/promociondeeventos.sld.cu\/50cnicm\/wp-json\/wp\/v2\/types\/page"}],"author":[{"embeddable":true,"href":"https:\/\/promociondeeventos.sld.cu\/50cnicm\/wp-json\/wp\/v2\/users\/149"}],"replies":[{"embeddable":true,"href":"https:\/\/promociondeeventos.sld.cu\/50cnicm\/wp-json\/wp\/v2\/comments?post=500"}],"version-history":[{"count":2,"href":"https:\/\/promociondeeventos.sld.cu\/50cnicm\/wp-json\/wp\/v2\/pages\/500\/revisions"}],"predecessor-version":[{"id":503,"href":"https:\/\/promociondeeventos.sld.cu\/50cnicm\/wp-json\/wp\/v2\/pages\/500\/revisions\/503"}],"wp:attachment":[{"href":"https:\/\/promociondeeventos.sld.cu\/50cnicm\/wp-json\/wp\/v2\/media?parent=500"}],"curies":[{"name":"wp","href":"https:\/\/api.w.org\/{rel}","templated":true}]}}

Reunión Nacional de directores de los CNICM

<p>En el marco de las actividades con motivo del 50 aniversario del CNICM se efectuará la Reunión Nacional de Directores de los CPICM que en esta oportunidad se realizará en la Universidad de Ciencias Médicas de Holguín del 23 al 27 de noviembre. En dicha actividad se otorgarán diplomas de  reconocimiento a varios directivos.</p>
<p>&nbsp;</p>

<p>En el marco de las actividades con motivo del 50 aniversario del CNICM se efectuará la Reunión Nacional de Directores de los CPICM que en esta oportunidad se realizará en la Universidad de Ciencias Médicas de Holguín del 23 al 27 de noviembre. En dicha actividad se otorgarán diplomas de  reconocimiento a varios directivos. &nbsp;</p>
