{"id":442,"date":"2015-10-13T14:31:01","date_gmt":"2015-10-13T14:31:01","guid":{"rendered":"http:\/\/promociondeeventos.sld.cu\/50cnicm\/?page_id=442"},"modified":"2015-10-16T15:25:41","modified_gmt":"2015-10-16T15:25:41","slug":"trabajador-del-centro-con-mas-edad","status":"publish","type":"page","link":"https:\/\/promociondeeventos.sld.cu\/50cnicm\/trabajador-del-centro-con-mas-edad\/","title":{"rendered":"Trabajador con m\u00e1s edad"},"content":{"rendered":"<p><a href=\"http:\/\/promociondeeventos.sld.cu\/50cnicm\/files\/2015\/10\/Simon1.jpg\"><img decoding=\"async\" loading=\"lazy\" class=\"wp-image-495 alignleft\" style=\"margin: 5px;\" alt=\"Simon1\" src=\"http:\/\/promociondeeventos.sld.cu\/50cnicm\/files\/2015\/10\/Simon1.jpg\" width=\"182\" height=\"230\" \/><\/a><\/p>\n<p>&nbsp;<\/p>\n<p>&nbsp;<\/p>\n<p>&nbsp;<\/p>\n<p><strong>Sim\u00f3n Ibrah\u00edn Rodr\u00edguez Calero<\/strong>&#8211; 84 a\u00f1os<\/p>\n<p>Trabajador del Departamento de Seguridad y Protecci\u00f3n del Centro.<\/p>\n","protected":false},"excerpt":{"rendered":"<p>&nbsp; &nbsp; &nbsp; Sim\u00f3n Ibrah\u00edn Rodr\u00edguez Calero&#8211; 84 a\u00f1os Trabajador del Departamento de Seguridad y Protecci\u00f3n del Centro.<\/p>\n","protected":false},"author":149,"featured_media":0,"parent":0,"menu_order":0,"comment_status":"closed","ping_status":"closed","template":"","meta":[],"_links":{"self":[{"href":"https:\/\/promociondeeventos.sld.cu\/50cnicm\/wp-json\/wp\/v2\/pages\/442"}],"collection":[{"href":"https:\/\/promociondeeventos.sld.cu\/50cnicm\/wp-json\/wp\/v2\/pages"}],"about":[{"href":"https:\/\/promociondeeventos.sld.cu\/50cnicm\/wp-json\/wp\/v2\/types\/page"}],"author":[{"embeddable":true,"href":"https:\/\/promociondeeventos.sld.cu\/50cnicm\/wp-json\/wp\/v2\/users\/149"}],"replies":[{"embeddable":true,"href":"https:\/\/promociondeeventos.sld.cu\/50cnicm\/wp-json\/wp\/v2\/comments?post=442"}],"version-history":[{"count":7,"href":"https:\/\/promociondeeventos.sld.cu\/50cnicm\/wp-json\/wp\/v2\/pages\/442\/revisions"}],"predecessor-version":[{"id":527,"href":"https:\/\/promociondeeventos.sld.cu\/50cnicm\/wp-json\/wp\/v2\/pages\/442\/revisions\/527"}],"wp:attachment":[{"href":"https:\/\/promociondeeventos.sld.cu\/50cnicm\/wp-json\/wp\/v2\/media?parent=442"}],"curies":[{"name":"wp","href":"https:\/\/api.w.org\/{rel}","templated":true}]}}

Trabajador con más edad

<p><a href="http://promociondeeventos.sld.cu/50cnicm/files/2015/10/Simon1.jpg"><img decoding="async" loading="lazy" class="wp-image-495 alignleft" style="margin: 5px;" alt="Simon1" src="http://promociondeeventos.sld.cu/50cnicm/files/2015/10/Simon1.jpg" width="182" height="230" /></a></p>
<p>&nbsp;</p>
<p>&nbsp;</p>
<p>&nbsp;</p>
<p><strong>Simón Ibrahín Rodríguez Calero</strong>&#8211; 84 años</p>
<p>Trabajador del Departamento de Seguridad y Protección del Centro.</p>

<p>&nbsp; &nbsp; &nbsp; Simón Ibrahín Rodríguez Calero&#8211; 84 años Trabajador del Departamento de Seguridad y Protección del Centro.</p>
