{"id":39,"date":"2015-09-17T15:53:34","date_gmt":"2015-09-17T15:53:34","guid":{"rendered":"http:\/\/promociondeeventos.sld.cu\/50cnicm\/?page_id=39"},"modified":"2015-11-09T14:51:49","modified_gmt":"2015-11-09T14:51:49","slug":"entrevistados","status":"publish","type":"page","link":"https:\/\/promociondeeventos.sld.cu\/50cnicm\/entrevistados\/","title":{"rendered":"Trabajadores rememoran su trayectoria laboral"},"content":{"rendered":"<table border=\"0\">\n<tbody>\n<tr>\n<td><a href=\"http:\/\/promociondeeventos.sld.cu\/50cnicm\/files\/2015\/10\/Daisy-del-Valle.jpg\"><img decoding=\"async\" loading=\"lazy\" class=\"alignnone  wp-image-563\" alt=\"Daisy del Valle\" src=\"http:\/\/promociondeeventos.sld.cu\/50cnicm\/files\/2015\/10\/Daisy-del-Valle-268x300.jpg\" width=\"78\" height=\"86\" srcset=\"https:\/\/promociondeeventos.sld.cu\/50cnicm\/files\/2015\/10\/Daisy-del-Valle-268x300.jpg 268w, https:\/\/promociondeeventos.sld.cu\/50cnicm\/files\/2015\/10\/Daisy-del-Valle.jpg 506w\" sizes=\"(max-width: 78px) 100vw, 78px\" \/><\/a><\/td>\n<td><a href=\"http:\/\/promociondeeventos.sld.cu\/50cnicm\/2015\/09\/17\/daisy-del-valle-molina\/\">Daisy del Valle Molina<\/a><\/td>\n<\/tr>\n<tr>\n<td><a href=\"http:\/\/promociondeeventos.sld.cu\/50cnicm\/files\/2015\/09\/foto-ortelio1.jpg\"><img decoding=\"async\" loading=\"lazy\" class=\"alignnone  wp-image-322\" alt=\"foto ortelio1\" src=\"http:\/\/promociondeeventos.sld.cu\/50cnicm\/files\/2015\/09\/foto-ortelio1-300x261.jpg\" width=\"79\" height=\"68\" srcset=\"https:\/\/promociondeeventos.sld.cu\/50cnicm\/files\/2015\/09\/foto-ortelio1-300x261.jpg 300w, https:\/\/promociondeeventos.sld.cu\/50cnicm\/files\/2015\/09\/foto-ortelio1.jpg 434w\" sizes=\"(max-width: 79px) 100vw, 79px\" \/><\/a><\/td>\n<td><a href=\"http:\/\/promociondeeventos.sld.cu\/50cnicm\/2015\/09\/23\/luciano-ortelio-sanchez-nunez\/\">Luciano Ortelio Sanchez N\u00fa\u00f1ez<\/a><\/td>\n<\/tr>\n<tr>\n<td><a href=\"http:\/\/promociondeeventos.sld.cu\/50cnicm\/files\/2015\/09\/foto-mercy1.jpg\"><img decoding=\"async\" loading=\"lazy\" class=\"alignnone  wp-image-325\" alt=\"foto mercy1\" src=\"http:\/\/promociondeeventos.sld.cu\/50cnicm\/files\/2015\/09\/foto-mercy1.jpg\" width=\"80\" height=\"75\" \/><\/a><\/td>\n<td><a href=\"http:\/\/promociondeeventos.sld.cu\/50cnicm\/2015\/09\/25\/maria-de-las-mercedes-fernandez-valdes\/\">Mar\u00eda de las Mercedes Fern\u00e1ndez Vald\u00e9s<\/a><\/td>\n<\/tr>\n<tr>\n<td><a href=\"http:\/\/promociondeeventos.sld.cu\/50cnicm\/files\/2015\/09\/Ileana-armenteros1.jpg\"><img decoding=\"async\" loading=\"lazy\" class=\"alignnone  wp-image-327\" alt=\"Ileana armenteros1\" src=\"http:\/\/promociondeeventos.sld.cu\/50cnicm\/files\/2015\/09\/Ileana-armenteros1-300x227.jpg\" width=\"80\" height=\"62\" srcset=\"https:\/\/promociondeeventos.sld.cu\/50cnicm\/files\/2015\/09\/Ileana-armenteros1-300x227.jpg 300w, https:\/\/promociondeeventos.sld.cu\/50cnicm\/files\/2015\/09\/Ileana-armenteros1.jpg 328w\" sizes=\"(max-width: 80px) 100vw, 80px\" \/><\/a><\/td>\n<td><a href=\"http:\/\/promociondeeventos.sld.cu\/50cnicm\/2015\/09\/26\/ileana-armenteros-vera\/\">Ileana Armenteros Vera<\/a><\/td>\n<\/tr>\n<tr>\n<td><a href=\"http:\/\/promociondeeventos.sld.cu\/50cnicm\/files\/2015\/09\/maria-de-carmen1.jpg\"><img decoding=\"async\" loading=\"lazy\" class=\"alignnone  wp-image-332\" alt=\"maria de carmen1\" src=\"http:\/\/promociondeeventos.sld.cu\/50cnicm\/files\/2015\/09\/maria-de-carmen1-300x270.jpg\" width=\"82\" height=\"73\" srcset=\"https:\/\/promociondeeventos.sld.cu\/50cnicm\/files\/2015\/09\/maria-de-carmen1-300x270.jpg 300w, https:\/\/promociondeeventos.sld.cu\/50cnicm\/files\/2015\/09\/maria-de-carmen1.jpg 342w\" sizes=\"(max-width: 82px) 100vw, 82px\" \/><\/a><\/td>\n<td><a href=\"http:\/\/promociondeeventos.sld.cu\/50cnicm\/2015\/09\/26\/maria-del-carmen-gonzalez-rivero\/\">Mar\u00eda del Carmen Gonz\u00e1lez Rivero<\/a><\/td>\n<\/tr>\n<tr>\n<td><a href=\"http:\/\/promociondeeventos.sld.cu\/50cnicm\/files\/2015\/09\/Copia-CACHA-1.jpg\"><img decoding=\"async\" loading=\"lazy\" class=\"alignnone  wp-image-329\" alt=\"Copia CACHA 1\" src=\"http:\/\/promociondeeventos.sld.cu\/50cnicm\/files\/2015\/09\/Copia-CACHA-1.jpg\" width=\"78\" height=\"88\" \/><\/a><\/td>\n<td><a href=\"http:\/\/promociondeeventos.sld.cu\/50cnicm\/2015\/09\/28\/caridad-lopez-jimenez\/\">Caridad L\u00f3pez Jim\u00e9nez<\/a><\/td>\n<\/tr>\n<tr>\n<td><a href=\"http:\/\/promociondeeventos.sld.cu\/50cnicm\/files\/2015\/10\/fara1.jpg\"><img decoding=\"async\" loading=\"lazy\" class=\"alignnone  wp-image-336\" alt=\"fara1\" src=\"http:\/\/promociondeeventos.sld.cu\/50cnicm\/files\/2015\/10\/fara1-300x247.jpg\" width=\"77\" height=\"64\" srcset=\"https:\/\/promociondeeventos.sld.cu\/50cnicm\/files\/2015\/10\/fara1-300x247.jpg 300w, https:\/\/promociondeeventos.sld.cu\/50cnicm\/files\/2015\/10\/fara1.jpg 408w\" sizes=\"(max-width: 77px) 100vw, 77px\" \/><\/a><\/td>\n<td><a href=\"http:\/\/promociondeeventos.sld.cu\/50cnicm\/2015\/10\/02\/335\/\">Fara Martha Gonz\u00e1lez Fern\u00e1ndez<\/a><\/td>\n<\/tr>\n<tr>\n<td><a href=\"http:\/\/promociondeeventos.sld.cu\/50cnicm\/files\/2015\/10\/Alina22.jpg\"><img decoding=\"async\" loading=\"lazy\" class=\"alignnone  wp-image-475\" alt=\"Alina22\" src=\"http:\/\/promociondeeventos.sld.cu\/50cnicm\/files\/2015\/10\/Alina22-300x246.jpg\" width=\"77\" height=\"64\" srcset=\"https:\/\/promociondeeventos.sld.cu\/50cnicm\/files\/2015\/10\/Alina22-300x246.jpg 300w, https:\/\/promociondeeventos.sld.cu\/50cnicm\/files\/2015\/10\/Alina22.jpg 457w\" sizes=\"(max-width: 77px) 100vw, 77px\" \/><\/a><\/td>\n<td><a href=\"http:\/\/promociondeeventos.sld.cu\/50cnicm\/2015\/10\/13\/alina-rodriguez-fang\/\">Alina\u00a0Rodr\u00edguez Fang<\/a><\/td>\n<\/tr>\n<tr>\n<td><a href=\"http:\/\/promociondeeventos.sld.cu\/50cnicm\/files\/2015\/09\/foto-ana1.jpg\"><img decoding=\"async\" loading=\"lazy\" class=\"alignnone  wp-image-585\" alt=\"foto ana1\" src=\"http:\/\/promociondeeventos.sld.cu\/50cnicm\/files\/2015\/09\/foto-ana1.jpg\" width=\"74\" height=\"86\" \/><\/a><\/td>\n<td><a href=\"http:\/\/promociondeeventos.sld.cu\/50cnicm\/2015\/10\/13\/ana-gloria-diaz-martinez\/\">Ana Gloria D\u00edaz Mart\u00ednez<\/a><\/td>\n<\/tr>\n<tr>\n<td><a href=\"http:\/\/promociondeeventos.sld.cu\/50cnicm\/files\/2015\/10\/Jorge-Sucasas-aniversario-50-jpg.jpg-.jpg\"><img decoding=\"async\" loading=\"lazy\" class=\"alignnone  wp-image-468\" alt=\"Jorge Sucasas aniversario 50 jpg.jpg\" src=\"http:\/\/promociondeeventos.sld.cu\/50cnicm\/files\/2015\/10\/Jorge-Sucasas-aniversario-50-jpg.jpg-.jpg\" width=\"74\" height=\"85\" \/><\/a><\/td>\n<td><a href=\"http:\/\/promociondeeventos.sld.cu\/50cnicm\/2015\/10\/13\/jorge-sucasas-palomino\/\">Jorge Sucasas Palomino<\/a><\/td>\n<\/tr>\n<tr>\n<td><a href=\"http:\/\/promociondeeventos.sld.cu\/50cnicm\/files\/2015\/10\/Marta-Trigo-1.jpg\"><img decoding=\"async\" loading=\"lazy\" class=\"alignnone  wp-image-510\" alt=\"Marta Trigo 1\" src=\"http:\/\/promociondeeventos.sld.cu\/50cnicm\/files\/2015\/10\/Marta-Trigo-1.jpg\" width=\"76\" height=\"72\" \/><\/a><\/td>\n<td><a href=\"http:\/\/promociondeeventos.sld.cu\/50cnicm\/2015\/10\/13\/marta-trigo-marabotto\/\">Marta Trigo Marabotto<\/a><\/td>\n<\/tr>\n<tr>\n<td><a href=\"http:\/\/promociondeeventos.sld.cu\/50cnicm\/files\/2015\/10\/delmis1.jpg\"><img decoding=\"async\" loading=\"lazy\" class=\"alignnone  wp-image-576\" alt=\"delmis1\" src=\"http:\/\/promociondeeventos.sld.cu\/50cnicm\/files\/2015\/10\/delmis1.jpg\" width=\"78\" height=\"75\" \/><\/a><\/td>\n<td><a href=\"http:\/\/promociondeeventos.sld.cu\/50cnicm\/2015\/10\/16\/delmis-san-juan-olazabal\/\">Delmis San Juan Olazabal<\/a><\/td>\n<\/tr>\n<tr>\n<td><a href=\"http:\/\/promociondeeventos.sld.cu\/50cnicm\/files\/2015\/10\/margarita-pobea.jpg\"><img decoding=\"async\" loading=\"lazy\" class=\"alignnone  wp-image-550\" alt=\"margarita pobea\" src=\"http:\/\/promociondeeventos.sld.cu\/50cnicm\/files\/2015\/10\/margarita-pobea-300x268.jpg\" width=\"78\" height=\"70\" srcset=\"https:\/\/promociondeeventos.sld.cu\/50cnicm\/files\/2015\/10\/margarita-pobea-300x268.jpg 300w, https:\/\/promociondeeventos.sld.cu\/50cnicm\/files\/2015\/10\/margarita-pobea.jpg 323w\" sizes=\"(max-width: 78px) 100vw, 78px\" \/><\/a><\/td>\n<td><a title=\"Margarita Pobea\" href=\"http:\/\/promociondeeventos.sld.cu\/50cnicm\/2015\/10\/20\/margarita-pobea\/\">Margarita Pobea Reyes<\/a><\/td>\n<\/tr>\n<tr>\n<td>\u00a0<a href=\"http:\/\/promociondeeventos.sld.cu\/50cnicm\/files\/2015\/11\/ARELIS-ANTES-Y-DESPUES.jpg\"><img decoding=\"async\" loading=\"lazy\" class=\"alignnone  wp-image-710\" alt=\"ARELIS ANTES Y DESPUES\" src=\"http:\/\/promociondeeventos.sld.cu\/50cnicm\/files\/2015\/11\/ARELIS-ANTES-Y-DESPUES.jpg\" width=\"61\" height=\"84\" \/><\/a><\/td>\n<td><a href=\"http:\/\/promociondeeventos.sld.cu\/50cnicm\/arelys-borrell\/\">Arelys Borrell Saburit<\/a><\/td>\n<\/tr>\n<\/tbody>\n<\/table>\n","protected":false},"excerpt":{"rendered":"<p>Daisy del Valle Molina Luciano Ortelio Sanchez N\u00fa\u00f1ez Mar\u00eda de las Mercedes Fern\u00e1ndez Vald\u00e9s Ileana Armenteros Vera Mar\u00eda del Carmen Gonz\u00e1lez Rivero Caridad L\u00f3pez Jim\u00e9nez Fara Martha Gonz\u00e1lez Fern\u00e1ndez Alina\u00a0Rodr\u00edguez Fang Ana Gloria D\u00edaz Mart\u00ednez Jorge Sucasas Palomino Marta Trigo Marabotto Delmis San Juan Olazabal Margarita Pobea Reyes \u00a0 Arelys Borrell Saburit<\/p>\n","protected":false},"author":149,"featured_media":0,"parent":0,"menu_order":0,"comment_status":"closed","ping_status":"closed","template":"","meta":[],"_links":{"self":[{"href":"https:\/\/promociondeeventos.sld.cu\/50cnicm\/wp-json\/wp\/v2\/pages\/39"}],"collection":[{"href":"https:\/\/promociondeeventos.sld.cu\/50cnicm\/wp-json\/wp\/v2\/pages"}],"about":[{"href":"https:\/\/promociondeeventos.sld.cu\/50cnicm\/wp-json\/wp\/v2\/types\/page"}],"author":[{"embeddable":true,"href":"https:\/\/promociondeeventos.sld.cu\/50cnicm\/wp-json\/wp\/v2\/users\/149"}],"replies":[{"embeddable":true,"href":"https:\/\/promociondeeventos.sld.cu\/50cnicm\/wp-json\/wp\/v2\/comments?post=39"}],"version-history":[{"count":61,"href":"https:\/\/promociondeeventos.sld.cu\/50cnicm\/wp-json\/wp\/v2\/pages\/39\/revisions"}],"predecessor-version":[{"id":714,"href":"https:\/\/promociondeeventos.sld.cu\/50cnicm\/wp-json\/wp\/v2\/pages\/39\/revisions\/714"}],"wp:attachment":[{"href":"https:\/\/promociondeeventos.sld.cu\/50cnicm\/wp-json\/wp\/v2\/media?parent=39"}],"curies":[{"name":"wp","href":"https:\/\/api.w.org\/{rel}","templated":true}]}}

<table border="0">
<tbody>
<tr>
<td><a href="http://promociondeeventos.sld.cu/50cnicm/files/2015/10/Daisy-del-Valle.jpg"><img decoding="async" loading="lazy" class="alignnone  wp-image-563" alt="Daisy del Valle" src="http://promociondeeventos.sld.cu/50cnicm/files/2015/10/Daisy-del-Valle-268x300.jpg" width="78" height="86" srcset="https://promociondeeventos.sld.cu/50cnicm/files/2015/10/Daisy-del-Valle-268x300.jpg 268w, https://promociondeeventos.sld.cu/50cnicm/files/2015/10/Daisy-del-Valle.jpg 506w" sizes="(max-width: 78px) 100vw, 78px" /></a></td>
<td><a href="http://promociondeeventos.sld.cu/50cnicm/2015/09/17/daisy-del-valle-molina/">Daisy del Valle Molina</a></td>
</tr>
<tr>
<td><a href="http://promociondeeventos.sld.cu/50cnicm/files/2015/09/foto-ortelio1.jpg"><img decoding="async" loading="lazy" class="alignnone  wp-image-322" alt="foto ortelio1" src="http://promociondeeventos.sld.cu/50cnicm/files/2015/09/foto-ortelio1-300x261.jpg" width="79" height="68" srcset="https://promociondeeventos.sld.cu/50cnicm/files/2015/09/foto-ortelio1-300x261.jpg 300w, https://promociondeeventos.sld.cu/50cnicm/files/2015/09/foto-ortelio1.jpg 434w" sizes="(max-width: 79px) 100vw, 79px" /></a></td>
<td><a href="http://promociondeeventos.sld.cu/50cnicm/2015/09/23/luciano-ortelio-sanchez-nunez/">Luciano Ortelio Sanchez Núñez</a></td>
</tr>
<tr>
<td><a href="http://promociondeeventos.sld.cu/50cnicm/files/2015/09/foto-mercy1.jpg"><img decoding="async" loading="lazy" class="alignnone  wp-image-325" alt="foto mercy1" src="http://promociondeeventos.sld.cu/50cnicm/files/2015/09/foto-mercy1.jpg" width="80" height="75" /></a></td>
<td><a href="http://promociondeeventos.sld.cu/50cnicm/2015/09/25/maria-de-las-mercedes-fernandez-valdes/">María de las Mercedes Fernández Valdés</a></td>
</tr>
<tr>
<td><a href="http://promociondeeventos.sld.cu/50cnicm/files/2015/09/Ileana-armenteros1.jpg"><img decoding="async" loading="lazy" class="alignnone  wp-image-327" alt="Ileana armenteros1" src="http://promociondeeventos.sld.cu/50cnicm/files/2015/09/Ileana-armenteros1-300x227.jpg" width="80" height="62" srcset="https://promociondeeventos.sld.cu/50cnicm/files/2015/09/Ileana-armenteros1-300x227.jpg 300w, https://promociondeeventos.sld.cu/50cnicm/files/2015/09/Ileana-armenteros1.jpg 328w" sizes="(max-width: 80px) 100vw, 80px" /></a></td>
<td><a href="http://promociondeeventos.sld.cu/50cnicm/2015/09/26/ileana-armenteros-vera/">Ileana Armenteros Vera</a></td>
</tr>
<tr>
<td><a href="http://promociondeeventos.sld.cu/50cnicm/files/2015/09/maria-de-carmen1.jpg"><img decoding="async" loading="lazy" class="alignnone  wp-image-332" alt="maria de carmen1" src="http://promociondeeventos.sld.cu/50cnicm/files/2015/09/maria-de-carmen1-300x270.jpg" width="82" height="73" srcset="https://promociondeeventos.sld.cu/50cnicm/files/2015/09/maria-de-carmen1-300x270.jpg 300w, https://promociondeeventos.sld.cu/50cnicm/files/2015/09/maria-de-carmen1.jpg 342w" sizes="(max-width: 82px) 100vw, 82px" /></a></td>
<td><a href="http://promociondeeventos.sld.cu/50cnicm/2015/09/26/maria-del-carmen-gonzalez-rivero/">María del Carmen González Rivero</a></td>
</tr>
<tr>
<td><a href="http://promociondeeventos.sld.cu/50cnicm/files/2015/09/Copia-CACHA-1.jpg"><img decoding="async" loading="lazy" class="alignnone  wp-image-329" alt="Copia CACHA 1" src="http://promociondeeventos.sld.cu/50cnicm/files/2015/09/Copia-CACHA-1.jpg" width="78" height="88" /></a></td>
<td><a href="http://promociondeeventos.sld.cu/50cnicm/2015/09/28/caridad-lopez-jimenez/">Caridad López Jiménez</a></td>
</tr>
<tr>
<td><a href="http://promociondeeventos.sld.cu/50cnicm/files/2015/10/fara1.jpg"><img decoding="async" loading="lazy" class="alignnone  wp-image-336" alt="fara1" src="http://promociondeeventos.sld.cu/50cnicm/files/2015/10/fara1-300x247.jpg" width="77" height="64" srcset="https://promociondeeventos.sld.cu/50cnicm/files/2015/10/fara1-300x247.jpg 300w, https://promociondeeventos.sld.cu/50cnicm/files/2015/10/fara1.jpg 408w" sizes="(max-width: 77px) 100vw, 77px" /></a></td>
<td><a href="http://promociondeeventos.sld.cu/50cnicm/2015/10/02/335/">Fara Martha González Fernández</a></td>
</tr>
<tr>
<td><a href="http://promociondeeventos.sld.cu/50cnicm/files/2015/10/Alina22.jpg"><img decoding="async" loading="lazy" class="alignnone  wp-image-475" alt="Alina22" src="http://promociondeeventos.sld.cu/50cnicm/files/2015/10/Alina22-300x246.jpg" width="77" height="64" srcset="https://promociondeeventos.sld.cu/50cnicm/files/2015/10/Alina22-300x246.jpg 300w, https://promociondeeventos.sld.cu/50cnicm/files/2015/10/Alina22.jpg 457w" sizes="(max-width: 77px) 100vw, 77px" /></a></td>
<td><a href="http://promociondeeventos.sld.cu/50cnicm/2015/10/13/alina-rodriguez-fang/">Alina Rodríguez Fang</a></td>
</tr>
<tr>
<td><a href="http://promociondeeventos.sld.cu/50cnicm/files/2015/09/foto-ana1.jpg"><img decoding="async" loading="lazy" class="alignnone  wp-image-585" alt="foto ana1" src="http://promociondeeventos.sld.cu/50cnicm/files/2015/09/foto-ana1.jpg" width="74" height="86" /></a></td>
<td><a href="http://promociondeeventos.sld.cu/50cnicm/2015/10/13/ana-gloria-diaz-martinez/">Ana Gloria Díaz Martínez</a></td>
</tr>
<tr>
<td><a href="http://promociondeeventos.sld.cu/50cnicm/files/2015/10/Jorge-Sucasas-aniversario-50-jpg.jpg-.jpg"><img decoding="async" loading="lazy" class="alignnone  wp-image-468" alt="Jorge Sucasas aniversario 50 jpg.jpg" src="http://promociondeeventos.sld.cu/50cnicm/files/2015/10/Jorge-Sucasas-aniversario-50-jpg.jpg-.jpg" width="74" height="85" /></a></td>
<td><a href="http://promociondeeventos.sld.cu/50cnicm/2015/10/13/jorge-sucasas-palomino/">Jorge Sucasas Palomino</a></td>
</tr>
<tr>
<td><a href="http://promociondeeventos.sld.cu/50cnicm/files/2015/10/Marta-Trigo-1.jpg"><img decoding="async" loading="lazy" class="alignnone  wp-image-510" alt="Marta Trigo 1" src="http://promociondeeventos.sld.cu/50cnicm/files/2015/10/Marta-Trigo-1.jpg" width="76" height="72" /></a></td>
<td><a href="http://promociondeeventos.sld.cu/50cnicm/2015/10/13/marta-trigo-marabotto/">Marta Trigo Marabotto</a></td>
</tr>
<tr>
<td><a href="http://promociondeeventos.sld.cu/50cnicm/files/2015/10/delmis1.jpg"><img decoding="async" loading="lazy" class="alignnone  wp-image-576" alt="delmis1" src="http://promociondeeventos.sld.cu/50cnicm/files/2015/10/delmis1.jpg" width="78" height="75" /></a></td>
<td><a href="http://promociondeeventos.sld.cu/50cnicm/2015/10/16/delmis-san-juan-olazabal/">Delmis San Juan Olazabal</a></td>
</tr>
<tr>
<td><a href="http://promociondeeventos.sld.cu/50cnicm/files/2015/10/margarita-pobea.jpg"><img decoding="async" loading="lazy" class="alignnone  wp-image-550" alt="margarita pobea" src="http://promociondeeventos.sld.cu/50cnicm/files/2015/10/margarita-pobea-300x268.jpg" width="78" height="70" srcset="https://promociondeeventos.sld.cu/50cnicm/files/2015/10/margarita-pobea-300x268.jpg 300w, https://promociondeeventos.sld.cu/50cnicm/files/2015/10/margarita-pobea.jpg 323w" sizes="(max-width: 78px) 100vw, 78px" /></a></td>
<td><a title="Margarita Pobea" href="http://promociondeeventos.sld.cu/50cnicm/2015/10/20/margarita-pobea/">Margarita Pobea Reyes</a></td>
</tr>
<tr>
<td> <a href="http://promociondeeventos.sld.cu/50cnicm/files/2015/11/ARELIS-ANTES-Y-DESPUES.jpg"><img decoding="async" loading="lazy" class="alignnone  wp-image-710" alt="ARELIS ANTES Y DESPUES" src="http://promociondeeventos.sld.cu/50cnicm/files/2015/11/ARELIS-ANTES-Y-DESPUES.jpg" width="61" height="84" /></a></td>
<td><a href="http://promociondeeventos.sld.cu/50cnicm/arelys-borrell/">Arelys Borrell Saburit</a></td>
</tr>
</tbody>
</table>

<p>Daisy del Valle Molina Luciano Ortelio Sanchez Núñez María de las Mercedes Fernández Valdés Ileana Armenteros Vera María del Carmen González Rivero Caridad López Jiménez Fara Martha González Fernández Alina Rodríguez Fang Ana Gloria Díaz Martínez Jorge Sucasas Palomino Marta Trigo Marabotto Delmis San Juan Olazabal Margarita Pobea Reyes   Arelys Borrell Saburit</p>
