{"id":118,"date":"2015-09-21T20:26:22","date_gmt":"2015-09-21T20:26:22","guid":{"rendered":"http:\/\/promociondeeventos.sld.cu\/50cnicm\/?page_id=118"},"modified":"2017-05-12T13:03:59","modified_gmt":"2017-05-12T13:03:59","slug":"comentarios","status":"publish","type":"page","link":"https:\/\/promociondeeventos.sld.cu\/50cnicm\/comentarios\/","title":{"rendered":"Comentarios"},"content":{"rendered":"<p>Si desea enviar \u00a0sus comentarios sobre el trabajo del Centro Nacional de Informaci\u00f3n de Ciencias M\u00e9dicas y la celebraci\u00f3n de su 50 aniversario, puede hacerlo a trav\u00e9s de la opci\u00f3n de Comentarios de nuestro sitio web.<a href=\"mailto:lourdesr@infomed.sld.cu\"><br \/>\n<\/a><\/p>\n<p>&nbsp;<\/p>\n<p>&nbsp;<\/p>\n<p>&nbsp;<\/p>\n","protected":false},"excerpt":{"rendered":"<p>Si desea enviar \u00a0sus comentarios sobre el trabajo del Centro Nacional de Informaci\u00f3n de Ciencias M\u00e9dicas y la celebraci\u00f3n de su 50 aniversario, puede hacerlo a trav\u00e9s de la opci\u00f3n de Comentarios de nuestro sitio web. &nbsp; &nbsp; &nbsp;<\/p>\n","protected":false},"author":149,"featured_media":0,"parent":0,"menu_order":0,"comment_status":"closed","ping_status":"closed","template":"","meta":[],"_links":{"self":[{"href":"https:\/\/promociondeeventos.sld.cu\/50cnicm\/wp-json\/wp\/v2\/pages\/118"}],"collection":[{"href":"https:\/\/promociondeeventos.sld.cu\/50cnicm\/wp-json\/wp\/v2\/pages"}],"about":[{"href":"https:\/\/promociondeeventos.sld.cu\/50cnicm\/wp-json\/wp\/v2\/types\/page"}],"author":[{"embeddable":true,"href":"https:\/\/promociondeeventos.sld.cu\/50cnicm\/wp-json\/wp\/v2\/users\/149"}],"replies":[{"embeddable":true,"href":"https:\/\/promociondeeventos.sld.cu\/50cnicm\/wp-json\/wp\/v2\/comments?post=118"}],"version-history":[{"count":10,"href":"https:\/\/promociondeeventos.sld.cu\/50cnicm\/wp-json\/wp\/v2\/pages\/118\/revisions"}],"predecessor-version":[{"id":719,"href":"https:\/\/promociondeeventos.sld.cu\/50cnicm\/wp-json\/wp\/v2\/pages\/118\/revisions\/719"}],"wp:attachment":[{"href":"https:\/\/promociondeeventos.sld.cu\/50cnicm\/wp-json\/wp\/v2\/media?parent=118"}],"curies":[{"name":"wp","href":"https:\/\/api.w.org\/{rel}","templated":true}]}}