{"id":100,"date":"2015-09-21T19:46:51","date_gmt":"2015-09-21T19:46:51","guid":{"rendered":"http:\/\/promociondeeventos.sld.cu\/50cnicm\/?page_id=100"},"modified":"2015-09-26T16:19:32","modified_gmt":"2015-09-26T16:19:32","slug":"articulos","status":"publish","type":"page","link":"https:\/\/promociondeeventos.sld.cu\/50cnicm\/articulos\/","title":{"rendered":"Art\u00edculos"},"content":{"rendered":"<p style=\"text-align: justify;\"><a href=\"http:\/\/promociondeeventos.sld.cu\/50cnicm\/2015\/09\/18\/acimed-diez-anos-al-servicio-del-sistema-nacional-de-informacion-de-ciencias-medicas\/\" target=\"_blank\">Acimed: diez a\u00f1os al servicio del Sistema Nacional de Informaci\u00f3n de Ciencias M\u00e9dicas<\/a><\/p>\n<p style=\"text-align: justify;\"><a href=\"http:\/\/scielo.sld.cu\/scielo.php?script=sci_arttext&amp;pid=S1024-94352008000100001&amp;nrm=iso\" target=\"_blank\">Acimed. Una necesidad y una consecuencia<\/a><\/p>\n<p style=\"text-align: justify;\">Hern\u00e1ndez J, Oramas J. <a href=\"http:\/\/scielo.sld.cu\/scielo.php?script=sci_arttext&amp;pid=S1024-94351995000100003&amp;lng=es\" target=\"_blank\">El Sistema Nacional de Informaci\u00f3n del Ministerio de Salud P\u00fablica y su Red de Bibliotecas M\u00e9dicas.<\/a> ACIMED . 1995\u00a0 Abr [citado\u00a0 5 Sep 2012]; 3(1): 15-20.<\/p>\n<p style=\"text-align: justify;\">S\u00e9ror,\u00a0Ann C. <a href=\"http:\/\/www.jmir.org\/2006\/1\/e1\/\" target=\"_blank\">A Case Analysis of INFOMED: The Cuban National Health Care Telecommunications Network and Portal<\/a><\/p>\n<p style=\"text-align: justify;\">Cu\u00e9 M,\u00a0 Rodr\u00edguez JF.\u00a0 <a href=\"http:\/\/scielo.sld.cu\/scielo.php?script=sci_arttext&amp;pid=S1024-94351996000100003&amp;lng=es\" target=\"_blank\">Algunas experiencias en el desarrollo de servicios especiales de informaci\u00f3n en el sector de la salud<\/a>. ACIMED . 1996\u00a0 Abr [citado\u00a0 5 Sep\u00a0 2012]; 4(1): 13-22.<\/p>\n<p style=\"text-align: justify;\">L\u00f3pez, JA. <a href=\"http:\/\/www.sld.cu\/sitios\/aniversario40\/temas.php?idv=2370\" target=\"_blank\">Infomed: Aniversario 40 de Centro Nacional de Informaci\u00f3n de Ciencias M\u00e9dicas.<\/a> La Habana: Infomed; 1999.2012 [actualizado 7 Sep 2012; citado 7 Sep 2012].<\/p>\n<p style=\"text-align: justify;\">L\u00f3pez JA, Marqu\u00e9s, JN.\u00a0 <a href=\"http:\/\/bvs.sld.cu\/revistas\/aci\/vol9_1_01\/aci071001.htm\" target=\"_blank\">Apuntes para la historia del Centro Nacional de Informaci\u00f3n de Ciencias M\u00e9dicas de la Rep\u00fablica de Cuba.<\/a> Acimed.\u00a0 2001 [citado\u00a0 5 Sep\u00a0 2012]; 9(1).<\/p>\n<p style=\"text-align: justify;\">Urra P. <a href=\"http:\/\/bvs.sld.cu\/revistas\/aci\/vol13_3_05\/aci02305.htm\">Programa para el fortalecimiento del Sistema de Informaci\u00f3n Cient\u00edfico-T\u00e9cnica de la Salud en Cuba: una respuesta a los nuevos escenarios.<\/a> ACIMED. 2005 [citado\u00a0 7 Sep 2012]; 13(3).<\/p>\n<p style=\"text-align: justify;\">Urra P, Rodr\u00edguez K, Concepci\u00f3n B\u00e1ez C M, Ca\u00f1edo Andalia R. <a href=\"http:\/\/scielo.sld.cu\/scielo.php?script=sci_arttext&amp;pid=S1024-94352006000100013&amp;lng=es.%20%202007\" target=\"_blank\">Intranet del Centro Nacional de Informaci\u00f3n de Ciencias M\u00e9dicas-Infomed: un espacio de trabajo en red para el Sistema de Informaci\u00f3n en Salud de Cuba<\/a>. ACIMED.\u00a0 2006\u00a0 Feb [citado\u00a0 7 Sep 2012]; 14(1).<\/p>\n<p style=\"text-align: justify;\">Delgado A,\u00a0 Gorry C. <a href=\"http:\/\/www.medicc.org\/mediccreview\/articles\/mr_42.pdf\" target=\"_blank\">Cuba\u2019s National eHealth Strategy.<\/a> MEDICC Rev. 2008 Ene [citado\u00a0 5\u00a0 Sep\u00a0 2012]; 10(1):6-8.<\/p>\n<p style=\"text-align: justify;\">Jardines JB. <a href=\"http:\/\/www.medicc.org\/mediccreview\/index.php?issue=5&amp;id=46&amp;a=vahtml\">The Virtual Health University:\u00a0 An eLearning Model within the Cuban Health System.<\/a> MEDICC Rev .\u00a0 2008\u00a0 Ene [citado 5 Sep 2012]; 10(1): 22-8.<\/p>\n<p style=\"text-align: justify;\">Urra P.<a href=\"http:\/\/www.crics8.org\/agendas\/program\/public\/documents\/P7-01--CRICS8-PedroUrra-211109.pdf\" target=\"_blank\"> Innovaci\u00f3n y participaci\u00f3n en la construcci\u00f3n de sistemas de informaci\u00f3n cient\u00edfica y t\u00e9cnica en salud: Una experiencia cubana.<\/a> CRICS 8: Actas del Congreso;\u00a0 sep 2008, R\u00edo de Janeiro. [citado 7 Sep 2012].<\/p>\n<p style=\"text-align: justify;\">Centro Nacional de Ciencias M\u00e9dicas- Infomed.\u00a0 <a href=\"http:\/\/bvs.sld.cu\/anuario_2009\/completo_anuario2009.pdf\">Anuario Estad\u00edstico 2009<\/a>. Edici\u00f3n Especial.\u00a0 La Habana:\u00a0 ECIMED;\u00a0 2009.\u00a0 [citado 6 Sep 2012].<\/p>\n<p style=\"text-align: justify;\">Urra Gonz\u00e1lez P.\u00a0 <a href=\"http:\/\/scielo.sld.cu\/scielo.php?script=sci_arttext&amp;pid=S1024-94352009000400001&amp;lng=es\">Centro Nacional de Informaci\u00f3n de Ciencias M\u00e9dicas: aniversario\u00a0 44 de su fundaci\u00f3n.<\/a> ACIMED.\u00a0 2009\u00a0 Abr [citado\u00a0 7 Sep 2012]; 19(4).<\/p>\n<p style=\"text-align: justify;\">Centro Nacional de Informaci\u00f3n en Ciencias M\u00e9dicas- \u00a0<a href=\"http:\/\/www.ecured.cu\/index.php\/Centro_Nacional_de_Informaci%C3%B3n_en_Ciencias_M%C3%A9dicas\">Infomed.\u00a0 La Habana<\/a>:\u00a0 Ecured;\u00a0 c 2010-12 [actualizado 7 Sep\u00a0 2012; citado 7 Sep 2012].<\/p>\n<p style=\"text-align: justify;\">Urra P. <a href=\"http:\/\/www.unla.edu.ar\/public\/saludColectivaNuevo\/publicacion19\/pdf\/8.pdf\">Sistemas de informaci\u00f3n en salud: di\u00e1logo con Pedro Urra Gonz\u00e1lez.<\/a> Salud Colectiva . 2011 [citado\u00a0 7 Sep 2012]; 7(1).<\/p>\n<p style=\"text-align: justify;\">\n<h1 style=\"text-align: justify;\"><\/h1>\n<h2 style=\"text-align: justify;\" align=\"left\"><i>\u00a0<\/i><\/h2>\n","protected":false},"excerpt":{"rendered":"<p>Acimed: diez a\u00f1os al servicio del Sistema Nacional de Informaci\u00f3n de Ciencias M\u00e9dicas Acimed. Una necesidad y una consecuencia Hern\u00e1ndez J, Oramas J. El Sistema Nacional de Informaci\u00f3n del Ministerio de Salud P\u00fablica y su Red de Bibliotecas M\u00e9dicas. ACIMED . 1995\u00a0 Abr [citado\u00a0 5 Sep 2012]; 3(1): 15-20. S\u00e9ror,\u00a0Ann C. A Case Analysis of [&hellip;]<\/p>\n","protected":false},"author":149,"featured_media":0,"parent":0,"menu_order":0,"comment_status":"closed","ping_status":"closed","template":"","meta":[],"_links":{"self":[{"href":"https:\/\/promociondeeventos.sld.cu\/50cnicm\/wp-json\/wp\/v2\/pages\/100"}],"collection":[{"href":"https:\/\/promociondeeventos.sld.cu\/50cnicm\/wp-json\/wp\/v2\/pages"}],"about":[{"href":"https:\/\/promociondeeventos.sld.cu\/50cnicm\/wp-json\/wp\/v2\/types\/page"}],"author":[{"embeddable":true,"href":"https:\/\/promociondeeventos.sld.cu\/50cnicm\/wp-json\/wp\/v2\/users\/149"}],"replies":[{"embeddable":true,"href":"https:\/\/promociondeeventos.sld.cu\/50cnicm\/wp-json\/wp\/v2\/comments?post=100"}],"version-history":[{"count":11,"href":"https:\/\/promociondeeventos.sld.cu\/50cnicm\/wp-json\/wp\/v2\/pages\/100\/revisions"}],"predecessor-version":[{"id":230,"href":"https:\/\/promociondeeventos.sld.cu\/50cnicm\/wp-json\/wp\/v2\/pages\/100\/revisions\/230"}],"wp:attachment":[{"href":"https:\/\/promociondeeventos.sld.cu\/50cnicm\/wp-json\/wp\/v2\/media?parent=100"}],"curies":[{"name":"wp","href":"https:\/\/api.w.org\/{rel}","templated":true}]}}