{"id":24,"date":"2022-10-27T23:00:12","date_gmt":"2022-10-27T23:00:12","guid":{"rendered":"http:\/\/promociondeeventos.sld.cu\/30aniversarioinfomed\/?page_id=24"},"modified":"2022-12-22T04:14:00","modified_gmt":"2022-12-22T04:14:00","slug":"que-es-infomed","status":"publish","type":"page","link":"https:\/\/promociondeeventos.sld.cu\/30aniversarioinfomed\/que-es-infomed\/","title":{"rendered":"Qu\u00e9 es Infomed ?"},"content":{"rendered":"<p style=\"text-align: justify;\" title=\"Infomed\"><strong><code><\/code>Infomed <\/strong>es el nombre que identifica a la red de personas e instituciones que trabajan y colaboran para facilitar el acceso a la informaci\u00f3n y el conocimiento, necesarios para mejorar la salud de los cubanos y de los pueblos del mundo. Surgi\u00f3 en el a\u00f1o 1992, como un proyecto del \u00abCentro Nacional de Informaci\u00f3n de Ciencias M\u00e9dicas\u00bb, en aras de dar respuesta a la necesidad de facilitar el intercambio de informaci\u00f3n entre los profesionales, acad\u00e9micos, investigadores, estudiantes y directivos del Sistema Nacional de Salud cubano; convirti\u00e9ndose este en su principal objetivo.<\/p>\n<p>&nbsp;<\/p>\n","protected":false},"excerpt":{"rendered":"<p>Infomed es el nombre que identifica a la red de personas e instituciones que trabajan y colaboran para facilitar el acceso a la informaci\u00f3n y el conocimiento, necesarios para mejorar la salud de los cubanos y de los pueblos del mundo. Surgi\u00f3 en el a\u00f1o 1992, como un proyecto del \u00abCentro Nacional de Informaci\u00f3n de [&hellip;]<\/p>\n","protected":false},"author":4,"featured_media":0,"parent":0,"menu_order":0,"comment_status":"closed","ping_status":"open","template":"","meta":[],"_links":{"self":[{"href":"https:\/\/promociondeeventos.sld.cu\/30aniversarioinfomed\/wp-json\/wp\/v2\/pages\/24"}],"collection":[{"href":"https:\/\/promociondeeventos.sld.cu\/30aniversarioinfomed\/wp-json\/wp\/v2\/pages"}],"about":[{"href":"https:\/\/promociondeeventos.sld.cu\/30aniversarioinfomed\/wp-json\/wp\/v2\/types\/page"}],"author":[{"embeddable":true,"href":"https:\/\/promociondeeventos.sld.cu\/30aniversarioinfomed\/wp-json\/wp\/v2\/users\/4"}],"replies":[{"embeddable":true,"href":"https:\/\/promociondeeventos.sld.cu\/30aniversarioinfomed\/wp-json\/wp\/v2\/comments?post=24"}],"version-history":[{"count":16,"href":"https:\/\/promociondeeventos.sld.cu\/30aniversarioinfomed\/wp-json\/wp\/v2\/pages\/24\/revisions"}],"predecessor-version":[{"id":556,"href":"https:\/\/promociondeeventos.sld.cu\/30aniversarioinfomed\/wp-json\/wp\/v2\/pages\/24\/revisions\/556"}],"wp:attachment":[{"href":"https:\/\/promociondeeventos.sld.cu\/30aniversarioinfomed\/wp-json\/wp\/v2\/media?parent=24"}],"curies":[{"name":"wp","href":"https:\/\/api.w.org\/{rel}","templated":true}]}}